NOAA-Style Climate Reports: Lisbon, NH


Report for 2021 October
                  MONTHLY CLIMATOLOGICAL SUMMARY FOR 10/2021
                                        HEAT  COOL        
     MEAN                               DEG   DEG       WIND SPEED       DOM MEAN  MEAN
DAY  TEMP  HIGH   TIME     LOW   TIME   DAYS  DAYS RAIN AVG  HI  TIME    DIR BAROM HUM
---------------------------------------------------------------------------------------
1    49.5  59.9    15:20  43.3     2:32   16    0  0.00   1  10    11:37  SW 30.12   91
2    52.3  55.1    17:11  49.1     0:00   13    0  0.13   0   6     2:44  NE 30.01  100
3    57.0  60.5    15:32  54.8     4:12    8    0  0.21   0   5    12:49  NE 29.95  100
4    56.7  59.2    14:58  54.5    23:46    8    0  0.01   0   5    10:39 ENE 30.06   97
5    57.0  62.7    17:04  52.6     2:22    8    0  0.05   0   6     0:26  SW 30.22   94
6    60.2  71.3    13:38  51.0    23:52    6    1  0.00   1   8    14:05 ENE 30.31   90
7    54.9  70.9    14:28  47.3     6:59   11    1  0.00   1   6    12:33 ENE 30.24   93
8    57.3  73.9    14:39  48.5     6:17    9    1  0.00   1   7     9:35  NE 30.16   90
9    56.3  66.3    13:45  48.0     6:51    9    0  0.00   1  17    14:03  SW 30.28   84
10   53.2  63.9    15:03  46.8     6:20   12    0  0.00   0  10    13:21  SW 30.24   90
11   57.0  69.9    14:42  48.0     7:25    9    1  0.00   0   7     9:34 SSW 30.12   92
12   58.0  71.1    16:19  51.1     6:36    8    1  0.00   0   7    13:17  NE 30.06   92
13   59.3  76.3    14:36  51.1     3:18    7    2  0.01   1  10    13:28 SSW 29.94   88
14   62.4  71.3    13:02  56.0     2:53    4    1  0.04   0   6    12:34  NE 29.88   96
15   65.0  71.8    16:13  60.5     6:42    2    2  0.00   0   7    12:41 SSW 29.83   92
16   66.1  76.5    13:30  58.1    23:44    1    2  1.34   1  28    12:51  SW 29.62   93
17   53.1  58.4     0:16  49.2    23:11   12    0  0.14   0   8    10:04 ENE 29.63   89
18   47.3  49.8    12:10  44.1    23:26   18    0  0.09   0   6     3:14  SW 29.72   94
19   45.5  50.8    13:24  41.1    21:28   20    0  0.01   1  11    13:52  SW 29.78   86
20   49.1  66.1    14:15  36.0     7:31   16    0  0.00   1  10    12:58 ENE 29.86   85
21   50.9  58.6    16:27  42.6     6:14   14    0  0.10   0   5    10:39 ENE 29.87   99
22   52.4  62.0    12:35  43.8    23:57   13    0  0.15   0   8    21:08  NE 29.76   93
23   40.9  50.5    14:32  32.4     6:58   24    0  0.00   1  10     0:02 ENE 29.94   82
24   40.2  53.1    14:33  31.8     7:00   25    0  0.00   1  12    12:30 SSW 30.08   81
25   41.7  45.4    23:32  35.8     0:00   23    0  0.36   0   6     3:46  NE 30.06   99
26   49.6  54.4    14:27  44.3     2:39   15    0  0.01   1  14    15:20  NE 29.75   94
27   50.7  56.7    13:10  38.6    23:56   14    0  0.00   1  16    13:15  NE 29.77   69
28   40.8  55.1    14:32  32.5     8:02   24    0  0.00   1   8    14:37   E 29.96   86
29   38.5  55.9    14:49  29.4     4:48   27    0  0.00   1   8    11:29 SSW 29.96   87
30   44.1  52.8    14:48  31.2     1:52   21    0  0.24   1   8     5:45  NE 29.80  100
31   53.3  57.2    13:53  50.7     4:47   12    0  0.99   1  14    13:31  SW 29.43  100
---------------------------------------------------------------------------------------
TOT  52.3  76.5 10/16/21  29.4 10/29/21  406   11  3.88   1  28 10/16/21  NE 29.95   91

HEAT BASE: 65.0
COOL BASE: 65.0