NOAA-Style Climate Reports: Lisbon, NH


Report for 2021 September
                  MONTHLY CLIMATOLOGICAL SUMMARY FOR 9/2021
                                        HEAT  COOL        
     MEAN                               DEG   DEG       WIND SPEED       DOM MEAN  MEAN
DAY  TEMP  HIGH   TIME     LOW   TIME   DAYS  DAYS RAIN AVG  HI  TIME    DIR BAROM HUM
---------------------------------------------------------------------------------------
1    61.9  70.4    14:34  54.2     5:28    4    1  0.00   1   8    12:52 ENE 29.80   88
2    62.4  70.8    14:12  55.7     7:09    4    1  0.01   1  12    10:00 ENE 29.78   81
3    61.3  68.1    17:07  56.7    23:20    4    1  0.00   0  12    10:28 ENE 29.93   85
4    62.6  74.4    14:13  52.3    23:52    5    3  0.00   1  16    10:12  SW 29.90   79
5    60.4  71.6    15:29  50.4     2:52    6    1  0.01   0  14    14:33 ENE 29.78   90
6    64.4  76.8    13:20  54.8    23:16    2    2  0.39   1  14    13:32  SW 29.68   94
7    60.6  73.3    13:01  53.1     4:27    6    2  0.01   0  12    13:19 SSW 29.85   88
8    66.2  80.9    14:55  50.8     6:40    5    6  0.78   1  21    15:46  SW 29.76   83
9    66.9  70.4    14:19  64.5    23:50    0    2  0.07   0   3     1:09  SW 29.72   97
10   60.7  65.0     9:01  49.5    23:48    4    0  0.00   1  11    12:28 ENE 29.78   91
11   57.2  71.5    12:50  46.0     7:14    9    1  0.00   0  11    12:53 SSW 30.02   88
12   62.3  75.3    13:53  51.1     4:43    5    3  0.01   1  17    10:37  SW 29.89   90
13   61.9  73.5    12:26  52.0    23:54    5    2  0.01   0  11    12:09 ENE 29.95   82
14   61.7  73.5    14:04  48.9     6:21    6    2  0.00   0  12    23:49  SW 30.00   82
15   70.0  82.4    13:37  64.3    23:55    0    5  0.46   1  21    10:57  SW 29.85   89
16   63.9  74.2    13:59  57.5     7:15    3    2  0.00   1  11    11:03  NE 30.19   87
17   64.5  74.9    13:06  55.7     2:27    3    3  0.00   1   8    11:17  NE 30.24   91
18   68.3  80.5    13:37  53.9    23:55    1    4  0.23   1  12    16:55  NE 30.02   90
19   57.6  70.9    14:22  48.6    23:41    9    1  0.00   1  10    11:54 ENE 30.14   83
20   57.4  73.5    13:51  45.4     7:34    9    2  0.00   1  12    16:32 ENE 30.30   85
21   61.1  73.9    13:51  50.7     2:38    6    2  0.00   1  17    11:31  NE 30.29   80
22   65.4  77.4    15:07  53.8     3:24    4    4  0.01   1  14    12:00 ENE 30.08   91
23   73.4  80.5    13:42  67.4     7:08    0    8  0.00   2  17    16:58 SSW 29.97   78
24   67.8  73.0    13:15  56.5    23:25    2    4  0.59   1  14     1:01  SW 29.92   95
25   58.9  72.1    13:52  51.7     6:53    7    1  0.00   1   7    13:28 ENE 29.97   91
26   57.0  67.4    13:58  48.6    23:40    8    0  0.01   0   7    13:47 ENE 29.78   86
27   54.4  62.3    15:11  43.3     6:20   11    0  0.01   0   7    12:00  SW 29.79   95
28   57.9  63.9    13:49  46.0    23:56    7    0  0.00   1  10    13:41  NE 29.79   88
29   48.2  55.6    15:50  41.2     6:02   17    0  0.01   1  11    12:31 ENE 29.95   92
30   49.9  56.0    11:53  43.8    22:00   15    0  0.02   1  11    11:19 ENE 30.04   92
---------------------------------------------------------------------------------------
TOT  61.5  82.4  9/15/21  41.2  9/29/21  167   64  2.63   1  21   9/8/21 ENE 29.94   88

HEAT BASE: 65.0
COOL BASE: 65.0