NOAA-Style Climate Reports: Lisbon, NH


Report for 2021 August
                  MONTHLY CLIMATOLOGICAL SUMMARY FOR 8/2021
                                        HEAT  COOL        
     MEAN                               DEG   DEG       WIND SPEED       DOM MEAN  MEAN
DAY  TEMP  HIGH   TIME     LOW   TIME   DAYS  DAYS RAIN AVG  HI  TIME    DIR BAROM HUM
---------------------------------------------------------------------------------------
1    59.2  64.7    16:52  52.2     0:00    6    0  0.65   0   5     9:19  NE 29.87   94
2    63.4  72.7    14:46  53.1    23:54    3    2  0.15   1  14    12:51 ENE 29.85   88
3    63.2  77.0    14:04  49.5     5:41    6    4  0.00   1  14    13:42  SW 30.03   80
4    65.8  80.3    13:27  52.8     5:53    4    5  0.00   0   6    12:30  NE 30.10   82
5    67.6  77.4    14:14  59.8     5:45    2    4  0.00   1  10    14:47 ENE 30.06   84
6    69.1  84.1    14:19  58.0     5:48    2    6  0.00   1   8    15:30 ENE 30.05   84
7    70.3  85.3    13:26  58.0     4:58    2    7  0.73   1  24    19:30  SW 29.96   86
8    72.9  83.6    15:05  66.4     6:35    0    8  0.00   1  12    21:10 ENE 30.02   88
9    74.6  84.0    12:14  66.6    23:54    0   10  0.00   1  11    13:47 SSW 30.11   82
10   73.4  83.6    14:14  62.6     5:41    0    9  0.00   1  13    17:40  SW 30.05   84
11   77.8  86.7    15:17  71.6    23:59    0   13  0.19   1  24    23:43  SW 29.87   89
12   77.8  89.9    13:41  68.4     5:19    0   13  0.01   1  14    15:22  SW 29.84   87
13   78.4  90.7    13:42  70.3     5:02    0   13  0.00   0  12    14:41 SSW 29.92   83
14   72.2  79.4    10:42  58.9    23:55    1    8  0.06   0   8    16:12 ENE 29.97   85
15   62.6  73.9    14:01  52.8     6:00    5    3  0.01   1  12    10:58 ENE 30.17   80
16   61.7  76.7    13:56  48.6     6:25    6    3  0.00   1  11    13:03 ENE 30.19   80
17   65.0  77.4    15:49  51.9     6:10    4    4  0.00   0   7     9:14 SSW 30.15   90
18   72.8  80.9    13:02  68.9     4:17    0    8  0.04   1  13    13:26  SW 30.11   95
19   71.1  73.7    15:46  69.6     5:55    0    6  0.37   0   7    12:54  NE 29.94  100
20   75.8  87.6    14:40  68.6     6:14    0   11  0.05   0   7    14:02  NE 29.82   89
21   76.2  88.8    12:22  68.4     6:57    0   11  0.00   1  17    15:37 ENE 29.89   86
22   73.5  84.3    11:29  67.1     7:18    0    9  0.00   1  16    17:07 ENE 29.88   87
23   75.2  84.7    14:26  68.1     2:14    0   10  0.00   1  12    10:13 SSW 29.81   84
24   75.2  86.3    13:27  65.8    23:55    0   10  0.00   0   7    10:17 SSW 29.83   85
25   73.1  88.2    14:27  62.1     5:52    1    9  0.00   1   8    12:09 SSW 30.02   85
26   77.7  92.3    14:27  66.6     6:03    0   13  0.00   0  10    14:49 SSW 30.00   83
27   71.6  82.0    14:19  61.6    23:53    0    7  0.00   1  12    10:12  NE 30.08   75
28   61.6  69.3    11:20  58.0     6:16    4    0  0.01   0  10    15:43  SW 30.27   86
29   63.4  69.3    14:49  59.0     2:16    2    1  0.01   0   8    13:53  SW 30.12   93
30   70.9  80.9    14:26  65.5     0:05    0    6  0.13   0  13    13:51  SW 29.76   95
31   69.0  79.6    13:48  59.9    23:57    1    5  0.00   1  12    13:31 SSW 29.68   86
---------------------------------------------------------------------------------------
TOT  70.4  92.3  8/26/21  48.6  8/16/21   49  216  2.41   1  21  8/11/21 ENE 29.98   86

HEAT BASE: 65.0
COOL BASE: 65.0