NOAA-Style Climate Reports: Lisbon, NH


Report for 2021 June
                  MONTHLY CLIMATOLOGICAL SUMMARY FOR 6/2021
                                        HEAT  COOL        
     MEAN                               DEG   DEG       WIND SPEED       DOM MEAN  MEAN
DAY  TEMP  HIGH   TIME     LOW   TIME   DAYS  DAYS RAIN AVG  HI  TIME    DIR BAROM HUM
---------------------------------------------------------------------------------------
1    54.9  70.5    16:11  44.5     1:43   10    1  0.01   0  11    15:28 SSW 30.13   82
2    61.4  79.0    13:58  42.7     5:16    7    5  0.00   1  12    13:00 SSW 30.12   69
3    65.8  74.0    13:16  58.3     3:00    2    3  0.18   0  16    13:11  SW 29.92   87
4    69.8  79.2    16:22  62.7    23:57    0    5  0.08   1  10    15:28 SSW 29.78   82
5    71.2  86.5    14:48  56.6     5:39    2    8  0.02   1  16    13:18  SW 29.75   82
6    77.3  91.8    14:28  65.3     5:00    0   12  0.06   1  13    12:20  SW 29.87   73
7    77.9  91.0    13:31  62.1     5:24    0   13  0.00   1  12    15:25  SW 29.92   70
8    75.5  84.9    14:38  65.6     5:03    0   10  0.03   0  11    10:07  SW 29.92   84
9    73.2  85.5    13:35  56.3    23:54    1    9  0.34   1  14    16:24  NE 29.92   75
10   61.9  74.2    14:07  49.8     5:55    6    3  0.00   1  16     9:37  NE 30.03   63
11   57.3  63.1    14:58  52.0    22:18    8    0  0.00   0   7    13:12  SW 29.97   76
12   63.0  77.0    13:00  47.9     4:33    6    4  0.00   1   8    14:29  NE 29.82   67
13   65.4  82.2    13:34  46.0     5:19    6    6  0.00   1   8    13:18 ENE 29.81   63
14   61.4  71.1    12:38  52.2     5:13    4    1  0.01   1  14    12:53  SW 29.78   86
15   65.3  77.9    12:42  57.8    23:57    2    2  0.11   0  10     9:53 SSW 29.67   87
16   59.0  67.6    14:28  47.3    23:51    6    0  0.00   1  12     7:39 ENE 29.76   72
17   59.2  74.2    13:55  41.6     4:48    9    3  0.00   1  12     9:58 SSW 29.86   65
18   63.2  78.6    13:25  41.9     5:21    7    5  0.01   1  14    12:10 SSW 29.85   68
19   70.3  82.0    16:21  60.9     4:05    1    7  0.23   1  18    13:59  SW 29.61   75
20   70.5  83.8    14:12  55.3     5:21    2    8  0.00   0  10     9:23 SSW 29.68   72
21   74.0  90.3    15:14  58.6     4:24    2   11  0.56   2  24    12:52  SW 29.57   78
22   65.2  70.1     2:38  56.2    23:51    2    2  0.13   1   8    16:13 ENE 29.64   90
23   58.6  68.8    13:01  45.8     5:15    7    1  0.00   1  11    12:54 SSW 30.05   69
24   62.5  77.0    14:09  43.5     4:58    7    4  0.00   2  16    11:04 SSW 30.30   65
25   65.0  76.1    13:28  48.3     5:26    4    4  0.00   1  17    15:52  SW 30.22   76
26   71.3  78.3    18:49  58.9     5:30    1    7  0.00   1  18    14:51   W 30.08   82
27   80.2  88.2    14:07  69.1     6:34    0   15  0.00   2  18    17:13   W 29.97   72
28   79.5  91.2    12:55  71.5     5:11    0   14  0.20   1  14    15:14  SW 30.01   85
29   79.5  91.2    12:55  69.8     4:30    0   15  0.00   0  10    10:28 SSW 30.04   81
30   76.5  88.0    13:02  71.1     3:44    0   12  0.02   1  14    12:23  SW 29.84   88
---------------------------------------------------------------------------------------
TOT  67.9  91.8   6/6/21  41.6  6/17/21  101  189  1.99   1  24  6/21/21  SW 29.90   76

HEAT BASE: 65.0
COOL BASE: 65.0