NOAA-Style Climate Reports: Lisbon, NH


Report for 2021 May
                  MONTHLY CLIMATOLOGICAL SUMMARY FOR 5/2021
                                        HEAT  COOL        
     MEAN                               DEG   DEG       WIND SPEED       DOM MEAN  MEAN
DAY  TEMP  HIGH   TIME     LOW   TIME   DAYS  DAYS RAIN AVG  HI  TIME    DIR BAROM HUM
---------------------------------------------------------------------------------------
1    40.6  50.4    17:40  35.3    10:00   23    0  0.02   2  17    12:39  NW 29.70   72
2    50.5  62.7    15:22  38.4     0:00   13    0  0.00   2  14    14:08 SSW 29.64   65
3    45.8  49.5    17:10  42.3    23:58   18    0  0.01   1  12     8:19 ENE 29.86   75
4    48.1  56.0    16:49  39.1     4:58   15    0  0.00   1  14    22:19 ENE 29.78   79
5    49.2  55.1    13:48  44.6     6:20   14    0  0.42   1  11     0:59  SW 29.68   93
6    47.1  55.0    15:37  35.4    23:58   16    0  0.00   2  19    17:39  NW 29.82   70
7    47.2  62.0    15:05  28.3     5:24   16    0  0.00   1  12    13:03 ENE 29.91   57
8    48.7  58.7    14:01  38.6     5:40   15    0  0.00   1  17    13:12 ENE 29.80   59
9    48.6  61.1    15:26  32.8     5:40   15    0  0.00   1  13    14:09 SSW 29.85   65
10   52.7  64.1    13:45  42.6     6:20   11    0  0.00   1  14    11:49 ENE 29.79   61
11   47.1  54.8    16:59  41.1     5:57   16    0  0.13   1  14    14:16 SSW 29.87   75
12   47.9  57.7    16:42  40.3     5:40   16    0  0.02   1  17    14:51 ENE 30.02   72
13   51.5  67.1    14:49  32.3     5:37   13    1  0.00   2  22    13:07 ENE 30.11   58
14   55.0  72.2    15:01  34.1     5:35   11    2  0.00   1  14    12:27 NNW 30.09   56
15   59.0  75.9    14:22  37.8     5:27    8    4  0.00   1  12    13:19   S 30.11   51
16   55.9  76.0    13:40  38.4     5:40    8    2  0.00   1  11    10:50 ENE 30.21   67
17   57.7  76.1    13:30  38.4     5:40    9    3  0.00   1  11    10:50  SW 30.19   64
18   61.3  75.2    14:21  46.2     4:02    6    4  0.00   1  17    16:29 SSW 30.15   63
19   64.1  80.3    14:11  47.0     2:48    5    6  0.00   1  16    11:43 ENE 30.23   59
20   67.6  85.7    14:27  47.3     5:31    5    9  0.00   1  12    15:28 SSW 30.35   60
21   72.4  88.2    16:16  58.1     5:18    1   10  0.00   1  11    10:43 SSW 30.31   63
22   69.9  84.6    13:29  60.5     5:41    0    7  0.01   0  11    14:21 SSW 30.03   81
23   62.5  75.0    10:49  43.9    23:59    3    2  0.04   1  22    14:24  NE 29.88   82
24   53.4  67.8    16:10  35.5     5:29   11    1  0.00   1  13    11:53 SSW 30.17   65
25   62.2  78.8    17:21  40.7     5:16    7    6  0.00   2  18    15:29  SW 30.01   73
26   70.5  87.5    14:23  60.0     5:29    0    7  0.11   1  19    12:21  SW 29.78   81
27   57.8  65.9     0:00  43.5    23:20    6    0  0.00   1  17    16:59 ENE 29.88   72
28   45.8  55.0    15:14  37.4     5:20   17    0  0.00   1  10    13:49 ENE 30.09   59
29   49.7  59.7    17:34  41.4     5:26   14    0  0.00   1  11    14:31 ENE 30.10   68
30   47.1  54.2    12:25  40.8     4:56   16    0  0.21   0   7    13:50 ENE 30.25   88
31   49.6  55.2    16:25  46.1     1:29   14    0  0.22   1  12    16:09 ENE 30.13   97
---------------------------------------------------------------------------------------
TOT  54.5  88.2  5/21/21  28.3   5/7/21  343   64  1.20   1  22  5/13/21 ENE 29.99   69

HEAT BASE: 65.0
COOL BASE: 65.0