NOAA-Style Climate Reports: Lisbon, NH


Report for 2021 April
                  MONTHLY CLIMATOLOGICAL SUMMARY FOR 4/2021
                                        HEAT  COOL        
     MEAN                               DEG   DEG       WIND SPEED       DOM MEAN  MEAN
DAY  TEMP  HIGH   TIME     LOW   TIME   DAYS  DAYS RAIN AVG  HI  TIME    DIR BAROM HUM
---------------------------------------------------------------------------------------
1    33.3  45.8     0:00  24.3    23:55   30    0  0.24   0  21     1:05 ENE 29.83   93
2    22.8  25.7    12:41  19.1     7:05   41    0  0.00   0   7    16:02 WNW 30.10   73
3    27.7  43.1    16:48  12.5     6:48   36    0  0.00   0  13    15:43 ENE 30.21   62
4    35.7  54.2    13:41  18.0     6:26   28    0  0.00   1  19    14:33 ENE 30.04   60
5    41.6  51.7    14:05  28.3     6:06   22    0  0.00   2  21    14:16 ENE 29.87   53
6    46.1  55.5    13:48  36.7     6:17   17    0  0.00   2  17    13:29 ENE 29.91   65
7    50.8  63.5    17:12  41.3    23:55   13    0  0.00   1  19    14:30 ENE 29.98   73
8    53.0  71.0    16:58  32.3     6:35   12    1  0.00   1  17    12:51   E 30.03   66
9    54.8  73.2    14:40  36.3     6:13   11    2  0.00   1  26    13:36  SW 30.03   68
10   54.8  75.2    16:57  37.4     6:34   11    2  0.00   0  19    14:39  SW 29.84   73
11   52.5  70.0    14:05  38.3     6:31   12    1  0.00   1  18    17:07  SW 29.66   74
12   47.7  61.2    12:22  33.2     6:23   16    0  0.00   2  20    12:44 ENE 29.81   75
13   49.1  64.0    16:30  30.6     6:29   14    0  0.00   1  12    10:23 ENE 29.98   72
14   55.9  69.3    14:33  41.6     6:26    8    1  0.00   1  24    23:11  SW 29.90   63
15   47.0  53.5    12:32  37.7    23:34   16    0  0.11   2  20     9:39  SW 29.75   69
16   34.8  37.7     0:00  32.0     7:41   29    0  0.34   0   0     0:00   N 29.66   99
17   37.8  42.8    17:11  32.9     3:36   26    0  0.01   1  14    16:27 ENE 29.72   90
18   41.5  52.4    16:50  34.7     0:26   22    0  0.00   0  10    13:29   S 29.74   81
19   42.6  58.7    14:32  28.0     6:10   21    0  0.01   0  16    14:57  SW 29.78   84
20   41.6  53.0    16:47  30.3     3:43   22    0  0.00   0  11    13:12  SW 29.81   82
21   34.7  40.7    14:17  27.6    23:31   29    0  0.44   0   8    10:27 ENE 29.70   96
22   27.7  31.4    16:32  23.3     5:43   36    0  0.05   0  11    12:42 NNW 29.60   87
23   40.4  53.8    17:15  27.3     4:00   23    0  0.00   1  20    13:25  SW 29.70   65
24   49.0  68.3    13:58  27.5     5:47   15    1  0.00   1  25    13:40  SW 29.79   59
25   47.0  59.0    12:35  36.4     2:16   16    0  0.03   1  14    16:10  SW 29.69   76
26   35.6  44.9     0:00  27.0    23:57   28    0  0.00   2  20     7:34 ENE 29.90   68
27   42.5  61.7    16:46  22.1     5:35   21    0  0.00   1  14    12:15 ENE 29.94   51
28   49.0  65.3    13:54  36.8     1:01   15    0  0.44   1  11    18:07  NE 29.83   79
29   51.9  55.8    15:05  48.9     2:00   11    0  0.37   0   3     0:34 ENE 29.65   99
30   48.3  52.6     8:54  38.0    23:32   15    0  0.78   1  12    20:58  SW 29.24   98
---------------------------------------------------------------------------------------
TOT  43.2  75.2  4/10/21  12.5   4/3/21  615    9  2.82   1  24   4/9/21 ENE 29.82   75

HEAT BASE: 65.0
COOL BASE: 65.0