NOAA-Style Climate Reports: Lisbon, NH


Report for 2021 February
                  MONTHLY CLIMATOLOGICAL SUMMARY FOR 2/2021
                                        HEAT  COOL        
     MEAN                               DEG   DEG       WIND SPEED       DOM MEAN  MEAN
DAY  TEMP  HIGH   TIME     LOW   TIME   DAYS  DAYS RAIN AVG  HI  TIME    DIR BAROM HUM
---------------------------------------------------------------------------------------
1    -1.5  -1.5     0:00  -1.5     0:00   65    0  0.00   0   0     0:00   N 30.12    0
2    -1.5  -1.5     0:00  -1.5     0:00   65    0  0.00   0   0     0:00   N 29.55    0
3    -1.5  -1.5     0:00  -1.5     0:00   65    0  0.00   0   0     0:00   N 29.40    0
4    -1.5  -1.5     0:00  -1.5     0:00   65    0  0.00   0   0     0:00   N 29.68    0
5    -1.5  -1.5     0:00  -1.5     0:00   65    0  0.00   0   0     0:00   N 29.62    0
6    -1.5  -1.5     0:00  -1.5     0:00   65    0  0.00   0   0     0:00   N 29.80    0
7    -1.5  -1.5     0:00  -1.5     0:00   65    0  0.00   0   0     0:00   N 29.95    0
8    -1.5  -1.5     0:00  -1.5     0:00   65    0  0.00   0   0     0:00   N 30.21    0
9    -1.5  -1.5     0:00  -1.5     0:00   65    0  0.00   0   0     0:00   N 30.22    0
10   -1.5  -1.5     0:00  -1.5     0:00   65    0  0.00   0   0     0:00   N 30.19    0
11   -1.5  -1.5     0:00  -1.5     0:00   65    0  0.00   0   0     0:00   N 30.19    0
12   -1.5  -1.5     0:00  -1.5     0:00   65    0  0.00   0   0     0:00   N 30.28    0
13   -1.5  -1.5     0:00  -1.5     0:00   65    0  0.00   0   0     0:00   N 30.31    0
14   -1.5  -1.5     0:00  -1.5     0:00   65    0  0.00   0   0     0:00   N 30.18    0
15   -1.5  -1.5     0:00  -1.5     0:00   65    0  0.00   0   0     0:00   N 30.18    0
16   -1.5  -1.5     0:00  -1.5     0:00   63    0  0.00   0   0     0:00   N 29.63    0
17   -1.5  -1.5     0:00  -1.5     0:00   65    0  0.00   0   0     0:00   N 30.20    0
18   -1.5  -1.5     0:00  -1.5     0:00   65    0  0.00   0   0     0:00   N 30.38    0
19   -1.5  -1.5     0:00  -1.5     0:00   65    0  0.00   0   0     0:00   N 30.11    0
20   -1.5  -1.5     0:00  -1.5     0:00   65    0  0.00   0   0     0:00   N 29.97    0
21   -1.5  -1.5     0:00  -1.5     0:00   65    0  0.00   0   0     0:00   N 30.33    0
22   -1.5  -1.5     0:00  -1.5     0:00   65    0  0.00   0   0     0:00   N 29.92    0
23   -1.5  -1.5     0:00  -1.5     0:00   65    0  0.00   0   0     0:00   N 29.49    0
24   -1.5  -1.5     0:00  -1.5     0:00   65    0  0.00   0   0     0:00   N 29.69    0
25   -1.5  -1.5     0:00  -1.5     0:00   65    0  0.00   0   0     0:00   N 29.87    0
26   -1.5  -1.5     0:00  -1.5     0:00   65    0  0.00   0   0     0:00   N 30.33    0
27   -1.5  -1.5     0:00  -1.5     0:00   65    0  0.00   0   0     0:00   N 30.09    0
28   -1.5  -1.5     0:00  -1.5     0:00   65    0  0.00   0   0     0:00   N 30.12    0
---------------------------------------------------------------------------------------
TOT  -1.5  -1.5   2/1/21  -1.5   2/1/21 1817    0  0.00   0   0   2/1/21   N 30.00    0

HEAT BASE: 65.0
COOL BASE: 65.0