NOAA-Style Climate Reports: Lisbon, NH


Report for 2021 January
                  MONTHLY CLIMATOLOGICAL SUMMARY FOR 1/2021
                                        HEAT  COOL        
     MEAN                               DEG   DEG       WIND SPEED       DOM MEAN  MEAN
DAY  TEMP  HIGH   TIME     LOW   TIME   DAYS  DAYS RAIN AVG  HI  TIME    DIR BAROM HUM
---------------------------------------------------------------------------------------
1    -1.5  -1.5     0:00  -1.5     0:00   65    0  0.00   0   0     0:00   N 30.35    0
2    -1.5  -1.5     0:00  -1.5     0:00   65    0  0.00   0   0     0:00   N 29.85    0
3    -1.5  -1.5     0:00  -1.5     0:00   65    0  0.00   0   0     0:00   N 30.05    0
4    -1.5  -1.5     0:00  -1.5     0:00   65    0  0.00   0   0     0:00   N 29.94    0
5    -1.5  -1.5     0:00  -1.5     0:00   65    0  0.00   0   0     0:00   N 29.88    0
6    -1.5  -1.5     0:00  -1.5     0:00   65    0  0.00   0   0     0:00   N 29.95    0
7    -1.5  -1.5     0:00  -1.5     0:00   65    0  0.00   0   0     0:00   N 30.07    0
8    -1.5  -1.5     0:00  -1.5     0:00   65    0  0.00   0   0     0:00   N 29.97    0
9    -1.5  -1.5     0:00  -1.5     0:00   65    0  0.00   0   0     0:00   N 29.89    0
10   -1.5  -1.5     0:00  -1.5     0:00   65    0  0.00   0   0     0:00   N 30.15    0
11   -1.5  -1.5     0:00  -1.5     0:00   65    0  0.00   0   0     0:00   N 30.19    0
12   -1.5  -1.5     0:00  -1.5     0:00   65    0  0.00   0   0     0:00   N 30.01    0
13   -1.5  -1.5     0:00  -1.5     0:00   65    0  0.00   0   0     0:00   N 29.88    0
14   -1.5  -1.5     0:00  -1.5     0:00   65    0  0.00   0   0     0:00   N 29.79    0
15   -1.5  -1.5     0:00  -1.5     0:00   65    0  0.00   0   0     0:00   N 29.96    0
16   -1.5  -1.5     0:00  -1.5     0:00   60    0  0.00   0   0     0:00   N 29.42    0
17   -1.5  -1.5     0:00  -1.5     0:00   65    0  0.00   0   0     0:00   N 29.27    0
18   -1.5  -1.5     0:00  -1.5     0:00   65    0  0.00   0   0     0:00   N 29.58    0
19   -1.5  -1.5     0:00  -1.5     0:00   65    0  0.00   0   0     0:00   N 29.89    0
20   -1.5  -1.5     0:00  -1.5     0:00   65    0  0.00   0   0     0:00   N 29.83    0
21   -1.5  -1.5     0:00  -1.5     0:00   65    0  0.00   0   0     0:00   N 29.65    0
22   -1.5  -1.5     0:00  -1.5     0:00   65    0  0.00   0   0     0:00   N 29.56    0
23   -1.5  -1.5     0:00  -1.5     0:00   65    0  0.00   0   0     0:00   N 29.89    0
24   -1.5  -1.5     0:00  -1.5     0:00   65    0  0.00   0   0     0:00   N 29.99    0
25   -1.5  -1.5     0:00  -1.5     0:00   65    0  0.00   0   0     0:00   N 30.04    0
26   -1.5  -1.5     0:00  -1.5     0:00   65    0  0.00   0   0     0:00   N 29.98    0
27   -1.5  -1.5     0:00  -1.5     0:00   65    0  0.00   0   0     0:00   N 29.94    0
28   -1.5  -1.5     0:00  -1.5     0:00   65    0  0.00   0   0     0:00   N 29.99    0
29   -1.5  -1.5     0:00  -1.5     0:00   65    0  0.00   0   0     0:00   N 30.02    0
30   -1.5  -1.5     0:00  -1.5     0:00   21    0  0.00   0   0     0:00   N 30.30    0
31   -1.5  -1.5     0:00  -1.5     0:00   64    0  0.00   0   0     0:00   N 30.26    0
---------------------------------------------------------------------------------------
TOT  -1.5  -1.5   1/1/21  -1.5   1/1/21 1966    0  0.00   0   0   1/1/21   N 29.92    0

HEAT BASE: 65.0
COOL BASE: 65.0