NOAA-Style Climate Reports: Lisbon, NH


Report for 2020 December
                  MONTHLY CLIMATOLOGICAL SUMMARY FOR 12/2020
                                        HEAT  COOL        
     MEAN                               DEG   DEG       WIND SPEED       DOM MEAN  MEAN
DAY  TEMP  HIGH   TIME     LOW   TIME   DAYS  DAYS RAIN AVG  HI  TIME    DIR BAROM HUM
---------------------------------------------------------------------------------------
1    55.5  63.7    13:32  41.9    23:50    8    0  0.04   0   0     0:00   N 29.41   73
2    34.6  41.5     0:00  30.9    22:17   28    0  0.01   0   0     0:00   N 29.74   72
3    32.1  43.9    14:10  21.7     7:25   31    0  0.00   0   0     0:00   N 29.98   76
4    36.3  44.0    13:17  26.0     0:00   27    0  0.00   0   0     0:00   N 29.89   79
5    34.4  37.8    10:00  27.9    23:58   29    0  0.23   0   0     0:00   N 29.71   98
6    24.9  27.9     0:00  23.5     7:02   39    0  0.00   0   0     0:00   N 29.63   84
7    23.5  24.8     0:00  22.1    23:55   40    0  0.00   0   0     0:00   N 29.74   81
8    22.7  25.5    12:44  20.6    23:43   41    0  0.00   0   0     0:00   N 29.74   81
9    24.2  28.8    13:56  19.9     5:25   38    0  0.01   0   0     0:00   N 29.70   88
10   30.6  34.4    12:36  26.9     0:00   33    0  0.02   0   0     0:00   N 29.94   89
11   31.6  41.4    14:03  26.6     7:41   32    0  0.00   0   0     0:00   N 30.09   89
12   31.9  36.5    13:58  26.9     5:20   32    0  0.03   0   0     0:00   N 30.09   98
13   37.0  44.6    14:13  29.5    22:50   26    0  0.03   0   0     0:00   N 29.85   99
14   30.7  33.1    12:42  28.5    20:59   33    0  0.01   0   0     0:00   N 29.86   90
15   19.0  30.0     0:04   8.2    23:46   45    0  0.00   0   0     0:00   N 30.17   55
16    9.2  14.1    23:54   2.2     7:39   54    0  0.00   0   0     0:00   N 30.46   65
17   15.0  18.8    14:14   9.2    20:08   49    0  0.43   0   0     0:00   N 30.13   87
18    7.4  20.9    14:20  -2.5     8:20   56    0  0.00   0   0     0:00   N 30.30   85
19    6.6  21.4    14:07  -7.8     7:17   57    0  0.00   0   0     0:00   N 30.37   84
20   19.2  26.0    14:27  10.2     6:22   44    0  0.02   0   0     0:00   N 30.09   90
21   28.7  34.4    13:45  24.8     0:08   35    0  0.00   0   0     0:00   N 29.77   97
22   30.2  34.4    14:25  27.8     8:51   33    0  0.01   0   0     0:00   N 29.69   96
23   24.0  29.2    14:15  16.5     7:59   39    0  0.02   0   0     0:00   N 30.26   73
24   43.3  54.4    23:44  21.4     0:00   20    0  0.01   0   1     2:04   N 30.05   80
25   46.4  57.2     9:14  43.1    23:59   16    0  0.95   0   0     0:00   N 26.26   80
26   30.0  43.1     0:00  26.0    17:05   33    0  0.01   0   0     0:00   N 29.61   71
27   25.8  30.3    14:20  20.4    23:28   38    0  0.01   0   0     0:00   N 30.13   81
28   31.6  38.4    14:13  19.8     2:47   32    0  0.00   0   0     0:00   N 30.04   84
29   20.8  35.1     0:00   7.8    23:53   43    0  0.00   0   0     0:00   N 30.26   67
30   17.5  32.2    17:57   6.1     3:36   46    0  0.00   0   0     0:00   N 30.23   74
31   20.7  31.3     0:00  31.3     0:00   42    0  0.00   0   0     0:00   N 29.99   46
---------------------------------------------------------------------------------------
TOT  27.2  63.7  12/1/20  -7.8 12/19/20 1119    0  1.84   0   0  12/1/20   N 29.85   81

HEAT BASE: 65.0
COOL BASE: 65.0