NOAA-Style Climate Reports: Lisbon, NH


Report for 2020 November
                  MONTHLY CLIMATOLOGICAL SUMMARY FOR 11/2020
                                        HEAT  COOL        
     MEAN                               DEG   DEG       WIND SPEED       DOM MEAN  MEAN
DAY  TEMP  HIGH   TIME     LOW   TIME   DAYS  DAYS RAIN AVG  HI  TIME    DIR BAROM HUM
---------------------------------------------------------------------------------------
1    39.4  47.0    11:10  20.1     0:43   24    0  0.07   0   0     0:00   N 29.89   81
2    30.5  38.4     0:00  26.7    19:39   33    0  0.03   0   0     0:00   N 29.53   81
3    27.7  31.4    13:33  23.2    20:48   36    0  0.02   0   0     0:00   N 29.92   83
4    33.6  46.1    15:00  24.6     0:00   30    0  0.00   0   0     0:00   N 30.35   75
5    42.3  66.8    14:13  25.5     6:43   21    0  0.00   0   0     0:00   N 30.24   81
6    49.8  68.8    13:56  37.6     3:46   14    1  0.00   0   0     0:00   N 30.09   79
7    47.6  70.1    13:39  34.1     7:08   17    1  0.00   0   0     0:00   N 30.14   86
8    46.1  70.6    13:19  33.4     6:39   18    1  0.00   0   0     0:00   N 30.29   87
9    44.2  68.3    13:58  31.4     7:23   20    0  0.00   0   0     0:00   N 30.27   88
10   47.0  72.0    13:39  31.7     6:43   17    1  0.00   0   0     0:00   N 30.06   88
11   52.3  62.8    20:10  37.0     5:36   11    0  0.01   0   0     0:00   N 29.87   97
12   44.9  61.9     0:00  28.3    23:59   19    0  0.00   0   0     0:00   N 30.01   79
13   31.2  37.3    18:59  24.5     6:28   32    0  0.00   0   0     0:00   N 30.00   98
14   35.1  41.7    12:22  25.4    23:52   28    0  0.01   0   0     0:00   N 30.05   80
15   32.3  44.6    22:25  19.9     6:07   31    0  0.48   0   0     0:00   N 30.00   84
16   40.0  47.3    11:00  36.1    23:59   23    0  0.02   0   0     0:00   N 29.69   80
17   31.8  36.7    13:16  26.3    23:16   32    0  0.01   0   0     0:00   N 29.87   83
18   21.7  26.7     0:00  18.8    22:12   42    0  0.00   0   0     0:00   N 30.36   63
19   25.5  35.8    16:05  14.9     1:54   38    0  0.00   0   0     0:00   N 30.35   69
20   39.2  51.0    14:03  26.9     0:00   24    0  0.00   0   0     0:00   N 30.11   72
21   35.8  47.4    10:56  28.0     3:04   28    0  0.00   0   6    20:59 ENE 30.29   78
22   31.3  40.1    23:55  20.1     7:02   32    0  0.00   0   0     0:00   N 30.43   73
23
24   25.6  31.6     0:00  16.6    23:00   38    0  0.01   0   0     0:00   N 30.26   74
25   26.4  33.4    14:45  16.8     0:00   37    0  0.02   0   0     0:00   N 30.30   88
26   35.1  39.3    15:00  31.6     1:45   28    0  0.16   0   0     0:00   N 30.02  100
27   42.9  48.7    13:13  36.4     0:33   21    0  0.07   0   0     0:00   N 29.97  100
28   41.9  45.9    13:48  36.7    19:58   22    0  0.07   0   0     0:00   N 29.88  100
29   36.0  45.8    13:54  27.6    23:50   27    0  0.00   0   0     0:00   N 30.02   95
30   37.4  57.8    23:33  25.5     3:54   26    0  0.29   0   0     0:00   N 29.80   99
---------------------------------------------------------------------------------------
TOT  37.1  72.0 11/10/20  14.9 11/19/20  769    4  1.64   0   6 11/21/20 ENE 30.06   84

HEAT BASE: 65.0
COOL BASE: 65.0