NOAA-Style Climate Reports: Lisbon, NH


Report for 2020 October
                  MONTHLY CLIMATOLOGICAL SUMMARY FOR 10/2020
                                        HEAT  COOL        
     MEAN                               DEG   DEG       WIND SPEED       DOM MEAN  MEAN
DAY  TEMP  HIGH   TIME     LOW   TIME   DAYS  DAYS RAIN AVG  HI  TIME    DIR BAROM HUM
---------------------------------------------------------------------------------------
1    54.3  69.3    14:48  42.8     7:06   10    1  0.00   1  25    12:06  SW 29.78   79
2    46.8  53.0    16:38  42.0     2:18   17    0  0.22   0   5     7:35  SW 29.93  100
3    47.3  55.8    13:17  40.6     4:07   16    0  0.03   0   2    14:50   E 30.12   95
4    46.9  55.2    16:31  38.0    23:20   17    0  0.00   0   7    15:15  SW 30.21   90
5    48.3  64.8    14:10  36.1     2:50   15    0  0.00   0  11    16:20  SW 30.11   86
6    54.3  65.3    15:28  41.6     7:06    9    0  0.00   1  35    16:20 WSW 29.97   80
7    53.3  60.1    10:02  47.3    23:27   10    0  0.35   0  17    16:17  SW 29.52   91
8    44.8  50.8    13:07  37.6    23:59   19    0  0.00   1  14    13:22 NNW 29.81   73
9    40.4  55.5    14:51  25.2     6:54   23    0  0.01   0  14    15:47  SW 30.07   71
10   57.1  73.9    14:17  39.6     4:22    9    3  0.87   2  40    16:54 WSW 29.73   77
11   45.0  55.2     0:00  30.6    23:53   19    0  0.00   1  25     3:53 ENE 30.14   69
12   40.7  56.3    14:34  27.6     5:21   23    0  0.00   2  16    18:43  SW 30.28   74
13   43.3  47.9    23:01  37.6     0:00   20    0  0.78   0  14     0:54 ENE 30.00   96
14   51.3  62.8    13:35  37.8    23:37   12    0  0.02   0  19    12:13  SW 29.84   86
15   54.4  72.4    14:27  36.7     1:26   11    2  0.00   0  14    14:12 WSW 29.88   71
16   51.1  58.0     1:17  45.3    23:53   12    0  0.65   0   3    13:24 ENE 30.01   96
17   39.7  49.5    16:00  30.0    23:44   17    0  0.84   0   1     0:03 ENE 30.21   90
18   40.6  57.2    13:55  27.3     7:23   23    0  0.01   0   0     0:00   N 30.43   79
19   49.2  60.1    12:39  36.7     7:19   14    0  0.06   0   0     0:00   N 30.28   86
20   52.3  56.9    15:53  48.1     4:40   11    0  0.04   0   0     0:00   N 30.19   98
21   54.9  64.5    15:31  48.9     6:59    9    0  0.02   0   0     0:00   N 30.17   92
22   54.0  62.5    15:04  45.0     7:27    9    0  0.01   0   0     0:00   N 30.21   87
23   40.3  62.4    12:17  51.3     5:15   23    0  0.00   0   0     0:00   N 22.11   69
24   52.8  60.5     4:10  42.0    23:41   11    0  0.01   0   0     0:00   N 29.90   81
25   38.4  45.2    13:37  28.8    22:42   25    0  0.25   0   0     0:00   N 30.25   65
26   37.7  43.9    16:42  29.4     0:00   26    0  0.11   0   0     0:00   N 30.20   92
27   39.8  44.3    12:58  32.0    22:23   24    0  0.01   0   0     0:00   N 30.14   82
28   37.1  44.5    15:03  32.5     0:00   26    0  0.01   0   0     0:00   N 30.00   91
29   37.8  41.7    15:49  34.5     6:46   26    0  0.23   0   0     0:00   N 29.85  100
30   32.0  37.7    14:21  22.1    23:54   32    0  0.00   0   0     0:00   N 29.97   77
31   26.1  41.0    14:33  16.3     7:23   37    0  0.00   0   0     0:00   N 30.41   74
---------------------------------------------------------------------------------------
TOT  45.6  73.9 10/10/20  16.3 10/31/20  555    6  4.53   0  40 10/10/20  SW 29.79   84

HEAT BASE: 65.0
COOL BASE: 65.0