NOAA-Style Climate Reports: Lisbon, NH


Report for 2020 September
                  MONTHLY CLIMATOLOGICAL SUMMARY FOR 9/2020
                                        HEAT  COOL        
     MEAN                               DEG   DEG       WIND SPEED       DOM MEAN  MEAN
DAY  TEMP  HIGH   TIME     LOW   TIME   DAYS  DAYS RAIN AVG  HI  TIME    DIR BAROM HUM
---------------------------------------------------------------------------------------
1    60.9  73.6    14:18  45.9     6:23    6    3  0.00   1  19    22:20  SW 30.11   79
2    64.0  69.3    22:26  56.0     6:26    2    2  0.00   0  14    13:28  SW 29.87   86
3    67.7  78.1    12:28  56.1    23:56    1    5  0.05   0  12    14:10  SW 29.72   85
4    62.2  75.3    12:11  51.7    23:57    4    3  0.00   1  25    13:08  SW 29.78   75
5    58.0  71.5    14:22  45.0     6:40    7    2  0.00   1  20    14:37  SW 30.05   75
6    56.5  72.0    12:49  43.7     6:47    9    2  0.00   0   8    12:13  SW 30.13   76
7    62.4  78.1    14:59  44.2     3:05    6    5  0.00   2  51    11:55 WSW 30.01   74
8    68.1  82.6    14:01  53.9     6:34    2    7  0.00   0  17     9:23  SW 30.07   82
9    71.4  87.1    13:50  59.5     6:45    1    9  0.00   1  28    15:18  SW 30.19   78
10   70.7  85.0    13:57  58.6     6:34    1    8  0.00   2  29    18:27  SW 30.14   79
11   55.6  63.3    14:17  42.6    23:59    8    0  0.00   1  18    14:24 ENE 30.22   75
12   52.5  69.1    14:23  38.4     3:43   12    1  0.00   1  14    16:31  SW 30.30   78
13   59.0  70.5    13:43  43.0     6:32    7    2  0.00   1  35    13:19 WSW 30.03   80
14   57.7  65.1    11:39  39.7    23:57    6    0  0.00   1  24    18:17   E 30.06   72
15   46.2  59.8    14:46  33.2     6:17   17    0  0.00   1   8    11:27 ENE 30.27   79
16   56.3  73.9    15:19  37.3     6:35   10    3  0.00   1  20    16:29  SW 30.04   67
17   54.3  59.8    17:38  46.5     5:18    9    0  0.00   0  12    11:27 ENE 29.98   87
18   51.4  62.8    12:41  35.0    23:55   12    0  0.00   2  32    14:14 ENE 30.05   66
19   41.1  56.3    13:27  27.5     6:24   22    0  0.00   1  17    13:41 ENE 30.31   69
20   41.0  58.6    13:33  26.1     6:39   23    0  0.00   0  19    16:12   E 30.52   70
21   42.3  61.9    14:12  26.6     6:47   21    0  0.00   0   6    16:23  SW 30.53   70
22   44.2  63.2    14:16  27.3     6:53   19    0  0.00   1  14    13:17 ENE 30.09   75
23   53.4  72.2    13:45  35.1     6:45   12    2  0.00   0  12    13:48  SW 29.75   80
24   60.1  76.8    14:29  45.3     6:43    7    3  0.00   0  18    15:33  SW 29.86   79
25   60.3  75.9    15:48  48.0     5:29    6    3  0.00   1  11    13:48  SW 30.02   83
26   62.6  79.4    14:41  47.6     6:54    5    4  0.00   1  16    15:24  SW 30.00   76
27   69.0  75.3    14:21  60.3     0:30    0    6  0.00   1  34    16:26 WSW 29.89   77
28   71.6  79.7    15:02  65.4     4:30    0    8  0.00   2  22    12:31 WSW 29.82   72
29   70.4  79.9    13:15  61.2     2:38    0    7  1.03   2  20    15:45 WSW 29.77   78
30   60.5  71.3     5:08  47.0    23:58    5    2  0.63   1  25     6:47  SW 29.50   91
---------------------------------------------------------------------------------------
TOT  58.4  87.1   9/9/20  26.1  9/20/20  240   87  1.71   1  45   9/7/20  SW 30.04   77

HEAT BASE: 65.0
COOL BASE: 65.0