NOAA-Style Climate Reports: Lisbon, NH


Report for 2020 August
                  MONTHLY CLIMATOLOGICAL SUMMARY FOR 8/2020
                                        HEAT  COOL        
     MEAN                               DEG   DEG       WIND SPEED       DOM MEAN  MEAN
DAY  TEMP  HIGH   TIME     LOW   TIME   DAYS  DAYS RAIN AVG  HI  TIME    DIR BAROM HUM
---------------------------------------------------------------------------------------
1    68.7  83.2    14:36  56.5     6:01    2    7  0.00   0  12    13:58   E 29.89   81
2    69.3  78.1    13:06  58.6     4:22    1    7  0.00   1  19    20:35  SW 29.87   85
3    73.8  81.9    12:05  60.8    23:55    0   10  0.00   1  25     8:44  SW 29.84   77
4    65.2  70.6    20:12  58.9     3:34    1    3  0.28   1  39    23:20 ENE 29.87   98
5    70.6  80.3    13:03  55.4    23:58    0    8  0.00   2  32     0:34 WSW 29.87   77
6    62.5  75.3    14:17  49.2     6:06    5    4  0.00   0  18    12:17  SW 30.06   77
7    68.0  82.8    14:40  49.9     6:06    5   14  0.03   0  17    11:52  SW 30.09   79
8    66.6  80.9    14:18  49.9     6:06    5   10  0.02   0  12    12:25  SW 30.11   79
9    68.7  82.8    14:40  49.9     6:06    5   17  0.13   0  17    11:52  SW 30.07   80
10   72.4  83.2    14:11  65.3     2:14    0    9  0.18   0  12    13:59  SW 29.92   89
11   75.8  89.2    13:25  64.8     3:46    0   12  0.00   0  25    16:32  SW 29.84   81
12   75.2  83.6    13:36  60.6    23:55    0   12  0.00   0  17    12:58 ENE 29.94   75
13   69.0  85.0    13:16  56.6     5:49    2    8  0.00   0  12    14:15 ENE 30.07   77
14   68.6  83.0    14:52  56.5     5:46    2    7  0.00   1  12    11:39   E 30.04   73
15   64.4  80.9    12:55  51.7     6:03    3    4  0.01   0  28    14:03  SW 30.04   82
16   64.9  80.1    12:49  54.1     6:37    3    4  0.00   1  22    12:22  SW 30.00   82
17   64.1  78.8    14:18  52.7     5:18    3    4  0.07   1  26    15:04  SW 29.84   86
18   64.7  75.0    14:52  55.8    23:51    2    3  0.09   1  21     9:43 ENE 29.76   86
19   59.7  70.8    14:52  51.1    23:49    5    2  0.00   1  27     7:29  SW 29.89   86
20   58.5  71.0    14:22  47.4     5:09    7    2  0.00   0  12    14:32  SW 29.98   81
21   64.8  77.5    13:16  53.2     0:43    3    4  0.01   0  14    11:19  SW 29.84   86
22   65.9  76.2    16:08  57.5    23:35    1    4  0.28   0  17    16:11 ENE 29.88   90
23   65.3  81.1    16:34  54.7     4:35    3    5  0.00   0  12    15:49   E 29.98   89
24   70.1  82.8    14:59  64.0     4:12    0    7  0.02   0  14     8:40  SW 29.91   92
25   68.9  79.0    12:35  60.3    23:58    0    6  0.00   1  26    11:12  SW 29.69   82
26   57.9  65.1    14:46  47.3    23:52    6    0  0.00   1  21    13:08   E 29.83   62
27   53.5  66.4    15:56  41.6     6:04   10    0  0.00   0  12     0:24 WSW 29.73   85
28   60.9  73.1    14:07  50.7     1:15    5    3  0.00   0  26    12:53 ENE 29.75   75
29   58.5  64.6    18:25  52.0     0:17    5    0  0.37   0  10    13:06   E 29.54   99
30   58.3  64.8     0:28  51.6    23:58    5    0  0.02   0  13    12:54  SW 29.60   85
31   56.7  70.1    14:54  45.2     6:14    8    1  0.00   0  11    15:17 ENE 30.03   84
---------------------------------------------------------------------------------------
TOT  65.6  89.2  8/11/20  41.6  8/27/20  100  175  1.48   1  39   8/4/20  SW 29.89   83

HEAT BASE: 65.0
COOL BASE: 65.0