NOAA-Style Climate Reports: Lisbon, NH


Report for 2020 July
                  MONTHLY CLIMATOLOGICAL SUMMARY FOR 7/2020
                                        HEAT  COOL        
     MEAN                               DEG   DEG       WIND SPEED       DOM MEAN  MEAN
DAY  TEMP  HIGH   TIME     LOW   TIME   DAYS  DAYS RAIN AVG  HI  TIME    DIR BAROM HUM
---------------------------------------------------------------------------------------
1    68.1  73.6    19:03  63.2     0:06    0    5  0.12   0  16    13:24  SW 29.82   95
2    72.6  87.8    14:54  64.0     0:00    0    9  0.02   1  13    14:00  SW 29.73   88
3    72.7  85.0    13:29  65.3    23:53    0    9  0.35   1  19    16:04 ENE 29.80   84
4    70.9  82.8    14:46  58.4    23:56    0    8  0.00   0  13     8:25  SW 29.86   78
5    69.6  82.8    13:32  58.0     0:33    2    8  0.00   0  14    14:53  SW 29.87   74
6    69.0  82.5    12:48  57.5    23:58    1    7  0.00   1  14     9:53 ENE 30.00   71
7    69.3  81.4    14:40  53.6     4:40    3    9  0.00   1  19    11:20  NE 30.02   75
8    73.3  83.4    14:43  65.9    23:32    0   10  0.03   1  22    17:39  SW 29.88   84
9    73.4  87.8    14:10  63.5     3:40    0   10  0.00   1  14    11:50  SW 29.92   84
10   76.9  89.0    12:05  64.8     5:45    0   13  0.00   1  29    16:37  SW 29.91   76
11   77.3  84.2    14:47  70.3     5:29    0   14  0.01   2  48    14:43  SW 29.59   79
12   74.5  82.3    13:30  64.9    23:52    0   11  0.04   1  21    13:30  SW 29.52   81
13   69.5  83.8    13:34  61.6     6:12    0    6  0.52   1  24    17:48  SW 29.72   87
14   66.0  73.1    14:55  60.1     7:12    0    3  1.49   1  20    13:58 ENE 29.91   93
15   67.1  77.9    14:26  57.8     4:05    2    5  0.00   0  21    14:28 ENE 30.13   83
16   67.3  76.6    12:50  57.7     5:28    1    5  0.00   2  35    18:07  SW 30.21   79
17   63.4  70.3    18:23  59.5     7:18    1    1  0.11   1  26     0:17  SW 30.03   93
18   73.0  86.7    14:10  62.2     0:00    0   10  0.01   1  21     8:48  SW 29.95   82
19   76.2  89.5    16:15  63.2     5:38    0   13  0.00   2  32    13:11  SW 29.78   79
20   77.3  87.1    13:59  64.9    23:58    0   14  0.00   1  35     9:06 WSW 29.71   75
21   70.0  79.6    14:41  58.9     5:50    1    7  0.00   0  11    13:42 ENE 29.93   78
22   66.8  76.4    12:07  59.4     1:10    1    4  0.01   1  20    13:33  SW 30.00   86
23   69.4  79.0    16:48  64.5     2:50    0    6  0.47   0  14    17:00 ENE 29.93   96
24   70.1  82.5    14:18  60.3    23:53    1    7  0.00   1  26    11:06 ENE 30.03   81
25   68.6  83.6    13:51  57.4     6:13    2    7  0.12   0  12    13:22  SW 30.01   79
26   71.4  83.8    13:57  57.8     5:12    1    9  0.00   0  14    10:17  SW 29.83   82
27   77.2  87.5    13:31  69.6     3:13    0   14  0.09   0  21    12:17 WSW 29.64   86
28   74.9  84.0    14:51  63.7    23:59    0   11  0.02   0  24    14:51  SW 29.66   86
29   71.2  84.2    13:07  58.4     5:36    1    9  0.00   1  21    13:51 WSW 29.80   76
30   69.6  83.2    13:24  59.8     5:39    0    7  0.22   0  27    13:50  SW 29.77   85
31   68.6  80.7    13:17  60.3     5:59    1    6  0.00   0  12    16:05  SW 29.80   83
---------------------------------------------------------------------------------------
TOT  71.1  89.5  7/19/20  53.6   7/7/20   19  255  3.63   1  45  7/11/20  SW 29.86   82

HEAT BASE: 65.0
COOL BASE: 65.0