NOAA-Style Climate Reports: Lisbon, NH


Report for 2020 June
                  MONTHLY CLIMATOLOGICAL SUMMARY FOR 6/2020
                                        HEAT  COOL        
     MEAN                               DEG   DEG       WIND SPEED       DOM MEAN  MEAN
DAY  TEMP  HIGH   TIME     LOW   TIME   DAYS  DAYS RAIN AVG  HI  TIME    DIR BAROM HUM
---------------------------------------------------------------------------------------
1    46.4  57.4    14:26  33.8     0:16   17    0  0.01   1  20    12:32  SW 30.08   73
2    49.4  61.4    15:30  37.8     6:48   14    0  0.02   0  10    14:46  SW 29.91   83
3    56.0  63.3    14:21  50.7     1:54    7    0  0.00   0  10    15:53 ENE 29.57   93
4    63.7  78.6    15:37  49.2     1:52    5    5  0.00   0  13    11:36  SW 29.71   80
5    70.3  86.1    15:34  54.8     5:03    2    9  0.02   1  20    12:40  SW 29.75   74
6    66.5  77.1    16:55  54.2    23:16    1    4  0.35   1  31    11:26 ENE 29.67   83
7    56.6  64.3    17:17  44.7    23:59    7    0  0.00   2  36    10:14 ENE 29.84   74
8    55.8  69.3    14:28  38.4     5:41    9    2  0.00   1  31    10:04 ENE 29.92   69
9    56.5  64.8    16:43  50.5    23:55    7    0  0.00   0  13     8:38 WSW 29.91   85
10   61.1  72.5    12:53  46.5     4:16    5    3  0.00   3  42    15:19  SW 29.98   74
11   68.0  79.4    17:29  56.5    23:58    1    5  0.08   1  19    13:25  SW 29.87   81
12   62.9  78.1    13:09  47.6     5:15    5    5  0.00   1  22    19:03  SW 29.96   67
13   50.3  55.1     9:21  39.6    23:58   13    0  0.00   0   8    11:11 ENE 30.17   74
14   52.7  65.4    13:55  34.8     5:01   11    0  0.00   1  11    15:37 ENE 30.38   74
15   60.1  70.8    16:49  48.7    23:54    6    2  0.00   1  12    10:43 ENE 30.38   66
16   61.5  78.1    13:26  41.0     5:17    7    5  0.00   1  10    14:12 ENE 30.33   66
17   66.3  84.4    13:40  46.1     5:15    5    8  0.00   0  21    15:03  SW 30.19   63
18   70.0  88.0    13:26  50.4     5:21    3   10  0.00   1  17    14:28  SW 30.07   63
19   72.8  88.0    14:14  55.1     5:03    2   11  0.00   0  14     7:26  SW 29.98   70
20   76.2  90.6    13:34  63.3     4:30    0   13  0.00   1  11    14:20 ENE 29.93   71
21   75.0  91.7    13:58  60.8     5:25    0   12  0.00   1  19    13:44   E 29.90   75
22   75.1  89.0    13:14  63.5     6:02    0   12  0.28   0  17    10:25  SW 29.86   79
23   76.8  88.6    13:19  65.4     5:29    0   13  0.00   1  13    13:40 ESE 29.69   78
24   71.2  79.7    15:00  57.8    23:55    0    8  0.10   0  17    13:28 WSW 29.60   82
25   65.3  77.3    12:36  51.1     5:57    4    6  0.00   1  34    15:40 WSW 29.84   69
26   67.0  81.3    14:19  51.4     5:12    3    7  0.00   0  18    17:07  SW 29.84   67
27   66.1  77.1    17:13  52.0     4:46    3    5  0.00   1  27    15:16  SW 29.72   75
28   67.4  82.6    12:40  54.4     5:16    2    6  0.69   0  14     9:23  SW 29.67   86
29   65.4  69.4    12:16  62.7     4:00    0    2  0.50   0  11    13:29 ENE 29.80   99
30   66.5  79.4    14:24  62.7     0:53    0    3  1.12   1  14    15:53 ENE 29.87   94
---------------------------------------------------------------------------------------
TOT  64.0  91.7  6/21/20  33.8   6/1/20  141  154  3.17   1  41  6/10/20  SW 29.91   76

HEAT BASE: 65.0
COOL BASE: 65.0