NOAA-Style Climate Reports: Lisbon, NH


Report for 2020 May
                  MONTHLY CLIMATOLOGICAL SUMMARY FOR 5/2020
                                        HEAT  COOL        
     MEAN                               DEG   DEG       WIND SPEED       DOM MEAN  MEAN
DAY  TEMP  HIGH   TIME     LOW   TIME   DAYS  DAYS RAIN AVG  HI  TIME    DIR BAROM HUM
---------------------------------------------------------------------------------------
1    53.0  60.3    15:45  46.2    23:53   10    0  0.40   2  44     1:26 WSW 29.71   88
2    51.4  64.1    17:25  35.5     6:17   12    0  0.00   2  24    13:34 ENE 29.82   58
3    57.1  73.6    15:56  43.9     3:17    9    3  0.00   2  35    18:19  SW 29.62   61
4    47.2  56.0     9:17  40.6     5:32   16    0  0.00   2  26    10:28 ENE 29.63   70
5    39.6  45.2    16:49  29.5    23:55   24    0  0.00   2  27    14:46 ENE 29.84   69
6    42.9  57.2    14:09  25.1     5:14   21    0  0.00   1  21    13:30 ENE 29.84   63
7    49.6  60.1    15:26  35.0     6:02   14    0  0.00   3  34    13:57 ENE 29.63   44
8    42.6  51.7    14:20  31.7     5:54   21    0  0.17   3  38     9:41  SW 29.65   63
9    32.0  36.5    15:03  29.2    17:29   32    0  0.30   2  28    15:15  SW 29.60   83
10   39.1  50.7    16:47  30.0     2:52   24    0  0.03   2  21    14:09  SW 29.82   64
11   43.0  58.1    12:59  32.2     5:40   20    0  0.45   1  27    14:46  SW 29.76   84
12   39.0  45.9    16:58  30.1    23:57   25    0  0.02   3  32    13:45  NW 29.87   62
13   40.3  52.7    14:50  25.5     5:40   23    0  0.00   4  42    10:29 WSW 30.12   52
14   48.1  65.3    17:16  25.8     5:29   15    0  0.00   3  35    16:59  SW 30.13   50
15   56.3  71.2    13:30  47.3     4:48    8    1  0.64   2  36    13:48 ENE 29.81   75
16   52.4  57.8    15:35  45.6    23:59   11    0  0.01   1  17    16:52 ENE 30.00   85
17   53.4  67.8    17:55  39.0     5:00   11    1  0.00   1  18    17:45 ENE 30.20   73
18   58.1  72.5    15:08  44.7    23:53    7    2  0.00   1  32    13:16 ENE 30.14   58
19   55.0  70.8    14:27  34.7     5:33   10    2  0.00   2  31    11:41 ENE 30.27   53
20   56.4  73.8    17:22  36.4     5:31   10    3  0.00   1  21     9:43  SW 30.36   57
21   59.9  80.3    16:57  38.3     5:39    9    5  0.00   3  27    14:38  SW 30.21   52
22   61.8  83.8    14:22  37.7     5:31    8    6  0.00   1  24    15:25  SW 30.00   54
23   62.3  82.5    14:04  44.3     5:33    6    5  0.00   3  41    19:10  SW 30.01   54
24   57.7  71.2    13:50  39.1     5:37    8    2  0.00   4  30    13:23  SW 30.20   48
25   58.8  71.7    13:40  40.1     5:20    7    2  0.00   4  42    13:51 WSW 30.15   73
26   70.8  85.9    17:11  53.9     5:28    2    9  0.00   1  19     1:06  SW 30.09   70
27   75.0  92.5    15:10  57.7     5:32    1   13  0.00   1  26    15:41  SW 30.06   70
28   72.7  83.0    13:27  61.1     5:10    0    9  0.00   3  34    13:35 WSW 30.01   76
29   75.8  85.2    15:38  65.3    23:40    0   12  0.31   3  33    10:52 WSW 29.80   77
30   63.7  68.9     9:37  56.0    22:32    1    1  0.11   1  29     9:49 WSW 29.74   80
31   47.9  56.0     0:00  34.3    23:58   16    0  0.01   1  13     9:38 ENE 30.00   71
---------------------------------------------------------------------------------------
TOT  53.6  92.5  5/27/20  25.1   5/6/20  381   76  2.45   2  43   5/1/20  SW 29.94   66

HEAT BASE: 65.0
COOL BASE: 65.0