NOAA-Style Climate Reports: Lisbon, NH


Report for 2020 April
                  MONTHLY CLIMATOLOGICAL SUMMARY FOR 4/2020
                                        HEAT  COOL        
     MEAN                               DEG   DEG       WIND SPEED       DOM MEAN  MEAN
DAY  TEMP  HIGH   TIME     LOW   TIME   DAYS  DAYS RAIN AVG  HI  TIME    DIR BAROM HUM
---------------------------------------------------------------------------------------
1    35.2  46.5    13:40  21.4     6:49   28    0  0.00   2  17    16:30 ENE 29.83   74
2    34.6  37.4    14:14  32.5     7:08   29    0  0.36   1  21    11:54 ENE 29.69   94
3    43.2  50.7    13:48  33.1     0:00   20    0  0.05   4  37    14:21 ENE 29.73   87
4    43.8  58.1    15:22  30.3     6:21   20    0  0.00   0  20    15:45 ENE 29.96   79
5    43.5  57.8    13:18  28.9     4:32   20    0  0.00   1  41    12:39  SW 29.95   80
6    42.3  53.6    14:33  27.8     6:27   21    0  0.00   2  32    13:08  NW 29.93   55
7    40.1  55.5    15:48  24.3     6:45   23    0  0.00   2  27    14:47  NW 29.78   55
8    42.2  56.0    12:21  26.7     6:30   21    0  0.00   2  25    16:13 ENE 29.56   49
9    36.5  43.6    11:01  31.0     5:13   27    0  0.80   1  30    13:33 WSW 29.27   84
10   33.9  38.3    14:39  29.7    22:16   30    0  0.07   2  20    11:03  SW 29.17   90
11   34.2  40.7    15:55  27.0    23:58   29    0  0.01   2  27    12:01  NW 29.71   68
12   39.1  55.0    14:29  21.2     6:00   24    0  0.00   2  27    15:28  SW 30.06   68
13   50.4  59.8    15:11  38.7     2:08   13    0  0.48   3  40    14:01  SW 29.64   92
14   43.0  49.5    14:28  34.7    23:42   21    0  0.00   3  38    13:33  SW 29.88   53
15   35.8  43.1    14:43  26.0    23:53   28    0  0.00   2  26     9:14 WSW 29.85   54
16   32.1  39.6    15:27  25.7     6:43   31    0  0.00   2  24    17:19  SW 29.95   64
17   34.1  43.7    16:33  25.2     6:20   28    0  0.00   2  28    13:29  NW 30.02   59
18   35.7  44.7    16:38  26.3    23:56   27    0  0.00   1  28    11:00 ENE 29.81   65
19   40.9  60.5    14:24  20.7     5:32   23    0  0.06   3  46    13:35 WSW 29.65   70
20   39.2  49.0    17:28  26.9    23:54   24    0  0.00   3  30    10:44 ENE 29.65   52
21   34.2  51.1    10:22  22.4     5:20   29    0  0.45   1  34    10:23  SW 29.47   83
22   29.0  35.3    15:44  23.5     7:20   34    0  0.03   2  19    12:23  NW 29.63   72
23   33.9  47.3    17:48  22.0     3:48   29    0  0.00   1  19    13:36  SW 29.92   41
24   40.6  57.7    16:22  24.6     4:11   23    0  0.00   1  19    16:22 ENE 29.82   50
25   47.8  62.0    14:14  35.5    23:58   16    0  0.00   2  39    14:23 ENE 29.96   44
26   42.0  58.1    13:16  29.2     5:13   21    0  0.35   2  21    14:22  NE 30.02   71
27   37.7  43.4    12:12  33.5     3:23   26    0  0.56   2  19     9:44  NE 29.97   95
28   42.0  52.6    16:11  32.3     6:14   22    0  0.01   2  25     9:57 ENE 30.06   74
29   46.6  64.0    14:52  27.9     5:33   17    0  0.00   4  33    22:45  SW 30.20   58
30   45.6  48.6     0:00  41.6    12:07   18    0  0.09   8  55    14:48  SW 30.13   58
---------------------------------------------------------------------------------------
TOT  39.3  64.0  4/29/20  20.7  4/19/20  723    0  3.32   2  55  4/30/20  SW 29.81   68

HEAT BASE: 65.0
COOL BASE: 65.0