NOAA-Style Climate Reports: Lisbon, NH


Report for 2020 February
                  MONTHLY CLIMATOLOGICAL SUMMARY FOR 2/2020
                                        HEAT  COOL        
     MEAN                               DEG   DEG       WIND SPEED       DOM MEAN  MEAN
DAY  TEMP  HIGH   TIME     LOW   TIME   DAYS  DAYS RAIN AVG  HI  TIME    DIR BAROM HUM
---------------------------------------------------------------------------------------
1    29.1  35.8    14:33  23.8     7:08   34    0  0.00   0   8    12:20   E 29.88   80
2    28.1  33.4    11:26  24.8    23:59   35    0  0.00   1  18    14:35 ENE 29.50   78
3    28.6  38.1    12:23  18.4     3:16   35    0  0.00   1  19    13:03  SW 29.69   84
4    26.5  31.3    16:02  20.6     5:31   37    0  0.00   0  10    14:58 ENE 29.80   91
5    24.3  30.4     2:22  13.9    20:34   39    0  0.00   2  28    11:41 ENE 30.00   66
6    21.3  27.2    23:50  14.9     0:00   42    0  0.31   0  13     5:42 ENE 29.74   92
7    26.2  32.3    12:47  13.7    22:49   35    0  0.86   0  13    15:10   E 29.18   96
8     9.4  17.4    12:05  -6.7    23:54   54    0  0.01   0  24    14:42 SSW 30.04   82
9     4.2  20.3    15:58 -15.5     6:55   59    0  0.00   1  16    13:50 SSW 30.51   83
10   26.4  33.4    14:45  16.9     0:00   37    0  0.09   0   5     6:37 SSW 30.06   99
11   26.3  31.2    18:49  19.6     5:27   37    0  0.01   0   7    11:39   E 29.92  100
12   28.2  35.4    14:11  23.2    21:30   35    0  0.02   1  28    14:33  SW 29.97   90
13   28.8  34.3    14:44  17.3    23:59   35    0  0.07   0  14    21:32 ENE 29.69   94
14    4.1  17.3     0:00 -12.5    23:55   59    0  0.00   2  30    13:24 ENE 30.31   67
15    1.3  20.3    15:14 -18.7     7:12   62    0  0.00   2  21    11:47  SW 30.48   70
16   24.8  34.1    14:30  17.6     5:36   39    0  0.00   2  21    14:07  NW 30.04   79
17   19.9  29.2    10:23   2.8    23:47   43    0  0.00   2  27    12:01 ENE 30.24   78
18   16.9  31.6    16:23   1.9     2:49   47    0  0.09   3  48    15:19  NW 30.24   90
19   24.7  31.7    11:53   9.0    23:59   39    0  0.00   3  34    10:47  NW 30.08   66
20    5.8  18.8    14:06  -5.6     7:24   58    0  0.00   1  26    15:03 ENE 30.41   73
21    4.9  24.6    15:30 -15.5     6:49   59    0  0.00   2  29    16:39  SW 30.38   67
22   17.6  39.4    14:20  -3.3     6:31   46    0  0.00   1  28    11:55  SW 30.10   75
23   25.2  46.7    14:33   7.1     7:04   38    0  0.00   1  19    13:26  SW 30.06   80
24   31.4  53.3    14:16  13.3     6:45   32    0  0.00   1  29    13:02  SW 29.94   76
25   29.1  29.4     7:41  28.0     1:40   34    0  0.00   0   5     2:50 WSW 29.90   96
26   29.4  29.4     0:00  29.4     0:00   34    0  0.00   0   0     0:00   N 29.90   96
27    8.2  29.4     0:00  29.4     0:00   55    0  0.00   0   0     0:00   N 29.34   30
28   -1.5  -1.5     0:00  -1.5     0:00   65    0  0.00   0   0     0:00   N 29.55    0
29   -1.5  -1.5     0:00  -1.5     0:00   65    0  0.00   0   0     0:00   N 29.72    0
---------------------------------------------------------------------------------------
TOT  18.9  53.3  2/24/20 -18.7  2/15/20 1289    0  1.46   1  44  2/18/20  SW 29.96   75

HEAT BASE: 65.0
COOL BASE: 65.0