NOAA-Style Climate Reports: Lisbon, NH


Report for 2019 December
                  MONTHLY CLIMATOLOGICAL SUMMARY FOR 12/2019
                                        HEAT  COOL        
     MEAN                               DEG   DEG       WIND SPEED       DOM MEAN  MEAN
DAY  TEMP  HIGH   TIME     LOW   TIME   DAYS  DAYS RAIN AVG  HI  TIME    DIR BAROM HUM
---------------------------------------------------------------------------------------
1    15.4  22.4    14:04   4.3     7:01   48    0  0.03   1  14     9:59 ENE 29.99   83
2    27.0  31.3    11:33  22.1     0:00   36    0  0.06   1  21    20:42  NE 29.72   77
3    24.6  27.9    16:25  16.5    23:54   39    0  0.00   4  33    12:41 ENE 29.48   74
4    21.9  29.8    14:51  13.6     1:34   42    0  0.00   0  10    11:25  SW 29.45   86
5    27.1  33.7    13:43  23.0     0:59   36    0  0.02   0   7    17:13 ESE 29.61   85
6    24.1  28.2    12:34  19.9     2:14   39    0  0.06   0   6    11:21  SW 29.97   82
7    14.6  24.2    12:07   1.9    23:50   49    0  0.01   0   8    11:57  SW 30.29   88
8    12.8  29.2    22:14  -3.3     4:44   51    0  0.00   1  20    23:32  SW 30.38   79
9    32.7  45.3    19:58  28.5     5:46   31    0  0.38   0  33     0:09  NW 29.93   94
10   40.2  48.0    11:52  30.3    23:57   23    0  0.07   1  24    16:07 WSW 29.68   96
11   23.5  30.3     0:00  18.0    20:35   40    0  0.00   1  24    21:17  SW 30.16   62
12   20.1  26.7    12:23  14.7    23:54   43    0  0.00   1  16     0:07  NW 30.57   63
13   27.7  32.5    14:07  13.7     0:31   36    0  0.08   1  18     4:31  NW 30.37   83
14   37.7  49.5    22:11  31.2     0:00   26    0  0.54   0  14    22:42 WSW 29.45  100
15   33.8  46.2     0:00  20.9    23:56   29    0  0.01   3  24     1:56 WSW 29.48   72
16   18.3  24.6    14:04  13.3     6:56   45    0  0.00   1  16    14:14 ENE 30.18   68
17   19.7  23.9    23:38  13.6     0:00   44    0  0.18   0   7    13:02 ENE 29.92   91
18   23.2  29.5    13:38   9.0    23:59   40    0  0.07   0  16    18:45 WSW 29.70   87
19    2.8   9.4    13:55  -5.6     7:48   59    0  0.00   1  16     1:53 ENE 30.17   69
20    6.0  14.1    13:33  -1.9     5:29   58    0  0.00   1  21    11:03 ENE 30.57   77
21    7.4  17.1    15:15  -2.7     6:56   56    0  0.00   0   5    12:40  SW 30.57   83
22   15.7  30.7    14:26   5.7     5:20   48    0  0.00   0  13    12:39  SW 30.20   88
23   22.3  39.7    13:34   8.5     6:30   41    0  0.00   0  12    17:33  SW 29.93   90
24   28.6  37.8     0:00  15.8    23:03   35    0  0.00   2  16    10:18 ENE 30.12   68
25   20.6  29.8    15:15  13.4     6:23   43    0  0.00   0   5    13:58   E 30.21   82
26   21.8  32.6    14:06  10.6     7:14   42    0  0.00   0   6    12:04  SW 30.34   83
27   33.4  38.6    21:58  26.1     0:00   30    0  0.08   1  13     2:29  NW 30.08   96
28   31.8  42.6    13:15  20.9    23:21   31    0  0.00   0   7    10:48  NW 30.09   89
29   28.6  34.4    14:01  21.4     7:41   35    0  0.02   0  10    11:49 ENE 30.16   83
30   27.9  28.6    11:02  27.2    13:17   36    0  0.58   0  13    18:51 ENE 29.98   96
31   30.6  35.4    14:25  27.5     1:20   33    0  0.05   0  10    23:06  NW 29.61   99
---------------------------------------------------------------------------------------
TOT  23.3  49.5 12/14/19  -5.6 12/19/19 1244    0  2.24   1  33  12/3/19 ENE 30.01   83

HEAT BASE: 65.0
COOL BASE: 65.0