NOAA-Style Climate Reports: Lisbon, NH


Report for 2019 November
                  MONTHLY CLIMATOLOGICAL SUMMARY FOR 11/2019
                                        HEAT  COOL        
     MEAN                               DEG   DEG       WIND SPEED       DOM MEAN  MEAN
DAY  TEMP  HIGH   TIME     LOW   TIME   DAYS  DAYS RAIN AVG  HI  TIME    DIR BAROM HUM
---------------------------------------------------------------------------------------
1    48.4  71.7     0:07  32.3    23:39   16    1  0.37   4  50     3:18 WSW 29.69   66
2    34.4  46.8    15:27  24.9     7:47   29    0  0.00   0  12    16:13  SW 30.12   75
3    34.5  47.0    11:14  27.0     6:33   29    0  0.00   1  14    14:34  SW 30.00   86
4    36.9  47.0    12:17  24.9     6:28   27    0  0.00   1  19    22:51 WSW 30.23   75
5    47.4  52.6    14:19  39.3    23:37   16    0  0.02   2  16     1:41 WSW 30.09   75
6    35.6  44.7    11:31  25.7    21:07   28    0  0.00   1  12    10:08  NW 30.20   72
7    33.5  43.0    12:46  27.5    23:57   30    0  0.08   0  14    12:45 WSW 30.06   85
8    24.8  27.6    12:23  22.7     4:50   39    0  0.13   1  17    14:52 ENE 30.06   84
9    25.8  34.5    13:27  14.6     6:53   38    0  0.00   1  28    14:42  SW 30.18   74
10   34.6  41.7    12:58  25.5     7:30   29    0  0.00   1  26    12:02 WSW 29.94   63
11   30.8  37.0     2:18  26.7    19:34   33    0  0.43   1  14     4:38 ENE 30.08   88
12   22.1  29.4     7:22  10.2    23:52   41    0  0.25   1  21    14:07 ENE 29.83   90
13    9.8  18.7    14:10   4.3     6:14   54    0  0.00   1  21     9:56  NE 30.24   79
14   16.4  26.9    17:25   5.2     3:09   47    0  0.00   1  28    14:14  NW 30.36   84
15   29.5  40.3    11:16  22.3    23:58   34    0  0.01   2  30    19:13 WSW 30.08   80
16   14.6  23.6    14:20   5.4    23:59   49    0  0.00   2  26     2:06 ENE 30.52   61
17   12.5  29.7    14:16   1.3     6:53   51    0  0.00   1  14    12:58  SW 30.42   74
18   21.7  36.1    15:13   5.9     5:13   42    0  0.00   1  14    14:57 ENE 29.95   83
19   32.6  35.0    15:33  31.2     7:05   30    0  0.29   0   7     6:43   E 29.75   99
20   32.5  34.7    11:40  31.2    20:15   31    0  0.01   1  14    12:26 ENE 29.94  100
21   30.6  35.4    13:48  26.0    20:04   33    0  0.00   1  13    14:28   E 30.07   93
22   32.2  38.6    13:35  27.5    23:48   31    0  0.08   1  28    16:37  SW 29.65   92
23   26.3  36.4    13:31  18.8    23:54   37    0  0.00   1  20     5:31 ENE 29.85   68
24   27.2  32.2    20:57  18.7     0:07   34    0  0.45   1  14    16:05 ENE 29.50   95
25   31.0  37.8    12:25  26.9    22:43   30    0  0.00   0   2     0:11 ENE 29.68   99
26   31.3  47.7    13:19  24.6     6:32   32    0  0.01   0  10    12:38 WSW 29.92   98
27   30.7  37.4    18:12  25.2     3:51   33    0  0.31   0  13    14:46   E 29.85  100
28   31.4  35.1     8:03  27.5    19:05   32    0  0.16   3  39    12:37 ENE 29.81   91
29   25.2  29.2    13:45  15.7    23:54   38    0  0.00   4  30    10:27 ENE 30.18   79
30   16.2  21.7    13:30  10.2    23:24   47    0  0.00   4  30    10:27 ENE 30.08   75
---------------------------------------------------------------------------------------
TOT  28.7  71.7  11/1/19   1.3 11/17/19 1040    1  2.60   1  50  11/1/19 ENE 30.01   83

HEAT BASE: 65.0
COOL BASE: 65.0