NOAA-Style Climate Reports: Lisbon, NH


Report for 2019 October
                  MONTHLY CLIMATOLOGICAL SUMMARY FOR 10/2019
                                        HEAT  COOL        
     MEAN                               DEG   DEG       WIND SPEED       DOM MEAN  MEAN
DAY  TEMP  HIGH   TIME     LOW   TIME   DAYS  DAYS RAIN AVG  HI  TIME    DIR BAROM HUM
---------------------------------------------------------------------------------------
1    56.0  61.9    15:07  49.8     3:40    7    0  0.32   0  10    12:45  SW 29.92   98
2    54.9  62.7     4:14  44.6    23:47    9    0  0.06   0  14    17:29 ENE 29.84   93
3    44.7  52.6    13:56  35.4     6:37   19    0  0.07   1  19    17:06  SW 30.10   86
4    43.7  50.7    14:09  30.9    23:56   20    0  0.02   0  13    12:43 ENE 30.07   84
5    38.3  54.8    14:12  27.2     7:03   25    0  0.00   0  14    13:04 ENE 30.39   82
6    43.3  60.6    21:31  27.9     7:03   20    0  0.00   1  21    16:32  NW 30.23   94
7    55.9  61.1     8:18  52.1    23:51    8    0  0.89   0   6     9:38   E 30.04  100
8    51.8  61.4    12:45  40.0    23:56   12    0  0.00   0  10    10:15   E 30.24   88
9    45.8  60.6    14:00  35.3     7:36   18    0  0.01   1  47     7:18 ENE 30.37   89
10   48.4  63.7    13:53  36.1     7:05   15    0  0.00   1  34    12:26 ENE 30.33   79
11   49.1  65.8    14:43  31.3     7:05   15    0  0.00   1  17    13:42 ENE 30.22   66
12   51.4  62.0    16:51  42.7     2:17   12    0  0.00   0   7    10:00 ENE 29.95   85
13   50.9  62.2    14:33  37.3    23:59   13    0  0.00   0   8     9:52 ENE 29.99   80
14   47.5  65.3    16:05  30.9     7:31   16    0  0.00   1  16    16:12  SW 29.92   79
15   44.2  57.1    14:31  32.8     7:41   19    0  0.00   0  11    15:28  SW 30.05   75
16   43.1  57.4    12:52  27.8     6:40   20    0  0.12   1  27    12:58  SW 29.87   81
17   47.6  54.8    12:31  41.4    21:46   16    0  0.24   2  24     5:26  NE 29.03   93
18   44.4  49.5    12:19  41.1    22:18   19    0  0.00   1  12    10:40 WNW 29.67   82
19   41.7  51.3    14:52  30.1    23:56   22    0  0.00   0  13    10:03   E 29.98   77
20   37.9  50.1    16:39  27.6     4:39   26    0  0.02   0   6     6:39   E 30.06   92
21   44.5  62.5    14:59  36.3     7:10   19    0  0.00   0   7    12:19 ENE 30.10   91
22   47.1  58.4    13:22  35.1     3:19   16    0  0.00   1  41     1:36 WSW 30.03   80
23   50.7  60.8    12:57  38.4    23:50   13    0  0.42   0  10    13:11  SW 29.83   87
24   46.7  63.3    14:15  31.2     7:40   17    0  0.00   1  22    14:16 WSW 30.12   77
25   43.7  49.2    13:38  38.8     7:22   20    0  0.07   0   2    22:26 SSW 30.22   95
26   43.3  53.0    13:24  30.7    23:51   20    0  0.09   0  10    10:20  SW 30.21   85
27   38.5  45.5    14:53  29.4     3:33   25    0  0.62   1  17    13:34 ENE 30.04   98
28   48.1  55.2    15:03  43.0     5:22   15    0  0.00   0  18    22:16  SW 30.12   94
29   49.8  55.2    11:04  44.3     7:45   14    0  0.01   1  26    15:30 WSW 30.25   86
30   52.6  65.8    14:06  43.1     3:15   11    0  0.00   0   8    14:35  SW 30.19   90
31   59.0  71.5    23:05  51.0     0:00    6    2  0.13   2  52    19:48 WSW 29.72   97
---------------------------------------------------------------------------------------
TOT  47.3  71.5 10/31/19  27.2  10/5/19  505    2  3.09   1  47  10/9/19 ENE 30.04   87

HEAT BASE: 65.0
COOL BASE: 65.0