NOAA-Style Climate Reports: Lisbon, NH


Report for 2019 September
                  MONTHLY CLIMATOLOGICAL SUMMARY FOR 9/2019
                                        HEAT  COOL        
     MEAN                               DEG   DEG       WIND SPEED       DOM MEAN  MEAN
DAY  TEMP  HIGH   TIME     LOW   TIME   DAYS  DAYS RAIN AVG  HI  TIME    DIR BAROM HUM
---------------------------------------------------------------------------------------
1    59.3  73.3    14:10  45.9     4:30    8    2  0.00   1  14    12:40 WSW 30.29   81
2    60.6  63.5    17:10  58.1     6:20    4    0  0.89   0  11     1:40 SSW 30.01   99
3    61.2  72.7    14:23  53.6     6:21    5    1  0.00   0   7    13:30   E 30.00   90
4    62.6  73.2    17:12  52.6     5:28    4    3  0.04   1  18    15:07 WSW 29.83   89
5    57.8  69.8    14:28  45.8     6:39    7    1  0.00   1  11     9:53 ENE 30.04   76
6    56.0  71.8    13:48  44.5     4:58    9    1  0.00   1  13    15:33  SW 29.99   81
7    57.2  69.4    13:37  48.9     6:59    7    1  0.03   0  11    12:02 ENE 29.74   84
8    55.8  62.4    16:09  47.4    22:14    8    0  0.03   0  10     9:04 ENE 29.94   88
9    52.5  64.5    13:58  44.0     5:33   11    0  0.00   0   8    15:27 ENE 30.26   85
10   56.4  70.5    13:46  40.7     6:02    9    2  0.00   1  13    13:26  SW 30.27   84
11   67.7  77.5    15:07  61.6     5:06    0    5  0.13   0  12    14:26 WSW 29.98   92
12   57.1  65.6    13:03  43.7    23:53    7    0  0.00   1  13    12:31 ENE 30.15   80
13   52.2  67.6    14:10  40.0     5:44   12    0  0.00   1  14    15:43  SW 30.42   75
14   56.1  61.9    15:59  47.3     1:34    7    0  0.02   1  19     6:10 WSW 30.18   86
15   61.4  72.0    13:47  53.5     2:47    4    2  0.01   0  13    14:44  SW 30.03   77
16   54.4  66.9    14:00  44.2    23:59    9    0  0.00   0  14    14:03 ENE 30.03   82
17   51.4  64.3    14:12  39.7     6:37   12    0  0.00   1  11    16:49 ENE 30.13   86
18   49.5  63.7    14:11  38.3    23:59   14    0  0.00   1  12    10:52 ENE 30.27   79
19   46.9  66.9    14:38  32.9     7:17   17    0  0.00   0  10    13:02  SW 30.30   81
20   53.5  75.0    14:46  35.7     5:04   12    2  0.00   0   8    12:26 ENE 30.16   80
21   60.2  79.4    14:23  45.0     6:43    7    4  0.00   0   7    14:00   E 30.14   86
22   63.9  80.1    14:33  51.6     4:40    5    5  0.01   1  13    14:44  SW 30.00   87
23   67.3  76.6    15:35  58.6     5:11    1    5  1.50   0  14    13:06  SW 29.68   91
24   60.4  68.1    11:23  52.4    22:59    3    0  0.00   1  16    16:57 ENE 29.67   90
25   54.6  62.0    15:04  46.7    23:59    9    0  0.00   0   7    11:35   E 29.80   90
26   54.1  71.8    12:30  45.9     2:37   10    0  0.41   0   8    11:44  SW 29.74   96
27   53.8  65.8    13:32  46.5     6:55   10    0  0.00   0  10     8:13 ENE 30.01   90
28   58.7  78.1    14:22  45.5     6:06    7    2  0.03   0  12    13:52  SW 29.98   93
29   54.3  63.0     0:00  39.0    23:55    9    0  0.00   1  18     9:39 ENE 30.26   75
30   46.9  58.9    13:33  35.3     4:24   17    0  0.00   0  10    12:59  SW 30.30   85
---------------------------------------------------------------------------------------
TOT  56.8  80.1  9/22/19  32.9  9/19/19  243   38  3.10   1  18  9/14/19 ENE 30.05   85

HEAT BASE: 65.0
COOL BASE: 65.0