NOAA-Style Climate Reports: Lisbon, NH


Report for 2019 August
                  MONTHLY CLIMATOLOGICAL SUMMARY FOR 8/2019
                                        HEAT  COOL        
     MEAN                               DEG   DEG       WIND SPEED       DOM MEAN  MEAN
DAY  TEMP  HIGH   TIME     LOW   TIME   DAYS  DAYS RAIN AVG  HI  TIME    DIR BAROM HUM
---------------------------------------------------------------------------------------
1    69.4  80.1    14:18  54.8    23:57    1    5  0.03   1  13    13:54 ENE 30.04   77
2    65.3  82.2    13:46  50.2     6:05    5    5  0.01   0  16    14:17  SW 30.09   76
3    67.6  85.3    14:19  52.5     6:23    4    7  0.01   0  10     7:02  SW 29.93   75
4    66.2  78.1    14:02  51.7    23:58    3    4  0.00   0  11    11:42 ENE 29.89   72
5    62.1  78.1    13:48  46.0     6:24    7    4  0.01   0  12     7:29  SW 29.94   74
6    68.7  84.7    14:07  49.4     5:52    4    8  0.02   1  14    13:15  SW 29.82   75
7    72.2  83.0    13:40  62.9     6:26    0    7  0.00   0  12    18:26  SW 29.74   87
8    71.4  79.8    15:56  64.7    23:59    0    6  0.02   0  13    10:05 WSW 29.58   89
9    67.5  79.6    14:27  58.9    23:59    1    3  0.01   1  18     9:27   W 29.61   83
10   60.5  71.8    12:53  52.0    23:58    5    1  0.16   0  13    17:16  SW 29.72   88
11   61.9  76.0    13:37  50.2     6:26    6    3  0.00   0  12     6:05  SW 29.88   83
12   68.0  82.6    13:10  53.6     4:42    3    6  0.01   0  12    11:41  SW 29.82   80
13   69.2  80.7    16:00  59.8    23:41    1    6  0.01   0  10    12:14  SW 29.72   85
14   66.4  79.9    13:42  53.5     5:54    3    5  0.00   0  10    17:22  SW 29.84   77
15   65.8  79.6    14:17  53.2     5:37    4    4  0.01   1   9    14:03 ENE 29.99   76
16   68.5  77.6    15:33  60.5     6:10    1    5  0.08   0  12    15:29  SW 29.98   87
17   70.9  82.4    14:15  65.2     2:11    0    6  0.73   1  13    17:57  SW 29.96   91
18   71.6  82.2    14:28  65.0     6:15    0    7  0.00   0   7    15:51  SW 29.94   88
19   74.0  84.0    14:12  65.3     6:08    0    9  0.00   1  12    12:31  SW 29.87   86
20   69.9  82.6    13:34  59.3     7:22    2    6  0.00   0   8    13:21  SW 29.99   77
21   63.6  71.1    12:08  54.4     6:14    3    2  0.23   0   6    11:42 SSW 29.89   98
22   70.3  82.6    12:55  58.7    23:55    0    6  0.01   0  13    11:20  SW 29.77   88
23   56.4  72.0    10:42  51.4    23:58    5    0  0.00   0   3     7:19  SW 29.93   96
24   57.7  70.9    16:45  46.5     5:23    8    1  0.00   0  10    16:04 ENE 30.18   88
25   60.6  76.5    13:48  49.5    23:57    7    3  0.00   1   8    13:08 ENE 30.30   78
26   59.4  76.8    14:10  42.3     6:15    8    3  0.00   1   8    10:57 ENE 30.21   77
27   60.6  76.8    14:56  46.4     6:14    7    3  0.00   0  13    12:24  SW 30.03   80
28   58.9  70.1     8:56  56.6     2:23    2    0  0.00   0   3     8:33   S 29.92   96
---------------------------------------------------------------------------------------
TOT  66.2  85.3   8/3/19  42.3  8/26/19   94  125  1.35   0  18   8/9/19  SW 29.92   83

HEAT BASE: 65.0
COOL BASE: 65.0