NOAA-Style Climate Reports: Lisbon, NH


Report for 2019 July
                  MONTHLY CLIMATOLOGICAL SUMMARY FOR 7/2019
                                        HEAT  COOL        
     MEAN                               DEG   DEG       WIND SPEED       DOM MEAN  MEAN
DAY  TEMP  HIGH   TIME     LOW   TIME   DAYS  DAYS RAIN AVG  HI  TIME    DIR BAROM HUM
---------------------------------------------------------------------------------------
1    67.8  82.6    13:54  55.1     6:23    3    6  0.00   1  19    12:32 ENE 29.84   77
2    74.3  85.9    14:25  60.4     3:01    1    8  0.00   1  14    16:45  SW 29.70   68
3    70.8  88.0    13:55  56.2     6:03    2    7  0.00   0  10    14:52   E 29.81   75
4    71.9  88.4    14:23  56.3     5:51    2    9  0.00   0   8    13:51 WSW 30.02   76
5    75.1  90.7    14:15  58.0     5:14    2   12  0.00   0  14    13:35  SW 30.03   74
6    74.1  87.6    13:45  65.5    23:58    0    9  0.17   0  13    10:54 WSW 29.82   90
7    66.7  77.9    13:20  53.3    23:57    3    5  0.00   1  14    12:25 ENE 29.92   67
8    64.8  81.1    14:23  46.7     5:28    6    6  0.00   0   8     6:33   E 29.95   70
9    67.4  84.9    14:12  49.4     5:27    4    7  0.00   0  10    13:27  SW 29.97   71
10   70.5  86.1    13:56  55.3     4:25    3    8  0.00   0   7    13:57  SW 29.97   76
11   70.3  81.6    12:33  58.4     6:11    1    7  0.18   0  11    17:18  SW 29.85   87
12   71.5  81.4    16:07  65.5    23:59    0    6  0.36   0   8    13:58   E 29.68   90
13   72.4  83.2    14:17  60.7     6:03    1    8  0.03   0  10    13:04  SW 29.80   78
14   71.3  80.3    14:23  63.7     4:58    0    6  0.02   0  11    12:19  SW 29.84   78
15   67.9  78.1    14:17  56.3     4:55    2    5  0.00   1  12    13:16 ENE 29.97   75
16   67.7  82.2    12:30  54.1     6:06    3    6  0.00   0  11    16:19  SW 29.96   84
17   71.6  80.9    13:56  64.5     3:19    0    7  0.21   0   7    12:30  SW 29.84   97
18   70.5  81.2    17:26  63.2     5:56    0    5  0.01   0   8    17:24  SW 29.90   86
19   75.0  88.2    13:59  60.7     4:37    1   11  0.00   1  14    14:03  SW 29.75   84
20   80.2  92.1    13:40  68.4     6:11    0   15  0.00   1  12    16:15  SW 29.70   79
21   76.5  90.1    13:06  67.3    23:56    0   12  0.06   0  13    13:58   E 29.66   86
22   65.5  69.3     9:43  61.8     6:17    1    1  0.10   0   7     7:41 ENE 29.85   96
23   66.3  75.6    17:18  60.1    23:51    1    3  0.08   0  12    11:30 ENE 29.82   88
24   66.2  77.7    14:37  56.3    23:52    3    4  0.02   0  18    10:59 ENE 29.93   77
25   65.9  79.6    13:06  51.9     6:35    4    5  0.01   0  12    12:14   E 30.06   79
26   69.3  85.5    14:03  55.1     5:16    3    7  0.00   0  11    10:28  SW 30.19   77
27   67.0  86.5    13:33  55.7     5:38    2    3  0.00   0  10    13:03  SW 30.19   85
28   72.8  86.1    13:08  59.8     5:45    1    9  0.27   1  14    13:23  SW 29.96   82
29   74.4  86.7    13:55  65.2     5:40    0    9  0.13   0   9     2:18  SW 29.89   82
30   75.9  91.0    13:14  62.1     5:20    0   11  0.04   1  14    14:13  SW 29.90   80
31   72.0  84.0    13:43  66.3    23:56    0    7  0.27   0   8     7:54  SW 29.95   92
---------------------------------------------------------------------------------------
TOT  70.8  92.1  7/20/19  46.7   7/8/19   50  222  1.96   0  19   7/1/19  SW 29.89   81

HEAT BASE: 65.0
COOL BASE: 65.0