NOAA-Style Climate Reports: Lisbon, NH


Report for 2019 June
                  MONTHLY CLIMATOLOGICAL SUMMARY FOR 6/2019
                                        HEAT  COOL        
     MEAN                               DEG   DEG       WIND SPEED       DOM MEAN  MEAN
DAY  TEMP  HIGH   TIME     LOW   TIME   DAYS  DAYS RAIN AVG  HI  TIME    DIR BAROM HUM
---------------------------------------------------------------------------------------
1    56.2  71.3    16:23  41.3     4:50   10    1  0.00   1  11    10:26 ENE 29.80   72
2    60.3  69.1    10:29  53.1     5:17    5    0  0.08   0  13    10:54 WSW 29.64   89
3    53.8  64.7    11:33  43.2     5:56    6    0  0.00   1  14    10:18 WSW 29.66   79
4    54.9  64.7    11:33  43.2     5:56    9    0  0.00   1  14    10:18 WSW 29.74   72
5    56.9  67.8    17:07  49.5     3:50    8    0  0.54   0   6     8:23  SW 29.78   93
6    62.8  74.9    14:45  50.4    23:54    4    2  0.83   1  11    10:04 ENE 29.70   82
7    61.6  79.0    15:20  43.9     5:37    7    4  0.00   0  12    13:50  SW 29.89   68
8    60.0  75.3    13:57  44.6     5:19    5    2  0.00   1  14    15:15 ENE 30.11   65
9    62.8  81.2    16:16  42.1     5:04    8    5  0.00   1  11    10:46  SW 30.25   63
10   68.8  84.3    12:44  49.4     5:19    4    8  0.00   1  17    14:45  SW 30.05   62
11   63.5  69.9     0:00  49.4    23:58    2    1  0.63   1  14    14:41   E 29.83   87
12   60.0  74.4    17:48  43.8     5:53    8    3  0.00   1  11    10:38  SW 30.07   71
13   54.9  61.5    10:06  49.6     5:37   10    0  0.20   0  16    11:02 ENE 29.90   89
14   57.5  67.6    12:39  49.9     0:25    8    0  0.10   1  16     8:52  SW 29.72   89
15   63.1  78.3    15:50  46.5     5:07    6    4  0.01   1  20    13:48 WSW 29.88   70
16   64.3  69.8    11:29  57.5    23:57    2    1  0.09   0   8    12:03  SW 29.80   93
17   63.4  76.5    14:23  49.1     6:08    5    3  0.00   0  10    11:25 ENE 29.91   71
18   64.8  76.5    14:23  49.1     6:08    6    6  0.00   0  10    11:25 ENE 29.90   70
19   67.3  81.8    13:30  50.2     5:22    4    6  0.00   1  11    16:17  SW 29.78   80
20   66.2  71.6    10:09  63.7     5:46    0    1  1.06   0  10    11:12  SW 29.55   97
21   63.7  72.5    16:19  56.0    23:55    3    1  0.05   1  16    16:20 ENE 29.55   89
22   64.0  75.6    15:24  51.7     5:17    5    4  0.00   1  18    15:12  SW 29.77   71
23   65.4  80.9    13:52  46.8     5:29    5    6  0.00   1  19    21:52  SW 29.81   66
24   65.4  81.1    14:03  48.3     5:25    5    6  0.00   1  13    15:21   E 29.80   64
25   60.3  67.6    11:13  48.8     4:58    5    0  0.62   0  10    11:19   E 29.84   94
26   71.1  82.8    14:11  62.4     5:39    1    7  0.09   0  11    16:53  SW 29.94   82
27   71.3  86.3    14:10  61.2     1:40    1    7  0.00   0   8     9:40  SW 30.03   77
28   72.1  87.4    13:34  58.1     5:25    1    8  0.00   0  12    14:17  SW 30.06   73
29   69.7  78.8    16:55  62.4    23:46    0    5  0.13   1  12     9:56  SW 29.88   88
30   63.5  70.8    16:55  58.1    23:16    2    1  0.24   1  14    16:56 ENE 29.73   95
---------------------------------------------------------------------------------------
TOT  63.4  87.4  6/28/19  41.3   6/1/19  145   93  4.67   1  20  6/15/19  SW 29.85   79

HEAT BASE: 65.0
COOL BASE: 65.0