NOAA-Style Climate Reports: Lisbon, NH


Report for 2019 May
                  MONTHLY CLIMATOLOGICAL SUMMARY FOR 5/2019
                                        HEAT  COOL        
     MEAN                               DEG   DEG       WIND SPEED       DOM MEAN  MEAN
DAY  TEMP  HIGH   TIME     LOW   TIME   DAYS  DAYS RAIN AVG  HI  TIME    DIR BAROM HUM
---------------------------------------------------------------------------------------
1    42.3  52.2    14:03  32.7     1:18   22    0  0.15   0   8    13:51 WSW 30.36   63
2    43.7  47.1    15:54  41.2     3:54   19    0  0.20   0   5    15:56 ENE 30.14  100
3    45.6  48.8    15:01  42.6     1:10   17    0  0.19   0   8    15:13  SW 30.05   99
4    53.2  61.0    14:38  46.4     0:29   12    0  0.07   0   7     9:11 ENE 29.88   90
5    56.1  68.4    15:27  44.5     5:54    9    0  0.01   1  11    14:48 ENE 29.85   80
6    58.6  72.5    15:08  43.9     5:47    8    2  0.00   1  18    20:42  SW 29.92   64
7    53.7  59.5     9:27  45.8    23:46   11    0  0.31   1   7     0:57  NW 30.03   83
8    47.0  56.7    14:48  34.6    23:59   18    0  0.00   2  18    12:38 ENE 30.25   65
9    49.5  67.4    16:15  29.4     4:56   16    0  0.00   2  21    23:27  SW 30.27   55
10   48.0  53.2    18:50  43.5     6:32   17    0  0.73   1  17     0:00  NW 29.97   97
11   49.7  56.5    13:17  37.8    23:57   15    0  0.00   1  14    12:45 ENE 29.98   70
12   48.4  59.2    16:20  36.5     3:06   15    0  0.00   1  10    13:26 ENE 29.99   63
13   50.1  60.5    12:50  36.5     3:06   21    0  0.18   2  24    12:32 ENE 29.94   61
14   43.1  48.5    18:23  37.6     6:00   21    0  0.28   0   8    14:18 ENE 29.82   88
15   46.6  55.3    17:34  40.8     4:55   18    0  0.00   1  11    10:19 ENE 29.75   80
16   51.2  61.3    16:01  39.1     5:43   13    0  0.00   1  12    16:04 ENE 29.79   78
17   52.2  68.4    16:52  41.1     3:43   13    0  0.26   1  26    14:01 WSW 29.71   89
18   54.0  61.6    15:30  48.0     0:11   11    0  0.00   1  13    10:53 ENE 29.92   70
19   62.3  79.6    16:24  49.4     5:05    6    3  0.41   1  17    13:52 WSW 29.90   79
20   66.9  77.0    14:34  57.0    23:49    1    3  0.60   1  18    15:14 WSW 29.64   91
21   52.4  58.0     1:34  46.8     6:38   12    0  0.06   2  17    17:31 ENE 29.79   74
22   55.0  66.0    13:31  42.3     5:00   10    0  0.00   2  17    10:54 ENE 30.13   60
23   58.7  71.6    13:26  46.8     6:22    7    1  0.07   1  14    12:02 WSW 29.95   76
24   56.0  59.9    16:34  44.6    23:59    9    0  0.06   1  21     8:57 ENE 29.82   88
25   56.7  72.0    13:59  41.2     4:43   10    2  0.28   1  16    13:24 WSW 30.06   77
26   68.5  79.2    13:07  55.3    23:55    2    4  0.16   1  14    11:01 WSW 29.78   69
27   57.7  71.5    13:17  44.1    23:54    8    1  0.00   1  13    11:39 ENE 29.91   71
28   44.5  50.8    10:56  39.5     4:05   20    0  0.56   0  14    17:55 ENE 29.90   97
29   51.5  59.5    15:53  43.9     0:00   13    0  0.00   1  14    19:59  SW 29.73   88
30   60.8  72.5    16:44  51.7     2:11    6    1  0.00   1  16    16:17 WSW 29.65   80
31   60.5  68.3    13:56  54.1    23:53    5    1  0.00   1  13    10:47 ENE 29.70   62
---------------------------------------------------------------------------------------
TOT  53.1  79.6  5/19/19  29.4   5/9/19  385   19  4.58   1  26  5/17/19 ENE 29.92   78

HEAT BASE: 65.0
COOL BASE: 65.0