NOAA-Style Climate Reports: Lisbon, NH


Report for 2019 April
                  MONTHLY CLIMATOLOGICAL SUMMARY FOR 4/2019
                                        HEAT  COOL        
     MEAN                               DEG   DEG       WIND SPEED       DOM MEAN  MEAN
DAY  TEMP  HIGH   TIME     LOW   TIME   DAYS  DAYS RAIN AVG  HI  TIME    DIR BAROM HUM
---------------------------------------------------------------------------------------
1    30.2  34.7    16:42  23.5    23:48   34    0  0.00   2  17    13:42  NW 30.02   58
2    35.3  50.1    15:19  18.0     6:13   25    0  0.00   2  20    15:24  SW 30.25   57
3    42.2  55.1    15:06  34.0     6:38   22    0  0.00   2  20    21:24  SW 29.89   57
4    33.5  39.2    14:13  29.3    23:58   31    0  0.00   3  19    13:27  NW 30.22   37
5    33.3  44.9    16:26  19.5     6:36   31    0  0.05   1  17    20:58  SW 30.37   47
6    37.1  47.6    12:45  33.2     1:11    9    0  0.02   2  10    12:08  SW 30.12   97
7    37.3  47.6    12:45  33.2     1:11   10    0  0.00   1  10    12:08  SW 30.12   96
8    37.3  40.1     6:28  34.7    11:44   10    0  0.38   3  21    10:23  SW 29.94   92
9    35.9  40.1     6:28  33.2    16:19   22    0  0.25   2  21    10:23  SW 29.74   94
10   32.5  35.2    13:41  30.4     6:04   32    0  0.00   1  10    15:35 ENE 29.81   84
11   34.6  46.0    15:06  22.5     6:34   30    0  0.00   1  15     9:46 ENE 30.18   70
12   40.8  50.7    14:09  28.2     0:55   24    0  0.02   1  17    19:10  NW 30.18   81
13   54.3  71.6    16:21  39.2    23:59   12    1  0.00   2  19    14:11 WSW 29.92   72
14   43.2  53.6    10:55  30.1     6:03   22    0  0.18   1  11     9:02 ENE 29.88   76
15   45.0  56.6    13:18  37.0    23:48   20    0  1.03   1  14    14:42  SW 29.32   95
16   40.2  45.8    13:36  35.8     4:56   21    0  0.00   2  15    16:11  NW 29.81   67
17   42.3  57.3    14:43  26.6     6:21   23    0  0.00   1  16    10:43 ENE 30.10   59
18   40.5  50.4    15:00  26.9     5:31   24    0  0.01   3  25    13:38  SW 30.04   74
19   59.7  73.2    16:32  41.1     6:21    8    2  0.09   2  19    15:49 WSW 29.66   81
20   66.7  72.5    10:07  59.3     0:07    1    2  0.40   3  21     3:08 WSW 29.70   87
21   57.8  66.4     0:55  51.7     6:36    3    0  0.11   1  19     2:07  SW 29.87   93
22   60.7  74.7    13:36  45.4     5:58    6    2  0.06   2  17    16:29 ENE 30.05   71
23   55.1  63.2    16:04  48.3     6:09    7    0  0.31   1  11    23:42  NE 29.84   86
24   48.5  54.4    11:34  42.9    23:32   16    0  0.07   1  11    10:38  NW 29.69   83
25   46.4  57.0    17:46  38.8    23:57   16    0  0.00   0   7    13:07  SW 29.89   79
26   43.9  50.8    14:12  37.5     2:48   21    0  0.29   2  26    14:59 WSW 29.72   91
27   41.5  43.8     0:43  36.6    23:48   18    0  1.14   1  13     1:34  SW 29.43   95
28   41.3  52.0    15:14  32.4    23:58   24    0  0.00   1  11    17:28 ENE 29.94   75
29   40.4  51.3    14:44  26.7     5:32   24    0  0.01   1  18    11:36  NW 30.29   58
30   41.9  51.1    18:05  34.3    23:51   22    0  0.00   1  14    14:47 ENE 30.25   69
---------------------------------------------------------------------------------------
TOT  43.6  74.7  4/22/19  18.0   4/2/19  565    8  4.50   2  26  4/26/19  SW 29.94   73

HEAT BASE: 65.0
COOL BASE: 65.0