NOAA-Style Climate Reports: Lisbon, NH


Report for 2019 March
                  MONTHLY CLIMATOLOGICAL SUMMARY FOR 3/2019
                                        HEAT  COOL        
     MEAN                               DEG   DEG       WIND SPEED       DOM MEAN  MEAN
DAY  TEMP  HIGH   TIME     LOW   TIME   DAYS  DAYS RAIN AVG  HI  TIME    DIR BAROM HUM
---------------------------------------------------------------------------------------
1     9.4  34.4    14:29  -2.8     6:47   35    0  0.00   1  12    14:45  SW 30.33   65
2    25.4  38.6    14:17  11.9     6:38   39    0  0.00   0   7    13:12  SW 30.06   62
3    28.4  28.4     0:04  28.2     0:23    1    0  0.00   0   3     0:23 ENE 29.90   96
4    25.4  32.5    14:12  10.5    23:59   35    0  0.00   1  13    15:41 ENE 29.76   82
5    14.5  25.6    14:00   0.5     6:25   77    0  0.00   1  11    11:33 ENE 29.90   62
6     8.4  18.6    12:03  -3.1     6:39   98    0  0.00   1  13    11:56 ENE 29.99   63
7     7.6  21.4    14:47  -5.4     6:14   43    0  0.00   1  16    13:45  SW 30.16   64
8    13.7  33.8    16:26  -8.6     6:09   51    0  0.00   1  13    12:12 WSW 30.23   64
9    20.3  38.6    13:59   1.5     6:38   44    0  0.00   1  13    11:03 ENE 30.30   65
10   29.6  37.8    19:42  12.6     0:33   34    0  0.08   4  32    12:28 WSW 30.11   74
11   35.9  42.1    14:06  31.0    23:56   29    0  0.03   2  18    10:20 WSW 29.80   81
12   28.1  34.6    14:14  17.8    23:54   37    0  0.01   1  16    12:14 ENE 30.08   67
13   27.0  40.8    14:50  10.7     5:30   38    0  0.08   1  11    21:04  SW 30.27   68
14   37.5  48.0    16:57  29.0     5:44   23    0  0.00   0  13    18:44  SW 30.17   84
15   42.0  61.8    15:14  29.0     5:44   34    0  0.02   1  18    15:23  NW 29.93   82
16   34.2  40.5     9:02  28.7    23:57   24    0  0.04   2  17    13:05  NW 29.78   71
17   25.8  30.7    15:36  19.5    23:54   39    0  0.00   2  13     8:47  NW 30.05   58
18   25.5  34.6    16:36  14.1     7:35   39    0  0.00   1  13    18:07  NW 30.19   58
19   25.8  37.0    14:00  14.6     7:28   39    0  0.00   1  13    15:26 ENE 30.33   56
20   28.9  47.1    17:01  10.5     7:19   36    0  0.00   1  14    14:10  SW 30.29   66
21   36.1  47.7    15:25  25.1     1:24   28    0  0.01   1  19    11:05 WSW 30.05   76
22   33.8  36.3    14:32  32.7     7:01   31    0  0.88   0  13    19:12 ENE 29.36   99
23   29.2  35.0     1:49  17.8    23:55   35    0  0.05   2  17    10:48 ENE 29.60   82
24   28.1  49.1    16:43  11.1     6:41   27    0  0.00   1  13    11:54  SW 29.97   73
25   29.3  36.8    14:01  18.4    23:58   36    0  0.00   1  19    13:39  NW 30.05   53
26   23.8  35.3    14:58  10.0     6:50   41    0  0.00   2  17    13:01 ENE 30.26   55
27   27.4  45.1    14:26   9.9     6:45   37    0  0.00   1  12    14:50  SW 30.44   55
28   37.9  53.9    15:55  17.8     6:15   26    0  0.01   3  20    12:46 WSW 30.20   58
29   38.3  51.0    14:41  34.0    23:19   18    0  0.03   1   8    11:41  SW 30.00   91
30   40.3  53.3    16:57  28.7     5:00   24    0  0.00   2  20    18:59  NW 29.99   84
31   46.5  63.2     9:35  32.7    22:49   18    0  0.50   2  21     9:39 WSW 29.63   84
---------------------------------------------------------------------------------------
TOT  28.1  63.2  3/31/19  -8.6   3/8/19 1119    0  1.75   1  32  3/10/19  SW 30.04   70

HEAT BASE: 65.0
COOL BASE: 65.0