NOAA-Style Climate Reports: Lisbon, NH


Report for 2019 February
                  MONTHLY CLIMATOLOGICAL SUMMARY FOR 2/2019
                                        HEAT  COOL        
     MEAN                               DEG   DEG       WIND SPEED       DOM MEAN  MEAN
DAY  TEMP  HIGH   TIME     LOW   TIME   DAYS  DAYS RAIN AVG  HI  TIME    DIR BAROM HUM
---------------------------------------------------------------------------------------
1     3.3  18.6    14:11  -9.3     7:53   56    0  0.00   1  14    12:55  NW 30.26   63
2     8.3  23.9    16:11  -9.3     7:53   73    0  0.00   1  14    12:55  NW 30.17   66
3    20.0  29.4    23:53   7.2     5:28   45    0  0.05   0   3    12:01 WSW 30.07   88
4    36.9  56.0    13:13  29.4     0:00   28    0  0.00   0  37    13:04 WSW 29.93   91
5    39.7  57.0    13:39  25.8    23:53   17    0  0.05   2  13    11:35 ENE 29.92   76
6    28.3  35.6    15:54  18.1     7:02   36    0  0.17   1  10     1:21 ENE 30.17   74
7    34.0  37.2    14:27  31.9     0:01   31    0  0.00   0   7    16:36   W 30.08   97
8    35.2  48.9    13:17  22.4    23:58   29    0  0.08   2  20    21:58  SW 29.78   77
9    16.9  22.7    12:55   4.3    23:59   48    0  0.00   2  20    13:20  NW 30.36   52
10   12.4  26.3    14:22  -0.2     6:09   52    0  0.00   1  12    13:00  SW 30.49   67
11   14.1  25.1    14:17   5.2    23:54   50    0  0.00   2  15    11:34 ENE 30.39   62
12    8.2  16.7    23:58  -3.3     6:21   55    0  0.32   0  12    10:18  SW 30.35   73
13
14
15   37.0  40.8    15:40  31.3    23:59   15    0  0.09   2  22    11:32  SW 29.59   90
16   26.5  32.8    14:20  13.3    23:53   38    0  0.00   1  12    18:14 ENE 29.79   76
17   15.7  27.0    14:50   1.3     7:10   48    0  0.00   1  11    13:17 ENE 30.09   69
18   15.8  23.6    14:50   2.6    21:49   48    0  0.05   1   8    15:19 ENE 29.99   77
19    9.1  21.4    14:03  -3.7    23:58   55    0  0.00   1  17    12:28 ENE 30.47   64
20    9.5  23.8    15:11 -10.0     6:13   55    0  0.00   0   8     7:56  SW 30.47   67
21   28.9  36.2    19:05  18.8     0:39   36    0  0.16   1  11    13:38 WSW 29.88   89
22   29.2  36.0    14:26  17.0    23:57   36    0  0.00   1  13     4:56 ENE 30.28   68
23   21.1  36.5    14:28   4.7     7:14   43    0  0.00   1  11    11:53 ENE 30.40   77
24   32.6  40.1    13:09  19.9     0:05   32    0  0.16   1  19    12:20  NW 29.62   87
25   26.5  33.8     0:00  16.2    23:50   36    0  0.01   3  21     7:56 WSW 29.45   77
26    9.3  16.2     0:00   3.2    23:25   40    0  0.00   2  17    20:52 ENE 30.24   50
27    4.1  11.2    15:41 -11.0     7:06   60    0  0.01   1  37     8:53   E 30.34   57
28   12.9  24.7    14:14   0.9    23:16   42    0  0.00   1  12    14:45  NE 30.22   57
---------------------------------------------------------------------------------------
TOT  21.0  57.0   2/5/19 -11.0  2/27/19 1105    0  1.29   1  37   2/4/19 ENE 30.09   74

HEAT BASE: 65.0
COOL BASE: 65.0