NOAA-Style Climate Reports: Lisbon, NH


Report for 2019 January
                  MONTHLY CLIMATOLOGICAL SUMMARY FOR 1/2019
                                        HEAT  COOL        
     MEAN                               DEG   DEG       WIND SPEED       DOM MEAN  MEAN
DAY  TEMP  HIGH   TIME     LOW   TIME   DAYS  DAYS RAIN AVG  HI  TIME    DIR BAROM HUM
---------------------------------------------------------------------------------------
1    28.8  33.8    13:07  19.2    23:56   17    0  0.29   2  21    13:11 ENE 29.97   73
2    18.2  25.7    13:40  12.8     8:03   44    0  0.00   1  15    13:02   E 30.25   65
3    26.3  33.1    14:43  18.8     0:00   39    0  0.10   0  10     0:24 ENE 29.89   91
4    30.4  43.1    13:52  23.9    23:51   35    0  0.00   1  14    11:53 WSW 29.78   90
5    25.3  35.3    15:10  18.6     7:07   40    0  0.00   0   5    11:03 WSW 29.64   96
6    26.2  35.5    10:57  13.6    23:58   36    0  0.06   2  28    11:44 ENE 29.88   85
7    10.2  16.4    15:12   0.5     6:20   55    0  0.00   1  11    10:42 ENE 30.42   65
8    26.6  31.5    23:50  14.4     0:00   38    0  0.14   1  13     5:51  NW 29.92   86
9    31.7  33.4     9:11  30.1    22:43   30    0  0.58   0   6    16:12  SW 29.34   98
10   27.0  33.4     9:11  12.4    23:58   55    0  0.00   1  13    20:07  SW 29.47   89
11    4.8  12.4     0:00  -8.2    21:56   60    0  0.00   1  11     1:10 ENE 30.14   71
12   -0.7  15.9    13:47 -12.5     7:33   65    0  0.00   0  10    14:28 ENE 30.50   75
13   -0.6  15.2    14:37 -11.7     7:30   65    0  0.00   1   8    10:46 ENE 30.52   78
14    4.2  21.9    14:44 -10.5     6:39   60    0  0.00   0   3    14:14 SSW 30.29   80
15   14.6  25.7    15:18   1.5     3:12   50    0  0.00   0   3     3:41 ENE 30.09   87
16   24.7  33.7    11:52   8.1    23:54   40    0  0.00   1  19    11:22 WSW 29.92   80
17    5.8  15.4    13:51  -6.5     7:41   59    0  0.00   0  11     0:14 ENE 30.35   66
18   19.1  27.0    15:16   8.4     0:00   46    0  0.00   0   9    22:48 ENE 30.08   84
19   12.0  21.9     0:00   6.5     7:46   53    0  0.11   1  18     8:57 ENE 30.26   78
20   10.7  17.0    13:16  -5.6    23:58   54    0  0.88   1  11    12:15 ENE 29.65   85
21   -3.8  -1.2    20:48  -6.3     0:14   67    0  0.00   1  13    13:52 ENE 29.91   69
22   -2.5  13.5    15:18 -20.5     7:27   67    0  0.00   1  11     1:28 ENE 30.52   70
23   15.1  28.1    23:54  -0.4     1:41   50    0  0.03   0  10    20:36 ENE 30.13   84
24   34.1  38.6    18:52  28.1     0:00   31    0  1.18   0  10    19:26 ENE 29.47  100
25   27.5  33.4    10:17  17.3    23:51   37    0  0.00   2  19    12:06 WSW 29.78   69
26   13.3  23.3    14:44   2.0    23:54   52    0  0.00   1  16    12:34 WSW 30.17   73
27   18.5  32.4    12:12   1.1     1:22   45    0  0.05   1  25    10:24 WSW 30.00   85
28   14.0  32.4    12:12  -2.4    23:47   88    0  0.00   1  25    10:24 ENE 30.06   78
29   10.5  22.4    13:52  -4.8     3:51   54    0  0.10   0   7    12:02  SW 30.00   83
30   18.2  23.5    14:39   4.1    23:57   46    0  0.08   1  19    13:15 WSW 29.75   80
31    3.2  10.4    14:56  -7.9     4:24   61    0  0.01   2  20    11:16 WSW 30.10   57
---------------------------------------------------------------------------------------
TOT  15.2  43.1   1/4/19 -20.5  1/22/19 1537    0  3.61   1  28   1/6/19 ENE 30.02   79

HEAT BASE: 65.0
COOL BASE: 65.0