NOAA-Style Climate Reports: Lisbon, NH


Report for 2018 December
                  MONTHLY CLIMATOLOGICAL SUMMARY FOR 12/2018
                                        HEAT  COOL        
     MEAN                               DEG   DEG       WIND SPEED       DOM MEAN  MEAN
DAY  TEMP  HIGH   TIME     LOW   TIME   DAYS  DAYS RAIN AVG  HI  TIME    DIR BAROM HUM
---------------------------------------------------------------------------------------
1    30.6  32.8    14:08  28.8    23:50   34    0  0.00   0   7    11:07 ENE 30.17   91
2    32.6  36.0    11:21  28.7     0:02   32    0  0.02   0   7    11:22 ENE 29.81   99
3    36.7  43.6    11:29  29.7    22:57   28    0  0.00   1  16    21:57 ENE 29.51   97
4    24.3  30.3     2:09  18.8    20:19   41    0  0.00   1  13    12:13 ENE 29.90   74
5    20.1  29.7    13:16  10.2     7:17   39    0  0.00   0   7    11:03  SW 30.06   84
6    26.5  31.8    12:48  18.6     6:34   38    0  0.00   0  10    11:07  SW 30.00   89
7    22.0  29.3     0:41   5.4    23:59   43    0  0.00   1  10     9:04 ENE 30.23   76
8     7.7  19.4    12:13  -2.2     6:44  171    0  0.00   0   6     1:22 ENE 30.44   73
9    14.0  27.3    14:44   1.5     5:32   51    0  0.00   0   0     0:00   N 30.27   85
10   18.3  25.4    10:22   4.7    23:53   47    0  0.00   0   0     0:00   N 30.14   81
11   15.2  26.3    13:56   2.6     2:27   32    0  0.00   0   0     0:00   N 30.03   80
12   14.2  23.6    14:10   1.1    23:55   50    0  0.00   0   0     0:00   N 30.12   82
13   10.4  23.5    23:54  -5.9     7:05   55    0  0.00   0   0     0:00   N 30.51   74
14   27.8  36.5    13:58  23.5     0:00   25    0  0.01   0   0     0:00   N 30.41   84
15   33.1  43.6    13:38  23.9    23:56   29    0  0.00   0   0     0:00   N 30.17   92
16   27.0  35.2    13:59  18.3     7:03   38    0  0.00   0   0     0:00   N 30.10   92
17   31.3  34.6    13:44  23.6    23:59   34    0  0.02   0   8    21:48 ESE 29.63   91
18   19.6  23.6     0:00  17.0     6:49   45    0  0.00   0  12     4:47 ESE 29.92   71
19   17.9  30.4    13:55   9.5     6:45   46    0  0.00   0   6    11:58  SW 30.07   75
20   23.9  39.1    14:12  10.9     7:15   41    0  0.00   0   3    15:36  SW 30.06   79
21   41.5  56.7    22:02  30.3     0:37   24    0  0.36   0  15    21:55   W 29.52   99
22   42.3  52.0     1:03  31.2    17:09   16    0  0.13   1  28    16:48 WSW 29.23   96
23   21.9  28.1    13:53  15.7    23:27   43    0  0.00   2  34    12:44 ENE 30.05   75
24   24.0  32.4    14:16  15.6     0:26   41    0  0.00   0  11     7:26  NW 30.00   86
25   14.3  25.3    13:36   5.2    23:48   51    0  0.00   0   6    10:36  NW 30.22   77
26   14.6  27.5    14:23   2.6     7:17   50    0  0.00   0   3    13:31 ENE 30.38   81
27   16.2  21.0     2:41   8.6     7:54   24    0  0.00   1  11     3:44   E 30.58   85
28   30.9  36.5    11:18  18.0     0:21   34    0  0.05   1  17     5:48 WSW 30.02   95
29   36.3  41.2    10:14  33.1     1:41   17    0  0.04   1  11    13:42  NW 29.74   97
30   30.9  41.2    10:14  23.0    18:50   37    0  0.00   0  11    13:42 WSW 29.95   84
31   29.9  39.6    12:52  21.6     7:28   35    0  0.03   0  20    22:01 WSW 30.18   85
---------------------------------------------------------------------------------------
TOT  24.1  56.7 12/21/18  -5.9 12/13/18 1289    0  0.66   0  34 12/23/18 ENE 30.05   84

HEAT BASE: 65.0
COOL BASE: 65.0