NOAA-Style Climate Reports: Lisbon, NH


Report for 2018 November
                  MONTHLY CLIMATOLOGICAL SUMMARY FOR 11/2018
                                        HEAT  COOL        
     MEAN                               DEG   DEG       WIND SPEED       DOM MEAN  MEAN
DAY  TEMP  HIGH   TIME     LOW   TIME   DAYS  DAYS RAIN AVG  HI  TIME    DIR BAROM HUM
---------------------------------------------------------------------------------------
1    45.6  50.5    14:46  41.1     0:00   19    0  0.06   0   2     4:43 ENE 29.86  100
2    51.7  57.5    16:20  46.2     2:55   13    0  0.37   0   6     9:40 ENE 29.67  100
3    49.2  58.7    12:53  39.2    23:55   16    0  0.58   1  22    14:04  SW 29.64   96
4    36.4  42.5    11:52  28.4    23:51   29    0  0.00   1  11    12:11 ENE 30.44   80
5    35.9  44.1    13:48  27.8     5:25   29    0  0.03   0  14    16:09  SW 30.42   94
6    45.7  51.0    23:37  40.3     0:00   17    0  0.34   0  11    14:10 WSW 29.87  100
7    50.2  58.1    10:39  42.9    22:44   14    0  0.01   2  14    14:52 WSW 29.76   73
8    41.4  47.6    12:38  33.2     6:22   24    0  0.00   0  12     1:55  SW 30.13   74
9    36.0  44.5    12:54  28.7     6:50   29    0  0.02   1  12    15:53 ENE 30.24   89
10   35.9  40.3     9:55  30.4    21:34   29    0  0.55   2  20    18:39  SW 29.77   87
11   28.2  34.9    13:09  19.1    23:56   37    0  0.00   1  16    15:14 WSW 30.20   68
12   27.6  44.5    13:44  15.4     6:32   37    0  0.00   0  10    14:11  SW 30.35   83
13   32.6  35.3    13:34  24.1    23:59   32    0  0.21   0  15    20:16  NW 30.01   96
14   16.2  24.1     0:00   7.2    23:43   48    0  0.01   1  16     8:12  NW 30.33   76
15   14.4  21.9    14:08   4.8     6:07   50    0  0.00   0  11    23:00 ENE 30.51   83
16   27.1  31.5    15:07  20.5     0:31   38    0  0.21   0  10     0:14 ENE 29.74   95
17   31.7  37.6    11:55  29.5     0:00   22    0  0.03   0   7    23:56   E 29.94   97
18   26.1  31.2     0:00  17.3     7:32   39    0  0.00   0   9     0:41  SW 30.30   77
19   30.8  39.1    13:48  25.8     0:00   34    0  0.00   0  10    13:52  SW 30.08   91
20   31.4  33.8    17:31  24.7    23:58   33    0  0.00   0   3     9:28  NE 29.89   97
21   21.6  32.1    13:54   8.1    23:54   43    0  0.00   1  13    19:57 WSW 29.91   87
22    6.4  11.7    12:59   0.5    23:56   59    0  0.00   1  14    11:31  NW 30.35   67
23    7.8  23.3    14:00  -6.1     7:24   57    0  0.00   0   6    12:50  SW 30.45   76
24   22.5  35.2    13:52   9.7     5:51   42    0  0.00   0   7    13:39  SW 30.08   79
25   34.0  37.8    12:49  29.8     0:00   21    0  0.05   0   3     2:02 ENE 29.86   98
26   35.6  40.6    13:13  32.8    23:46   29    0  0.00   0  11    13:18 ENE 29.83   98
27   33.2  35.0    11:41  32.2    23:08   32    0  0.00   0  16    10:33  NE 29.29  100
28   32.9  35.0    14:18  31.6     3:34   32    0  0.00   0   6    18:10  SW 29.29  100
29   32.9  35.0    14:18  31.3    23:46   49    0  0.00   0   8    11:53  SW 29.49   97
30   31.3  33.4    13:34  30.3    21:49   34    0  0.00   0   6    11:17 ENE 30.01   93
---------------------------------------------------------------------------------------
TOT  31.6  58.7  11/3/18  -6.1 11/23/18  989    0  2.47   0  22  11/3/18  SW 30.01   88

HEAT BASE: 65.0
COOL BASE: 65.0