NOAA-Style Climate Reports: Lisbon, NH


Report for 2018 October
                  MONTHLY CLIMATOLOGICAL SUMMARY FOR 10/2018
                                        HEAT  COOL        
     MEAN                               DEG   DEG       WIND SPEED       DOM MEAN  MEAN
DAY  TEMP  HIGH   TIME     LOW   TIME   DAYS  DAYS RAIN AVG  HI  TIME    DIR BAROM HUM
---------------------------------------------------------------------------------------
1    50.9  53.8    16:44  48.6     0:00   14    0  0.23   0   4    10:59 ENE 30.30   99
2    51.9  53.6    14:49  50.2     3:16   13    0  0.63   0   7    11:05 SSW 30.14  100
3    56.2  61.0    14:12  52.5     4:07    9    0  0.07   0   7    13:32 ENE 30.02   96
4    61.1  68.6    15:46  55.7     0:00    4    0  0.01   0   7    22:43  SW 29.92   94
5    48.9  58.7    14:11  37.9     7:15   16    0  0.00   1  10     0:59 ENE 30.18   76
6    50.4  61.6    14:35  40.1     6:37   14    0  0.00   0  12    15:29  SW 30.15   91
7    57.0  61.3    11:14  50.4    23:18    8    0  0.01   0   7     9:57 ENE 30.17   92
8    51.7  54.8    13:09  48.9     5:27   12    0  0.00   0  10    21:08 WSW 30.39   94
9    64.8  77.9    15:26  53.6     0:00    4    4  0.00   0   6     1:04  SW 30.16   92
10   63.3  78.3    11:01  57.6     6:45    2    1  0.00   0  10     9:55 WSW 30.02   96
11   58.7  59.6    17:17  58.0    13:30    3    0  0.40   0   7    14:26  SW 29.57  100
12   51.9  58.6     0:20  40.6    23:57   13    0  0.00   0  10    14:01 ENE 29.58   86
13   42.7  49.2    15:02  33.5    23:59   22    0  0.03   0   8    15:51 WSW 29.79   92
14   41.2  56.5    14:12  31.9     2:06   24    0  0.00   0   5    16:19 SSW 30.11   83
15   41.3  55.7    22:15  30.9     6:36   24    0  0.13   0   8    17:43  SW 29.94  100
16   43.3  53.5     0:00  30.7    23:53   22    0  0.00   0  11     3:17  SW 29.90   69
17   39.0  51.7    13:32  30.0     1:23   26    0  0.08   0  10    11:52  SW 29.81   90
18   33.5  40.3    15:19  25.8    22:56   31    0  0.01   0  10    10:39  NW 30.13   70
19   43.5  58.4    16:28  27.2     0:00   22    0  0.00   1  19    15:32  SW 29.99   73
20   51.6  62.4    13:25  37.8    23:22   13    0  0.00   1  20     7:53 WSW 29.52   62
21   35.7  37.9     6:36  32.9     4:53   29    0  0.00   1  13    14:00   E 29.82   73
22   36.6  43.5    14:10  31.2     7:15   28    0  0.00   0  11    10:09  SW 30.09   68
23   39.9  48.5    13:05  34.6     8:16   21    0  0.14   0  12    13:30  SW 30.01   91
24   38.5  42.6    12:44  32.2    23:59   27    0  0.09   0  14    14:01 ENE 29.98   94
25   33.0  36.2    11:52  30.7     1:17   32    0  0.02   1  11    16:42 ENE 30.02   83
26   33.1  42.2    14:13  27.0    20:42   32    0  0.00   1  12     8:54 ENE 30.08   61
27   33.8  41.2    23:33  28.7     0:00   31    0  0.21   0  16    17:20  NE 30.02   89
28   41.1  44.6    14:50  38.5     2:55   24    0  0.00   0   8     1:27  SW 29.68   98
29   43.1  46.4    16:46  39.9     5:11   22    0  0.00   0   5    22:53 WSW 29.69  100
30   37.7  41.1     0:00  34.0     7:35   27    0  0.28   0   7    11:06   E 29.94   87
31   35.5  41.1    23:58  28.8     7:22   30    0  0.06   0   6     9:40  SW 29.98   96
---------------------------------------------------------------------------------------
TOT  44.9  78.3 10/10/18  25.8 10/18/18  597    5  2.40   0  20 10/20/18 ENE 29.97   86

HEAT BASE: 65.0
COOL BASE: 65.0