NOAA-Style Climate Reports: Lisbon, NH


Report for 2018 September
                  MONTHLY CLIMATOLOGICAL SUMMARY FOR 9/2018
                                        HEAT  COOL        
     MEAN                               DEG   DEG       WIND SPEED       DOM MEAN  MEAN
DAY  TEMP  HIGH   TIME     LOW   TIME   DAYS  DAYS RAIN AVG  HI  TIME    DIR BAROM HUM
---------------------------------------------------------------------------------------
1    63.4  73.2    15:25  56.9    23:43    9    4  0.00   0  11    14:23 ENE 30.27   88
2    68.7  81.1    14:10  55.6     2:34    6    8  0.00   1  12    12:17 ENE 30.16   88
3    76.5  88.8    13:54  66.3     3:24    0   10  0.21   1  13    14:42  SW 30.09   86
4    72.7  82.6    13:13  59.9    23:59    0   17  0.00   0   8    13:59  SW 30.17   83
5    72.4  87.6    14:12  58.9     5:00    2   16  0.00   0  13    14:36  SW 30.13   84
6    72.0  83.8     9:23  59.5    23:56    0    7  0.15   0  11    14:18 ENE 30.05   89
7    61.1  73.0    14:18  53.1     5:57    6    9  0.00   0  12    14:32  SW 30.15   85
8    55.7  65.3    12:51  43.5    23:55   15    2  0.00   1  14    11:48 ENE 30.17   76
9    52.0  63.1    14:39  39.5     4:19   20    0  0.00   1   8    12:21 ENE 30.29   79
10   52.0  62.7    14:08  43.2     2:20   13    0  0.06   1  18    13:35  SW 30.32   91
11   61.9  69.4    16:32  55.1     2:50   17    1  0.37   0  11     0:34  SW 30.14   97
12   65.2  65.5     7:34  65.0     7:12    0    0  0.00   0   0     7:12 ENE 30.28  100
13   71.3  80.9    14:14  59.2    23:49    1    5  0.00   0   7    12:06 ENE 30.24   79
14   65.6  81.1    14:32  57.0     6:25    3    4  0.00   0   8    12:15  SW 30.22   87
15   66.3  83.0    14:20  55.0     7:17    3    5  0.00   0   7    10:11  SW 30.16   89
16   70.9  85.9    13:28  61.0     4:15    1    7  0.00   0   8    12:53 ENE 30.15   87
17   71.3  85.1    13:56  62.6    23:53    0    7  0.00   1  13    12:57 WSW 29.99   84
18   69.8  82.8    15:43  61.2     6:22    1    6  0.07   0   8    13:32 ENE 29.75   88
19   62.1  69.8    10:18  55.4    22:52    3    1  0.00   1  11    10:43 ENE 29.93   85
20   58.8  65.8    15:21  54.2     6:46    6    0  0.00   0   7    14:43  SW 30.19   90
21   60.5  67.1    22:36  54.5     0:00    5    0  0.08   1  22    13:25  SW 30.02   90
22   59.6  66.1     0:31  48.0    20:35    5    0  0.13   1  12     8:53   E 30.00   74
23   57.3  66.1     0:31  43.3    23:52    9    0  0.00   0  12     8:53   E 30.06   78
24   46.7  56.5    16:37  38.8     6:26   18    0  0.00   0   7    17:29  SW 30.52   91
25   50.0  59.3    19:11  39.6     5:01   15    0  0.27   0   8    16:14  SW 30.37   96
26   67.4  77.2    12:53  57.2     0:24    2    5  0.28   0  17    15:34 WSW 29.85   94
27   58.6  68.1    13:52  48.5     7:01    7    0  0.00   1  11    13:14 ENE 30.08   82
28   55.9  65.6    13:02  47.9    23:03    9    0  0.07   0   8    14:36  SW 30.05   93
29   54.1  65.2    14:51  46.8     1:38   11    0  0.00   0   8    11:03 ENE 30.12   84
30   49.7  59.8    15:40  42.9     7:43   15    0  0.00   0   3    16:14 SSW 30.27   89
---------------------------------------------------------------------------------------
TOT  62.3  88.8   9/3/18  38.8  9/24/18  203  113  1.69   0  22  9/21/18  SW 30.14   87

HEAT BASE: 65.0
COOL BASE: 65.0