NOAA-Style Climate Reports: Lisbon, NH


Report for 2018 August
                  MONTHLY CLIMATOLOGICAL SUMMARY FOR 8/2018
                                        HEAT  COOL        
     MEAN                               DEG   DEG       WIND SPEED       DOM MEAN  MEAN
DAY  TEMP  HIGH   TIME     LOW   TIME   DAYS  DAYS RAIN AVG  HI  TIME    DIR BAROM HUM
---------------------------------------------------------------------------------------
1    71.1  81.6    10:13  62.4     5:50    0    6  0.00   1  14    12:09  SW 30.01   87
2    75.1  86.7    13:43  68.1     4:50    0    8  0.00   0  12    13:49  SW 29.96   83
3    71.9  78.8    14:37  66.4     5:05    0    7  0.08   0   5     9:53  SW 30.08   95
4    71.7  78.1    14:49  67.4    22:24    0    7  0.91   0   8    11:56 ENE 30.03   95
5    74.1  87.2    14:33  66.4     2:19    0    9  0.22   0   8    14:15  SW 30.06   88
6    77.3  89.9    12:43  66.8     6:18    0   12  0.09   0  11    14:18  SW 29.96   84
7    73.3  85.9    14:47  69.4     4:45    0    5  0.06   0  13    15:33  SW 29.86   97
8    75.6  85.9    14:13  68.8     5:46    0   10  0.05   0   7    12:41  SW 29.82   88
9    74.1  83.6    14:29  63.9    23:53    0    9  0.05   0   6     7:47  SW 29.69   84
10   68.5  78.8    14:17  55.7    23:51    1    5  0.03   1  12     9:11 ENE 29.85   75
11   63.8  76.3    12:44  51.1     5:53    4    3  0.02   0   7    12:06  SW 30.00   85
12   68.2  76.0    13:40  61.8     5:40    1    4  0.03   0   7    14:42 ENE 30.08   94
13   72.4  79.8    14:12  66.0     3:22    0    7  0.02   0   6     8:48   E 30.02   90
14   74.0  83.8    14:17  66.6    23:55    0    9  0.02   0  10    17:33  SW 29.83   90
15   72.5  84.5    14:45  64.5     3:12    0    7  0.02   0   6    11:18  SW 29.81   89
16   70.8  80.5    13:22  57.0    23:56    1    7  0.02   0  10    16:51 ENE 29.96   82
17   66.3  78.8    13:02  53.8     3:42    4    5  0.01   0   7    13:57 ENE 29.98   92
18   69.2  73.7     5:45  62.0    23:57    0    4  0.02   0   8    13:10 ENE 29.80   95
19   67.0  80.7    13:41  58.1     6:40    2    5  0.01   0  10    14:03 ENE 30.01   85
20   66.7  79.4    14:36  56.0     6:11    3    5  0.01   0   8    11:49 ENE 30.13   82
21   66.7  76.8    11:54  55.9     6:22    3    4  0.01   1  12    15:55  SW 30.02   81
22   66.8  72.7    14:22  61.5    23:52    0    2  0.57   0  14     1:20  SW 29.67   95
23   62.6  74.2    12:20  51.4    23:56    5    2  0.00   0  11    11:21 ENE 29.87   78
24   63.6  80.5    14:03  47.6     6:14    6    5  0.00   0  11    14:26  SW 30.12   84
25   67.2  81.4    14:12  55.6     4:35    3    5  0.00   0  11    14:19  SW 30.19   85
26   69.0  80.3    12:47  57.5     6:12    2    6  0.00   0  12    12:04  SW 30.02   87
27   73.9  84.3    14:44  64.0     6:37    0    7  0.00   0   8     9:47 ENE 29.97   82
28   76.2  87.6    13:12  64.0     6:37    0   14  0.02   0  18    14:01 WSW 29.92   83
29   77.5  89.9    13:34  67.6     6:43    0   12  0.30   1  13    11:09  SW 29.85   85
30   68.4  74.6    11:53  55.6    23:59    1    4  0.15   1  13    13:58 ENE 30.02   89
31   62.2  74.2    14:23  51.9     3:35    6    6  0.00   1  12    15:57 ENE 30.28   83
---------------------------------------------------------------------------------------
TOT  70.1  89.9   8/6/18  47.6  8/24/18   42  202  2.72   0  18  8/28/18  SW 29.97   87

HEAT BASE: 65.0
COOL BASE: 65.0