NOAA-Style Climate Reports: Lisbon, NH


Report for 2018 July
                  MONTHLY CLIMATOLOGICAL SUMMARY FOR 7/2018
                                        HEAT  COOL        
     MEAN                               DEG   DEG       WIND SPEED       DOM MEAN  MEAN
DAY  TEMP  HIGH   TIME     LOW   TIME   DAYS  DAYS RAIN AVG  HI  TIME    DIR BAROM HUM
---------------------------------------------------------------------------------------
1    78.1  89.4    16:53  66.4     4:43    0    9  0.16   0  12    21:40  SW 29.93   83
2    79.2  87.9    16:42  68.1     4:57    0   14  0.00   1  17    11:57 WSW 29.98   81
3    79.8  90.7    14:33  65.1    23:52    0   23  0.00   1  17    11:57 WSW 30.03   76
4    75.2  90.7    14:09  60.3     4:16    1   11  0.00   0  11    16:06  SW 30.24   74
5    80.0  92.7    14:19  63.5     5:30    0   15  0.00   1  14    15:31  SW 30.11   74
6    72.4  81.6    12:07  52.2    23:58    1    8  0.19   1  13     5:26 ENE 29.93   76
7    61.7  76.5    14:52  45.4     4:36    7    4  0.00   0  13    11:27 ENE 30.25   72
8    66.8  83.0    13:37  49.1     5:16    5    7  0.00   1  10    16:06  SW 30.26   72
9    71.2  87.4    14:12  53.5     5:25    3    9  0.00   0  12    15:37  SW 30.05   70
10   72.2  87.2    14:19  56.6     5:42    2    9  0.00   0  12    17:19  SW 29.85   73
11   69.1  79.9    12:50  55.0    23:56    1    5  0.01   1  14    15:34 ENE 29.97   65
12   64.5  79.4    13:51  47.9     5:29    5    4  0.00   0   7    13:22  SW 30.14   74
13   69.8  84.7    14:33  52.8     5:16    3    8  0.00   1  17    20:36  SW 30.16   70
14   64.9  70.9    13:03  57.3     4:11    2    2  0.06   0   7     0:00  SW 30.05   90
15   73.7  87.4    15:05  62.6    23:57    0    9  0.00   0   7    11:19 ENE 29.92   78
16   72.8  89.7    14:52  56.5     5:54    2   10  0.00   0   6    12:27 ENE 29.91   71
17   71.0  76.8    14:53  65.3     3:34    0    6  0.10   0  11    15:03  SW 29.74   94
18   66.3  75.8    14:11  51.1    23:56    2    3  0.00   1  12    12:38 ENE 29.88   67
19   62.5  79.4    13:59  44.5     5:30    7    4  0.00   0  11    14:37  SW 30.04   70
20   69.9  87.0    14:30  49.1     5:44    4    9  0.00   1  14    17:31  SW 30.10   65
21   70.5  84.9    13:23  54.1     5:36    2    8  0.00   1  14    16:44 ENE 30.07   67
22   66.1  76.0    17:35  53.8     4:50    3    4  0.04   1  16    15:43 ENE 30.06   87
23   74.2  79.6    11:10  68.6     2:53    0    9  0.74   0   9    14:23 ENE 30.14   98
24   76.6  85.3    13:40  69.1     2:55    0   11  0.06   1  21    14:38  SW 30.15   84
25   77.0  83.0    12:09  72.3     3:17    0   12  0.26   1  20    11:20  SW 29.95   81
26   73.4  76.8    13:24  69.3    23:51    0    8  0.25   0   7    11:47  SW 29.78   98
27   72.4  83.6    12:13  67.3     6:40    0    6  0.04   0   8    13:54  SW 29.90   93
28   75.0  85.7    14:29  65.6    23:58    0   10  0.01   1  11    15:09  SW 29.91   78
29   68.5  77.7    14:43  57.0    23:55    1    4  0.00   0   6    11:14 ENE 29.99   82
30   67.1  81.1    14:43  52.9     6:14    4    6  0.00   0  10    15:01  SW 30.08   80
31   70.3  84.1    14:21  59.2     2:52    2    7  0.00   0  10    13:55 ENE 30.07   81
---------------------------------------------------------------------------------------
TOT  71.2  92.7   7/5/18  44.5  7/19/18   56  254  1.92   1  21  7/24/18  SW 30.02   78

HEAT BASE: 65.0
COOL BASE: 65.0