NOAA-Style Climate Reports: Lisbon, NH


Report for 2018 June
                  MONTHLY CLIMATOLOGICAL SUMMARY FOR 6/2018
                                        HEAT  COOL        
     MEAN                               DEG   DEG       WIND SPEED       DOM MEAN  MEAN
DAY  TEMP  HIGH   TIME     LOW   TIME   DAYS  DAYS RAIN AVG  HI  TIME    DIR BAROM HUM
---------------------------------------------------------------------------------------
1    71.6  80.8    16:47  65.3    23:09    0    7  0.01   1  11    12:16  SW 29.72   85
2    65.0  72.9    13:33  52.2    23:59    2    2  0.01   1  16    14:33 ENE 29.80   82
3    58.7  72.4    14:33  42.6     5:20    8    2  0.00   2  18    22:13  SW 29.97   64
4    48.9  52.8     0:00  45.4     7:25   16    0  0.21   1  22     1:30  SW 29.77   85
5    51.8  59.6    10:05  46.6     4:40   12    0  0.01   0  11     9:51 WSW 29.62   89
6    54.3  63.0    13:37  47.5     2:58   11    0  0.01   1   8    10:18  SW 29.82   86
7    56.1  68.3    17:12  44.2     4:36    9    0  0.00   1  17    15:18  SW 30.01   82
8    58.1  70.7    14:45  44.8    23:54    4    1  0.00   0   8    16:20 ENE 30.06   65
9    57.3  72.9    12:52  38.9     5:18    9    2  0.00   1  16    15:11  SW 30.07   63
10   55.3  71.0    13:51  36.5     5:17   11    1  0.00   1  11    10:12 ENE 30.04   60
11   55.5  71.7    14:34  37.2     5:15   11    1  0.00   1  11    14:10 ENE 30.05   60
12   60.5  79.4    13:47  37.3     5:11    9    5  0.00   1  19    14:04  SW 29.99   65
13   66.4  81.2    13:27  49.1     5:15    4    5  0.03   1  20    16:29 WSW 29.74   75
14   60.8  65.8    11:10  55.5    23:55    4    0  0.00   0  12     1:08  SW 29.62   87
15   59.2  71.2    17:04  49.7    23:59    7    1  0.01   1  14    15:42 ENE 29.87   72
16   61.1  78.1    14:28  43.2     5:10    8    4  0.00   0  11    13:21  SW 29.94   67
17   66.5  85.4    14:36  45.1     5:27    6    7  0.00   0  10    13:30  SW 30.00   62
18   70.1  83.7    13:27  60.0     0:25    1    6  1.02   1  16    13:27 WSW 29.74   86
19   64.3  71.5    14:19  50.8    23:55    2    2  0.04   1  15     9:47 ENE 29.76   77
20   61.3  75.7    13:29  45.7     6:15    7    3  0.00   0   8    11:54  SW 29.80   74
21   60.9  73.1    13:53  46.2    23:59    6    2  0.00   1  17    14:19 ENE 29.79   67
22   59.6  75.7    13:59  38.5     5:21    9    3  0.00   1  13    12:20  SW 29.99   66
23   56.5  66.8    13:48  51.3     4:15    9    0  0.23   0  18    15:31  SW 29.90   89
24   59.7  67.6    17:07  53.4     5:04    6    0  0.00   0   7    14:41 ENE 29.78   93
25   62.3  70.1    13:14  54.2     6:30    3    1  0.05   1  18    12:47 ENE 29.93   68
26
27   64.7  75.0    12:43  54.2     6:30    4    3  0.37   1  18    12:47 ENE 29.93   71
28   65.6  71.9    17:07  58.2     0:32    2    3  0.96   0   6     0:09 ESE 29.76   99
29   72.1  81.8    14:48  63.0    23:45    0    3  0.00   0  10    14:49 ENE 29.86   85
30   74.4  87.0    15:52  62.5     0:23    1    9  0.00   1  15    13:51  SW 29.92   80
---------------------------------------------------------------------------------------
TOT  61.2  87.0  6/30/18  36.5  6/10/18  180   75  2.96   1  22   6/4/18  SW 29.87   76

HEAT BASE: 65.0
COOL BASE: 65.0