NOAA-Style Climate Reports: Lisbon, NH


Report for 2018 May
                  MONTHLY CLIMATOLOGICAL SUMMARY FOR 5/2018
                                        HEAT  COOL        
     MEAN                               DEG   DEG       WIND SPEED       DOM MEAN  MEAN
DAY  TEMP  HIGH   TIME     LOW   TIME   DAYS  DAYS RAIN AVG  HI  TIME    DIR BAROM HUM
---------------------------------------------------------------------------------------
1    44.6  61.4    17:58  30.9     0:00   30    0  0.01   1  11    14:14 ENE 29.90   87
2    62.0  85.4    14:34  38.3     6:12    9    6  0.00   1  24    14:05 WSW 29.85   65
3    61.1  73.6    17:27  49.7     5:56    5    1  0.12   0  12    15:03 WSW 29.83   87
4    60.5  75.2    17:33  -2.0    20:19    6    2  1.15   1  16    20:14  SW 28.87   81
5    56.8  69.3    17:26  44.2     6:25    9    1  0.00   2  21     1:22 WSW 29.87   57
6    54.2  65.6    13:19  42.3     4:45   11    0  0.00   1  14    15:26 WSW 29.94   80
7    56.2  65.1    14:15  40.1    23:59    7    0  0.00   2  14    10:34 ENE 30.05   47
8    53.6  73.4    17:54  31.1     5:50   14    2  0.00   1  16    12:06  SW 30.17   58
9    60.5  80.2    15:13  36.8     5:41    9    4  0.00   2  24    21:15 WSW 30.07   53
10   60.1  71.3    11:17  41.1     5:32    7    2  0.00   2  25    13:37 WSW 29.78   59
11   49.3  63.2     0:00  34.9    23:56   16    0  0.00   2  20    12:30 ENE 29.95   48
12   46.1  61.4    14:33  28.1     5:48   19    0  0.00   1  13    13:07  SW 30.11   60
13   48.1  68.9    16:28  30.9     5:25   13    0  0.00   1  18    17:42 ENE 30.06   67
14   59.2  77.4    17:03  37.9     5:38    9    3  0.00   1  14    14:58  SW 29.85   62
15   54.7  63.6    10:18  46.6     4:39   10    0  0.47   0   7    15:29  SW 29.79   96
16   54.8  67.1    16:19  39.2     6:08   10    0  0.01   2  20    13:19 WSW 30.04   72
17   59.6  72.6    14:54  46.5     5:32    7    2  0.00   1  13    14:25 ENE 29.98   73
18   53.1  65.6    15:43  36.2     5:39   10    0  0.00   1  13    11:07 ENE 30.30   49
19   51.3  65.6    15:43  35.5     5:37   23    0  0.21   1  18    15:58 ENE 30.26   60
20   53.5  67.9    15:12  35.5     5:37   29    0  0.09   1  18    15:58 ENE 30.14   69
21   57.7  74.1    16:27  38.8     5:55   10    3  0.00   1  12    13:52  SW 30.07   65
22   53.7  68.4    12:21  44.0     3:36   11    0  0.17   0  20    13:35  SW 30.04   88
23   60.8  77.0    14:13  48.5    23:59    7    2  0.05   1  14    14:26  SW 29.86   77
24   54.7  68.9    16:56  41.9     6:25   11    1  0.00   1  11    10:33 ENE 30.02   66
25   63.6  83.5    12:31  40.3     5:22    7    6  0.00   0  17    12:58  SW 29.77   67
26   63.6  69.1    10:37  59.0     5:45    2    1  0.14   0   4     9:18   E 29.76   97
27   57.5  61.4    12:15  50.8    23:57    5    0  0.00   2  24     8:36 WSW 30.07   76
28   57.2  66.8    18:08  49.1     6:18    8    0  0.00   1  18    16:21 WSW 29.99   71
29   62.5  79.4    14:08  49.4    23:57    5    3  0.00   1  13    14:10 ENE 29.95   76
30   61.7  77.4    12:19  41.1     5:18    8    4  0.00   1  17    14:52 WSW 30.09   64
31   69.3  84.3    14:20  49.7     5:19    4    8  0.00   1  14    13:06  SW 29.93   64
---------------------------------------------------------------------------------------
TOT  46.9  85.4   5/2/18  -2.0   5/4/18  328   51  2.42   1  27   4/4/18  SW 29.94   72

HEAT BASE: 65.0
COOL BASE: 65.0