NOAA-Style Climate Reports: Lisbon, NH


Report for 2018 April
                  MONTHLY CLIMATOLOGICAL SUMMARY FOR 4/2018
                                        HEAT  COOL        
     MEAN                               DEG   DEG       WIND SPEED       DOM MEAN  MEAN
DAY  TEMP  HIGH   TIME     LOW   TIME   DAYS  DAYS RAIN AVG  HI  TIME    DIR BAROM HUM
---------------------------------------------------------------------------------------
1    38.6  46.6    11:57  23.6    23:56   26    0  0.00   3  20     0:24  NW 29.86   50
2    30.1  42.2    14:51  21.3     2:30   35    0  0.00   1  14    10:58  SW 30.06   60
3    34.1  47.6    12:53  23.8     1:17   31    0  0.03   1  19    16:11 WSW 30.05   70
4    36.4  43.2    12:05  26.8    23:55   28    0  0.26   1  27    21:21  NW 29.47   94
5    24.9  31.5    15:07  17.5    23:58   38    0  0.00   3  22    13:49  NW 29.86   39
6    24.5  34.8    12:53  10.6     6:09   40    0  0.07   2  21    10:13 WSW 29.87   77
7    32.8  39.8    13:03  24.9    23:54   32    0  0.00   2  22    15:26 WSW 29.73   66
8    28.3  35.0    13:07  19.8     6:44   36    0  0.00   1  13    10:00 ENE 29.85   56
9    26.5  34.2    16:04  19.8     6:49   35    0  0.00   1  17    10:26  NW 30.08   50
10   28.4  39.8    15:27  19.6     5:42   36    0  0.00   1  12    11:46  SW 30.15   75
11   33.0  45.4    14:44  22.2     5:44   32    0  0.00   1  19    14:00  SW 30.08   70
12   38.7  50.3    15:41  26.8     6:37   26    0  0.23   2  19    17:49  SW 29.92   72
13   44.4  52.7    14:07  39.2     6:26   20    0  0.32   1   9    10:34  NW 29.83   86
14   31.8  41.8     0:00  23.1    23:04   33    0  0.33   2  18    15:54 ENE 30.16   85
15   26.1  29.5    14:50  23.0     2:25   38    0  0.19   1  10     1:08 ENE 30.45   92
16   33.5  41.2    17:49  27.5     0:00   31    0  0.43   1  18    17:57 ENE 29.94   96
17   35.0  39.6    14:46  30.8    23:55   30    0  0.25   0   7    15:07  SW 29.46   98
18   36.2  44.1    18:02  29.2     5:54   29    0  0.00   1  12    13:04  SW 29.59   78
19   35.8  40.5    10:58  31.4    23:39   29    0  0.04   1  12    17:07   E 29.70   82
20   34.1  37.8    11:59  30.4     6:01   31    0  0.00   1  12    11:33  NW 30.04   79
21   38.8  51.9    14:01  27.3     3:31   26    0  0.00   1  20    15:10 ENE 30.24   63
22   36.7  53.6    15:57  22.1     6:02   25    0  0.00   1  20    10:33 ENE 30.33   62
23   42.8  63.0    17:51  22.2     6:17   22    0  0.00   1  11    13:06  SW 30.39   52
24   49.0  70.7    14:35  26.1     5:42   17    1  0.00   2  16    13:32  SW 30.22   52
25   49.4  54.3    16:10  43.5     2:47   15    0  0.18   0  10    12:46   W 29.93   87
26   49.4  53.3    13:30  44.8    22:53   14    0  0.35   1  11    14:33  SW 29.58   97
27   48.6  56.1    12:58  40.6     6:37   16    0  0.14   0  11     9:44  SW 29.79   90
28   51.8  63.3    17:37  44.8     2:02   13    0  0.20   1  17    15:18 WSW 29.74   84
29   44.2  49.7    12:08  30.9    23:47   20    0  0.72   0   7     3:54  SW 29.80  100
30   39.1  51.5    17:38  30.9     0:00   21    0  0.30   1  11    14:14 ENE 29.86   91
---------------------------------------------------------------------------------------
TOT  36.7  70.7  4/24/18  10.6   4/6/18  826    1  4.04   1  27   4/4/18  SW 29.94   75

HEAT BASE: 65.0
COOL BASE: 65.0