NOAA-Style Climate Reports: Lisbon, NH


Report for 2018 March
                  MONTHLY CLIMATOLOGICAL SUMMARY FOR 3/2018
                                        HEAT  COOL        
     MEAN                               DEG   DEG       WIND SPEED       DOM MEAN  MEAN
DAY  TEMP  HIGH   TIME     LOW   TIME   DAYS  DAYS RAIN AVG  HI  TIME    DIR BAROM HUM
---------------------------------------------------------------------------------------
1    33.9  42.5     9:20  28.3    21:23   25    0  0.00   1   8     9:06 ENE 29.84   82
2    33.3  37.6    15:41  29.6     0:04   31    0  0.04   2  14     7:58  NE 29.73   87
3    34.4  39.8    14:52  28.7     4:49   31    0  0.00   2  17    14:42 ENE 30.05   74
4    33.6  36.0    15:03  30.7    23:57   31    0  0.00   2  12    18:30 ENE 30.07   73
5    32.2  38.5    14:28  24.0    23:50   33    0  0.00   2  20    12:52  NE 30.06   74
6    28.6  41.8    14:20  17.2     6:21   31    0  0.00   1   7     9:30 ENE 30.01   75
7    30.0  35.2    12:34  24.7     1:07   35    0  0.03   2  12     9:27 ENE 29.90   76
8    28.1  30.8    13:35  25.6    23:52   37    0  0.17   1  12    14:10 ENE 29.59   95
9    26.8  32.4    16:43  22.2    23:06   37    0  0.01   0  12    11:52 WSW 29.57   91
10   27.8  32.1    13:32  22.8     0:00   37    0  0.01   0   8    19:28  NW 29.71   89
11   29.9  33.9    16:43  27.4     1:47   33    0  0.00   1  12    14:23  NW 29.95   81
12   30.2  39.1    14:43  16.4     7:43   35    0  0.00   1  11    14:11 ENE 30.02   73
13   28.2  30.1     0:12  26.4    12:39   37    0  0.22   2  15     6:29 ENE 29.67   88
14   29.3  32.3    13:11  27.3     7:17   35    0  0.34   1   9    12:16  SW 29.30   98
15   29.5  33.5    17:03  27.4     3:40   36    0  0.02   1  13    12:44  SW 29.32   84
16   22.6  28.0     0:06  18.8    20:11   42    0  0.00   1  14    14:22  NW 29.58   70
17   14.1  24.6    10:02  -0.5    23:55   50    0  0.00   2  21    15:21  NW 29.72   53
18    6.0  20.5    15:13 -10.6     6:50   58    0  0.00   1  14    10:52   E 29.92   57
19    9.6  24.1    16:06  -9.0     7:21   55    0  0.00   1  14    11:40 ENE 29.95   61
20   17.0  35.8    15:32  -3.4     7:16   48    0  0.00   1  12    17:33 ENE 29.98   64
21   24.1  39.6    17:11   7.5     6:50   41    0  0.00   1  12    16:36 ENE 29.86   69
22   32.0  43.5    13:43  23.8     3:26   33    0  0.00   1  17    14:17 ENE 29.80   68
23   30.9  41.6    15:17  18.6     7:06   34    0  0.00   1  14    15:19 ENE 29.94   67
24   31.9  39.6    14:16  25.5     7:10   26    0  0.00   2  21    13:28 ENE 30.04   65
25   33.0  40.3    16:55  23.0    23:57   44    0  0.00   2  21    13:28 ENE 30.24   58
26   29.6  45.6    17:30  14.5     6:57   35    0  0.00   0  10    14:55  NE 30.68   61
27   33.4  48.5    14:03  16.0     6:50   32    0  0.00   1  13    20:17  SW 30.43   55
28   39.1  51.8    15:08  28.4    23:56   25    0  0.00   1  13     3:10 ENE 29.99   65
29   37.2  51.6    14:15  25.2     3:43   27    0  0.16   1  12    12:31  SW 29.97   87
30   45.3  48.4    14:12  36.2    20:53    6    0  0.00   3  18    16:00 WSW 30.03   34
31   44.4  48.4    14:12  34.5    22:16    8    0  0.00   3  20    23:51 WSW 30.00   36
---------------------------------------------------------------------------------------
TOT  28.3  51.8  3/28/18 -10.6  3/18/18 1067    0  1.27   1  21  3/17/18 ENE 29.89   73

HEAT BASE: 65.0
COOL BASE: 65.0