NOAA-Style Climate Reports: Lisbon, NH


Report for 2018 February
                  MONTHLY CLIMATOLOGICAL SUMMARY FOR 2/2018
                                        HEAT  COOL        
     MEAN                               DEG   DEG       WIND SPEED       DOM MEAN  MEAN
DAY  TEMP  HIGH   TIME     LOW   TIME   DAYS  DAYS RAIN AVG  HI  TIME    DIR BAROM HUM
---------------------------------------------------------------------------------------
1    27.6  33.0    15:01  25.5     6:06   36    0  0.01   1  16     2:38  NW 29.82   81
2    11.9  28.7     2:10  -4.4    23:59   52    0  0.09   1  20    12:56 ENE 29.95   72
3     3.2  18.2    14:15 -11.8     6:58   61    0  0.00   1  19    11:19  SW 30.26   71
4    25.9  33.8    14:07   5.6     0:00   37    0  0.28   3  27    12:02   W 29.99   79
5    20.3  31.8     8:16  -0.7    23:50   43    0  0.05   0   0     0:00   N 29.86   84
6    12.0  26.5    14:39  -1.5     1:14   51    0  0.01   1  14    14:12 WSW 30.33   80
7    11.7  19.1    16:55   1.0     5:18   53    0  0.60   0   6    14:05  SW 30.26   91
8    10.5  19.6    14:10  -5.5    23:03   54    0  0.00   1  11     0:23 ENE 30.24   78
9     8.0  22.5    14:34 -13.5     7:08   55    0  0.01   1  12    13:12  SW 30.43   77
10   25.3  32.4    14:30  17.2     0:48   39    0  0.10   0   3    13:45 ESE 30.17   96
11   27.7  34.6    23:41  17.2     0:48   53    0  0.02   0  18    23:05 SSW 30.07   97
12   29.9  35.0     1:47  22.4    19:26   28    0  0.00   2  18    12:36 ENE 30.19   68
13   23.5  35.0     1:47   1.0     7:26   63    0  0.00   2  25    12:00 ENE 30.44   64
14   24.2  39.1    14:18  12.3     0:42   41    0  0.00   1  20    14:33 WSW 30.15   79
15   25.5  39.1    15:09  13.1     6:24   39    0  0.00   0  11    10:24  SW 29.75   94
16   30.5  36.3    11:15  20.2    23:58   34    0  0.02   1  17    22:42 ENE 29.67   90
17   21.6  30.9    15:40   4.7     7:13   42    0  0.00   1  22    21:49  SW 30.23   57
18   25.5  34.2    13:35  12.4    23:58   39    0  0.14   0  14     8:39   E 30.19   86
19   27.3  44.4    15:04   4.5     6:38   38    0  0.03   2  21    12:01   W 30.34   77
20   34.9  39.9    13:58  32.1     3:33   30    0  0.11   0   5    17:18   E 30.17  100
21   42.1  60.6    12:30  31.7     6:26   23    0  0.00   1  14    12:39 ENE 30.17   86
22   27.7  33.8     0:00  19.3    23:54   21    0  0.00   0  10     0:00 ENE 30.63   65
23   25.9  33.8    12:18  14.5     6:27   39    0  0.07   1  17    19:43  SW 30.44   81
24   32.1  39.2    12:09  23.6    23:57   32    0  0.00   1  11    10:48 ENE 30.12   89
25   28.8  35.2    15:33  23.1     1:34   36    0  0.08   2  26    12:27  SW 30.09   89
26   34.6  45.6    14:37  27.4    23:01   29    0  0.00   1  13    10:04  SW 30.02   75
27   29.9  45.6    14:27  21.0     6:55   29    0  0.00   1  12    10:00  SW 30.18   76
28   37.9  55.0    14:40  24.1     1:02   27    0  0.00   1  17    15:25  SW 29.88   69
---------------------------------------------------------------------------------------
TOT  24.2  60.6  2/21/18 -13.5   2/9/18 1123    0  1.62   1  27   2/4/18  SW 30.14   81

HEAT BASE: 65.0
COOL BASE: 65.0