NOAA-Style Climate Reports: Lisbon, NH


Report for 2018 January
                  MONTHLY CLIMATOLOGICAL SUMMARY FOR 1/2018
                                        HEAT  COOL        
     MEAN                               DEG   DEG       WIND SPEED       DOM MEAN  MEAN
DAY  TEMP  HIGH   TIME     LOW   TIME   DAYS  DAYS RAIN AVG  HI  TIME    DIR BAROM HUM
---------------------------------------------------------------------------------------
1   -16.2   0.6    14:00 -29.3     7:42   81    0  0.00   0   0     0:00   N 30.33   69
2   -11.9   3.0    13:56 -29.3     7:20   77    0  0.00   0   4    15:47  SW 30.26   73
3     2.8  21.6    13:54  -8.5     7:23   62    0  0.00   0  12    12:46  SW 30.18   82
4     8.6  16.4    15:50  -4.0     1:40   56    0  0.44   0  14    22:54 ENE 29.62   89
5     0.2  14.7     0:00  -7.2    23:33   64    0  0.01   1  29     6:21 ENE 29.51   74
6    -8.4  -5.5    13:07 -14.2    23:56   73    0  0.00   1  16    18:49  SW 30.04   65
7    -9.6   5.7    23:31 -28.3     7:00   74    0  0.00   0   6    11:23 ENE 30.41   67
8    15.4  23.6    23:18   5.6     0:00   48    0  0.01   0   6    15:52 ENE 29.99   85
9    26.5  33.8    11:57  23.4     1:05   38    0  0.06   0  13    12:06  NW 30.01   84
10   18.1  30.2    14:11   1.5     7:38   46    0  0.00   0   7    10:36  SW 30.37   82
11   32.3  38.5    12:48  24.7     0:00   33    0  0.03   1  13     7:18  SW 30.19   92
12   43.2  52.8    14:00  31.1     0:00   22    0  1.00   1  13    23:08  NW 29.77   99
13   18.1  38.2     0:00   6.1    23:05   47    0  0.62   2  22    13:27 ENE 29.89   87
14    3.1   9.9    13:43  -4.0    23:59   62    0  0.00   1  12    11:04 ENE 30.65   72
15    3.2  16.0    14:58  -6.1     1:52   61    0  0.00   0   6     9:57  SW 30.72   77
16   14.7  23.8    15:28   4.5     0:00   50    0  0.02   0   5    10:28  SW 30.45   87
17   23.4  27.4    14:12  15.3    23:59   42    0  0.04   0   0     0:00   N 30.22   94
18   15.4  24.6    12:51   5.2     7:07   49    0  0.00   0   5    15:22  SW 29.95   89
19   21.5  25.6    14:13  16.4     0:00   43    0  0.00   0   6    13:01  SW 29.89   91
20   30.8  42.8    12:35  21.6     7:59   33    0  0.00   1  12    11:59  SW 29.70   82
21   33.1  40.2    13:40  29.3    23:32   31    0  0.00   0   7     4:00   E 30.07   83
22   30.1  32.6    10:55  27.8    22:05   34    0  0.08   1  17    17:59  SW 30.19   93
23   32.5  36.5    15:31  28.7     0:00   30    0  0.41   0   7    20:01 SSW 29.71   99
24   22.1  34.3     3:28  12.1    23:50   43    0  0.01   2  14     6:42 ENE 29.83   77
25   10.4  17.4    14:25   4.7     7:32   55    0  0.00   2  13     5:42 ENE 30.32   59
26    9.2  23.8    14:38  -3.0     6:31   51    0  0.00   0   7     1:13 ENE 30.62   69
27   18.4  36.9    23:59  -3.0     6:31   69    0  0.00   0   7     1:13 ENE 30.43   72
28   36.4  45.3    14:01  25.5    23:47   29    0  0.00   1  12     0:27 WSW 30.15   77
29   28.9  34.9    11:16  24.3     6:42   36    0  0.00   0  14    22:39 ENE 30.23   78
30   19.4  25.3     0:00  10.8    23:50   44    0  0.00   2  14    14:55 ENE 30.01   56
31   16.7  25.8    23:34   8.4     7:07   47    0  0.00   1  12    19:21  SW 30.06   55
---------------------------------------------------------------------------------------
TOT  15.9  52.8  1/12/18 -29.3   1/1/18 1529    0  2.73   1  29   1/5/18 ENE 30.11   79

HEAT BASE: 65.0
COOL BASE: 65.0