NOAA-Style Climate Reports: Lisbon, NH


Report for 2017 December
                  MONTHLY CLIMATOLOGICAL SUMMARY FOR 12/2017
                                        HEAT  COOL        
     MEAN                               DEG   DEG       WIND SPEED       DOM MEAN  MEAN
DAY  TEMP  HIGH   TIME     LOW   TIME   DAYS  DAYS RAIN AVG  HI  TIME    DIR BAROM HUM
---------------------------------------------------------------------------------------
1    34.6  38.5    13:03  30.2    23:55   30    0  0.05   0   8    18:42 ENE 30.11   89
2    29.8  36.3    12:37  25.2     7:22   35    0  0.00   0   7    13:06 ENE 30.26   85
3    28.0  36.2    12:02  21.6     6:18   36    0  0.00   0   6    12:48  SW 30.24   89
4    28.8  42.1    14:40  19.3     7:18   36    0  0.00   0  17    23:39  SW 30.40   86
5    37.5  41.1    20:18  33.0     1:04   26    0  0.42   2  25    11:31  SW 30.09   86
6    35.2  42.2     2:42  25.9    21:46   30    0  0.05   1  17    10:57 WSW 29.78   76
7    30.0  33.3    14:35  26.4     2:30   35    0  0.01   1  13    21:45 WSW 29.82   83
8    27.5  34.9    12:58  21.3    22:48   32    0  0.00   1  13    10:45  SW 29.92   74
9    25.7  31.7    13:55  21.3     0:01   32    0  0.07   0   4    11:22   E 29.89   83
10   25.7  30.9    11:49  20.2    21:26   39    0  0.01   0  14    13:31  SW 29.72   91
11   21.4  28.3     9:54  14.7    19:33   44    0  0.01   0   9    10:17 ENE 29.93   87
12   23.5  29.6    13:18  15.8     0:00   42    0  0.30   1  11     7:11 ENE 29.60   94
13   13.6  25.3     0:00   7.2    23:10   37    0  0.00   1  13    10:04  SW 29.33   79
14    6.4  18.5    13:23  -7.4    23:54   58    0  0.00   1  11    10:51  SW 29.70   74
15    3.2  22.1    13:19 -13.5     7:26   61    0  0.00   0   5    13:00 SSW 29.98   77
16   14.5  26.2    14:16   3.2     8:49   34    0  0.00   0  12    15:03  SW 29.96   81
17    4.1  16.6    14:25  -7.0     7:53   60    0  0.00   0  11    12:35 ENE 30.28   79
18    9.9  18.6    23:49   0.2     0:00   54    0  0.15   0   6     3:55 ENE 30.06   88
19   27.7  35.9    16:57  18.6     0:00   37    0  0.10   0  12    16:44  SW 29.66   97
20   26.7  31.8     0:00  17.2    23:17   38    0  0.02   1  12    15:57  SW 29.75   86
21   12.1  18.6    14:06   4.9     8:13   35    0  0.00   0  10     3:26 ENE 30.15   70
22   11.5  18.6    14:06   4.9     8:13   71    0  0.33   0  10     3:26   E 30.24   80
23   24.9  31.1    20:36  13.9     0:02   34    0  0.32   0   7    23:24  NE 29.90   97
24   23.3  27.1    10:44  15.7    23:32   41    0  0.00   0  11     1:28  NE 30.15   90
25   18.5  23.6    15:24  14.4    23:24   41    0  0.22   0   1    16:42  NE 29.78   93
26    9.5  16.9    10:16  -2.2    23:56   55    0  0.00   0   8    11:31  NE 30.18   85
27   -5.8   7.3    13:53 -17.3     7:47   71    0  0.00   0   6    13:04  NE 30.43   77
28  -14.1  -2.4    13:08 -24.5     6:48   69    0  0.00   0   0     0:00   N 30.46   71
29  -11.3  -1.5    15:47 -22.2     4:59   77    0  0.02   0   0     0:00   N 30.29   76
30  -10.7   3.2    14:59 -21.6     5:23   74    0  0.00   0   2     7:24 ENE 30.08   76
31   -9.1   0.6    13:13 -20.7    23:57   51    0  0.00   0   1    15:44 ENE 30.23   70
---------------------------------------------------------------------------------------
TOT  16.5  42.2  12/6/17 -24.5 12/28/17 1414    0  2.08   0  25  12/5/17  SW 30.01   84

HEAT BASE: 65.0
COOL BASE: 65.0