NOAA-Style Climate Reports: Lisbon, NH


Report for 2017 November
                  MONTHLY CLIMATOLOGICAL SUMMARY FOR 11/2017
                                        HEAT  COOL        
     MEAN                               DEG   DEG       WIND SPEED       DOM MEAN  MEAN
DAY  TEMP  HIGH   TIME     LOW   TIME   DAYS  DAYS RAIN AVG  HI  TIME    DIR BAROM HUM
---------------------------------------------------------------------------------------
1    38.9  47.1    13:01  30.2     7:17   26    0  0.06   0   7    11:53  SW 30.29   85
2    51.0  59.3    23:57  40.2     0:37   14    0  0.30   1  13    10:42  NW 30.17   97
3    54.9  61.9    14:06  39.9    23:27   10    0  0.10   2  15    14:08  NW 29.96   87
4    37.5  43.5    15:05  31.2     7:58   27    0  0.00   1  10     1:09 ENE 30.34   83
5    45.2  51.6    18:43  33.3     2:18   19    0  0.21   1  22    11:11   W 30.20   81
6    54.8  59.3    12:19  48.1    17:26    8    0  0.17   1  11     1:32  NW 29.80   99
7    44.2  59.3    12:19  27.1    23:47   30    0  0.00   1  11     1:32  NW 30.02   86
8    28.4  41.1    13:17  21.3     6:34   36    0  0.00   0   3     9:46  NE 30.28   83
9    31.7  42.8    13:42  17.2     6:15   32    0  0.00   0  10    16:25 SSW 30.10   79
10   24.4  42.8     2:26  17.5    16:58   41    0  0.09   2  18     8:30  NW 30.09   65
11   19.8  29.3    13:10  12.0     7:20   45    0  0.00   2  17     8:48 ENE 30.51   66
12   26.1  38.5    13:19  18.3     7:28   38    0  0.00   0   8    13:01  SW 30.46   67
13   26.4  30.7    11:14  18.0     3:23   39    0  0.03   0   5    14:54 ENE 30.39   90
14   31.3  34.2    14:44  29.5     6:44   33    0  0.00   0   3    10:24 WSW 30.33   93
15   31.4  40.8    14:26  26.5    22:02   56    0  0.00   0   8    13:01  SW 30.27   91
16
17   24.0  28.1     7:21  16.0    23:59   28    0  0.03   1  14    12:49 ENE 30.00   81
18   23.7  31.1    23:35  13.9     5:11   41    0  0.05   0   6     6:17  SW 29.78   83
19   33.0  47.5    11:13  29.0    19:39   31    0  0.22   1  15    14:22  NW 29.29   90
20   25.4  29.2     0:00  22.2    20:54   40    0  0.00   1  16    11:16  SW 29.83   74
21   32.2  51.1    15:37  17.7     7:04   31    0  0.00   1  16    13:32  SW 29.93   73
22   31.4  51.1    15:37  17.7     7:04   56    0  0.14   0  16    13:32  SW 29.93   83
23   24.6  28.4    13:06  18.5     7:14   40    0  0.00   1  13     3:37   E 30.01   70
24   30.2  40.8    13:16  24.4    23:58   34    0  0.00   1  14    14:30  SW 29.89   83
25   32.4  50.9    12:54  22.4     5:12   26    0  0.00   0  11    12:49  NW 29.65   86
26   29.7  50.9    12:54  22.4     5:12   48    0  0.00   0  11    12:49  NW 29.73   82
27   23.1  29.2     9:21  12.6    23:54   40    0  0.02   0  12    15:15 ENE 29.98   79
28   24.1  37.2    13:55   7.9     4:41   40    0  0.00   1  14    19:49  NW 30.27   66
29   34.0  47.9    11:36  25.0    23:58   31    0  0.03   1  13    16:49  SW 30.05   80
30   29.5  41.1    12:08  16.3     7:04   31    0  0.05   2  21    13:18 WSW 30.17   79
---------------------------------------------------------------------------------------
TOT  32.1  61.9  11/3/17   7.9 11/28/17  971    0  1.58   1  22  11/5/17 ENE 30.07   81

HEAT BASE: 65.0
COOL BASE: 65.0