NOAA-Style Climate Reports: Lisbon, NH


Report for 2017 October
                  MONTHLY CLIMATOLOGICAL SUMMARY FOR 10/2017
                                        HEAT  COOL        
     MEAN                               DEG   DEG       WIND SPEED       DOM MEAN  MEAN
DAY  TEMP  HIGH   TIME     LOW   TIME   DAYS  DAYS RAIN AVG  HI  TIME    DIR BAROM HUM
---------------------------------------------------------------------------------------
1    43.9  61.9    14:23  32.0     6:41   21    0  0.00   0  10    13:21 ENE 30.32   82
2    46.8  66.8    14:24  30.2     6:55   18    0  0.00   0   9    14:30   E 30.40   81
3    50.7  68.9    14:21  35.9     7:25   15    0  0.00   1  19    13:20  SW 30.51   84
4    58.6  76.6    14:35  38.6     5:55   10    3  0.09   1  18    18:13  SW 30.17   78
5    57.2  70.5    14:31  45.1    23:48    7    0  0.15   0   8    14:47  SW 29.97   88
6    49.8  58.1    16:32  40.9     4:20   15    0  0.10   0   7    15:06 WSW 30.06   99
7    58.1  67.1    22:42  50.8     4:57    7    0  0.00   0  16    22:18 WSW 30.04   94
8    65.4  78.1    14:50  55.2    23:42    3    3  0.12   0  19    12:44 WSW 29.81   91
9    60.5  69.6    21:52  52.5     3:27    5    1  0.38   0   5    11:23 ENE 29.88  100
10   63.5  72.4    14:19  53.9    22:32    3    1  0.00   0  10    13:05 ENE 29.97   86
11   51.5  59.2    12:25  42.3    23:55   13    0  0.00   0  10    14:04 ENE 30.21   81
12   43.4  57.9    14:27  32.9     7:17   21    0  0.00   0   8    12:40  SW 30.42   84
13   46.1  62.0    14:38  32.4     5:38   19    0  0.00   1  14    13:36  SW 30.41   80
14   60.3  70.1    13:39  53.6     7:46    5    1  0.00   1  11     1:07  SW 30.18   79
15   64.0  75.2    16:15  52.2     6:52    4    3  0.00   2  24    12:24 WSW 29.78   82
16   46.1  63.5     0:00  36.9    23:57   19    0  0.00   1  17     4:40 ENE 29.95   76
17   38.7  52.7    15:06  27.0     7:20   25    0  0.00   1  13    15:50  SW 30.19   79
18   46.7  66.8    14:25  32.1     7:19   18    0  0.00   0   8    11:14  SW 30.18   78
19   50.8  70.8    14:06  31.4     7:24   15    1  0.00   1  22    15:41 WSW 30.03   71
20   51.0  63.8    15:05  38.2     7:44   13    0  0.00   0  14    16:30  NW 30.02   67
21   48.8  72.6    14:42  31.7     7:09   16    1  0.00   0   6    11:41  SW 30.24   78
22   51.7  73.3    14:47  37.1     7:41   14    1  0.00   0  11    17:11  SW 30.34   81
23   53.2  73.3    14:47  36.2     5:55   22    1  0.00   1  20    14:55  SW 30.27   81
24   66.1  71.9    14:00  55.6     0:15    1    2  0.50   2  27    15:50  SW 29.83   83
25   61.4  65.6    12:42  56.9    23:59    4    0  0.88   0   8     0:09 WSW 29.65   99
26   48.0  56.9     0:00  42.2    21:46   17    0  0.94   1  11     0:06 ENE 29.66  100
27   45.0  54.9    13:56  35.5    23:57   20    0  0.01   1  13    13:01  SW 29.92   86
28   42.3  62.2    13:29  31.1     7:14   19    0  0.00   0  17    13:28  SW 29.98   90
29   51.9  58.5    22:12  47.4     6:41   13    0  0.45   0  12    21:36  SW 29.76   97
30   52.8  62.5     6:15  43.5    23:58   12    0  1.38   3  27     2:18 WSW 29.22   85
31   44.4  50.5    11:53  34.5    23:58   21    0  0.00   3  19    15:24 WSW 29.86   65
---------------------------------------------------------------------------------------
TOT  52.3  78.1  10/8/17  27.0 10/17/17  415   20  5.00   1  27 10/24/17 WSW 30.04   84

HEAT BASE: 65.0
COOL BASE: 65.0