NOAA-Style Climate Reports: Lisbon, NH


Report for 2017 September
                  MONTHLY CLIMATOLOGICAL SUMMARY FOR 9/2017
                                        HEAT  COOL        
     MEAN                               DEG   DEG       WIND SPEED       DOM MEAN  MEAN
DAY  TEMP  HIGH   TIME     LOW   TIME   DAYS  DAYS RAIN AVG  HI  TIME    DIR BAROM HUM
---------------------------------------------------------------------------------------
1    50.3  57.8    13:37  41.6     4:36   15    0  0.00   1  12    14:39  NW 30.03   72
2    51.9  66.9    14:32  35.8     6:47   13    0  0.00   1  11    13:40 ENE 30.16   78
3    51.6  56.7    10:23  45.7     2:42   13    0  1.17   0  10     9:33  SW 29.93   98
4    62.2  72.6    16:20  53.4     0:00    5    2  0.03   1  19    15:26 WSW 29.73   86
5    62.9  70.0    17:17  58.5     3:35    3    1  0.01   0   8     7:09  SW 29.68   97
6    59.9  62.8    14:51  57.8     6:26    5    0  1.95   0   3     7:44  NE 29.87  100
7    59.2  67.3    14:24  50.5    23:57    6    0  0.07   0   9    12:27  SW 29.77   93
8    55.0  65.3    12:17  48.5     2:08   10    0  0.12   0  10    10:51  SW 29.99   93
9    55.3  63.8    15:06  50.5     6:13   10    0  0.00   0   9    11:13   E 30.21   91
10   54.8  66.6    13:38  44.2    23:34   10    0  0.00   1  11    15:02 ENE 30.33   86
11   54.9  72.6    14:18  40.6     5:40   11    1  0.00   1  11    14:12 ENE 30.24   84
12   57.5  75.0    14:49  44.4     7:05    8    2  0.00   0   5    11:11 ENE 29.99   83
13   61.0  77.6    14:20  44.4     7:05   11    5  0.00   0   7    10:33  SW 29.91   82
14   66.5  75.9    15:07  53.7     7:01    2    3  0.08   0  10    13:07  SW 29.83   91
15   68.5  80.4    13:54  61.5     6:21    1    5  0.00   0   7    18:27 ENE 29.99   89
16   66.6  79.1    13:46  59.2     6:17    2    4  0.01   0   6    11:02  SW 30.11   90
17   66.0  81.2    14:21  58.7     5:09    3    4  0.00   0   6    12:21   E 30.11   90
18   66.7  81.2    14:16  58.7     7:12    2    4  0.00   1  10    12:20  SW 30.10   88
19   64.6  76.6    13:35  56.6     2:56    3    3  0.00   1  10    13:25   E 30.07   87
20   66.4  78.3    13:30  54.7     4:18    3    4  0.00   1  12    12:06 ENE 29.96   86
21   59.4  74.8    13:25  49.0    23:58    5    1  0.00   1  12    12:54 ENE 30.05   90
22   57.4  76.6    14:42  42.2     6:31   10    2  0.00   0   9    13:28 ENE 30.09   77
23   60.6  81.4    14:38  42.2     6:40    8    4  0.00   0   7    13:17 ENE 30.04   80
24   68.1  86.2    15:08  53.4     6:42    3    6  0.00   0   5    11:19  SW 30.03   85
25   71.4  90.1    13:59  61.1     3:35    1    8  0.00   0   6    14:45 ENE 30.03   84
26   69.8  88.7    14:44  58.7     5:26    2    6  0.00   0  10    11:44  SW 29.96   86
27   70.7  86.0    13:46  59.8     4:30    2    7  0.00   0  11    12:53  SW 29.80   85
28   60.5  70.1     2:01  46.8    23:46    5    1  0.00   0  13    15:24 ENE 29.79   68
29   48.7  59.6    13:14  36.9     7:08   15    0  0.00   1  14    13:35 ENE 29.99   76
30   46.4  54.0    15:58  37.2    23:57   18    0  0.01   0   2     0:33 ENE 30.22   87
---------------------------------------------------------------------------------------
TOT  60.6  90.1  9/25/17  35.8   9/2/17  205   72  3.45   0  19   9/4/17 ENE 30.00   86

HEAT BASE: 65.0
COOL BASE: 65.0