NOAA-Style Climate Reports: Lisbon, NH


Report for 2017 August
                  MONTHLY CLIMATOLOGICAL SUMMARY FOR 8/2017
                                        HEAT  COOL        
     MEAN                               DEG   DEG       WIND SPEED       DOM MEAN  MEAN
DAY  TEMP  HIGH   TIME     LOW   TIME   DAYS  DAYS RAIN AVG  HI  TIME    DIR BAROM HUM
---------------------------------------------------------------------------------------
1    68.0  82.3    14:39  57.5    23:59    2    5  0.00   0   7    12:00  SW 30.00   80
2    68.7  85.4    14:11  52.7     5:02    3    7  0.00   0  10    16:18  SW 30.01   79
3    69.0  85.6    14:41  57.6     6:00    2    5  0.01   0   8    13:20  SW 30.04   82
4    70.0  81.8    15:54  59.6     6:17    2    7  0.00   1  18    15:28  SW 29.96   85
5    67.5  74.8    13:40  61.5    23:58    0    3  0.55   1  18    12:47  SW 29.80   90
6    60.8  68.8    14:45  52.1    23:39    5    1  0.00   0  12    10:46  SW 29.92   81
7    60.8  74.8    13:03  49.3     4:45    6    2  0.44   1  10    16:39 ENE 29.99   88
8    63.3  71.5    16:53  52.1    23:59    3    2  0.00   0   8    10:15 ENE 29.91   86
9    64.8  78.5    14:32  50.9     3:28    4    4  0.00   0  10    11:55  SW 30.09   81
10   66.6  81.4    14:11  57.2     4:15    3    4  0.04   0  10    16:18  SW 30.16   87
11   67.0  79.8    13:47  59.2     2:41    2    4  0.06   0  12    14:16  SW 30.07   87
12   67.5  75.0    17:35  61.2     3:34    1    4  0.00   1  14    13:10 WSW 29.85   87
13   66.4  75.9    13:44  53.6    23:56    2    3  0.00   0  10    15:46  SW 29.85   81
14   63.6  77.6    15:01  49.9     4:46    5    4  0.00   0  12    17:00  SW 29.98   79
15   65.4  78.9    13:49  50.8     6:11    4    5  0.10   1  13    13:28  SW 29.84   85
16   62.7  72.4    14:12  49.0    23:59    3    1  0.00   0  13    12:35 ENE 29.93   78
17   59.1  75.2    14:48  44.8     6:45    8    2  0.00   1  10    14:02  SW 30.00   82
18   60.3  65.6    16:55  54.7     1:25    5    0  0.45   0   5    11:11  SW 29.85   99
19   68.4  78.7    15:46  61.7     5:54    1    4  0.09   0   8    16:54  SW 29.75   91
20   67.9  75.0    14:19  56.4    23:54    1    3  0.00   1  10    11:00 ENE 29.97   75
21   65.5  80.4    14:03  54.5     3:27    4    5  0.00   0  11    12:54  SW 30.06   87
22   69.6  83.3    14:10  57.5     4:39    2    7  0.62   1  24    13:24 WSW 29.80   87
23   67.1  73.8    13:02  54.9    23:56    1    3  0.00   0  11     9:43  SW 29.68   81
24   59.8  70.8    11:32  50.6    23:57    6    1  0.00   0  10    10:50   E 29.88   83
25   53.7  66.4    12:40  45.7    23:59    8    0  0.00   0  11    13:04 ENE 30.06   89
26   54.2  69.1    14:24  43.5     5:03   11    1  0.00   0   8    16:29 ENE 30.22   84
27   51.8  71.7    13:05  45.0     5:54   10    0  0.00   0   9    11:53   E 30.30   90
28   57.2  73.8    13:12  43.4     4:23   10    2  0.00   0   7    14:23 ENE 30.31   79
29   54.2  64.6    13:53  43.7     6:27   11    0  0.00   0   7     9:28  SW 30.24   88
30   56.1  69.6    13:58  46.9    23:56   10    1  0.00   0   7    11:21 ENE 29.95   81
31   53.1  65.1    15:14  43.4     5:54   12    0  0.00   1  14    13:20 ENE 29.86   84
---------------------------------------------------------------------------------------
TOT  63.0  85.6   8/3/17  43.4  8/28/17  148   90  2.36   0  24  8/22/17  SW 29.97   84

HEAT BASE: 65.0
COOL BASE: 65.0