NOAA-Style Climate Reports: Lisbon, NH


Report for 2017 July
                  MONTHLY CLIMATOLOGICAL SUMMARY FOR 7/2017
                                        HEAT  COOL        
     MEAN                               DEG   DEG       WIND SPEED       DOM MEAN  MEAN
DAY  TEMP  HIGH   TIME     LOW   TIME   DAYS  DAYS RAIN AVG  HI  TIME    DIR BAROM HUM
---------------------------------------------------------------------------------------
1    69.2  75.7    10:45  65.8     4:21    0    4  1.01   0   9    15:35  SW 29.83   98
2    70.6  80.2    14:28  57.9    23:58    0    6  0.00   0  14    13:43  SW 29.82   83
3    66.1  75.4    15:09  55.5     2:45    3    4  0.00   0  11     9:33  SW 29.87   75
4    63.4  76.1    14:10  50.3     5:32    5    3  0.00   1  11    10:10 ENE 30.03   76
5    64.6  80.2    13:14  49.0     5:28    6    5  0.00   0  13    16:50  SW 30.15   71
6    65.8  77.9    11:32  52.5     5:16    4    5  0.00   1  16    12:50 WSW 30.01   78
7    68.1  79.6    13:52  56.9     4:36    2    5  0.00   1  13    12:45  SW 29.76   84
8    66.8  77.2    14:32  59.2    23:56    1    3  0.01   1  12    15:24  SW 29.65   89
9    66.8  77.9    13:10  58.1     6:06    2    4  0.01   1  14    16:06  SW 29.84   76
10   66.9  77.4    12:55  56.9     5:24    2    4  0.00   1  14    13:13  SW 29.92   81
11   72.4  78.9    12:05  61.4     0:48    0    6  0.00   1  17    12:55  SW 29.86   78
12   72.1  84.1    13:15  61.2     4:04    1    8  0.00   1  12    15:40 ENE 29.92   77
13   60.3  66.6     0:00  58.1    21:34    5    0  0.81   0   6     2:12  SW 30.00   98
14   60.3  63.8    14:05  57.6     2:03    5    0  0.00   0   7    15:04  SW 30.04   94
15   66.3  77.0    13:44  59.3    23:54    2    3  0.11   0  12    14:24  SW 29.86   90
16   68.4  82.0    14:22  59.0     1:05    2    6  0.00   0  10    14:06  SW 29.89   83
17   67.8  85.0    13:48  55.6     5:36    2    4  0.54   0  11    12:49  SW 30.00   81
18   70.7  82.9    14:02  62.2    23:58    0    6  0.00   0   7    12:30  SW 30.02   85
19   69.4  84.3    14:04  60.3     5:49    1    5  0.00   0   8    14:23 WSW 29.95   83
20   71.1  85.2    13:27  59.5     6:01    1    7  0.00   0   7     9:51  SW 29.86   81
21   69.1  82.3    13:30  55.2     5:40    3    7  0.00   0  13    14:39  SW 29.79   78
22   69.7  81.2    13:30  58.1     5:03    1    6  0.00   0   8    10:13  SW 29.79   77
23   64.7  77.2    14:25  52.5     5:57    4    3  0.00   0  10    11:02 ENE 29.82   78
24   56.7  59.8     0:02  52.8    23:18    8    0  0.44   0   5     8:55 ENE 29.93   99
25   58.2  68.8    15:23  52.1     2:08    6    0  0.01   0   7    10:04 ENE 30.09   91
26   63.0  76.1    14:28  53.3     1:25    5    3  0.01   1  13    13:49  SW 30.15   83
27   65.2  70.1    12:54  60.4    23:41    1    1  0.09   0  11    12:32  SW 29.84   95
28   65.4  74.7    14:08  51.8    23:57    2    3  0.01   0  11    11:43 ENE 29.84   78
29   56.1  71.0    18:08  46.3     5:44    7    1  0.00   1   8    10:18 NNW 29.91   86
30   61.3  75.4    12:54  44.4     6:02    7    3  0.00   1  17    11:42 ENE 29.98   74
31   64.9  83.5    14:41  49.0     6:18    5    5  0.05   0  11    15:17  SW 30.00   86
---------------------------------------------------------------------------------------
TOT  65.9  85.2  7/20/17  44.4  7/30/17   95  122  3.10   0  17  7/11/17  SW 29.92   83

HEAT BASE: 65.0
COOL BASE: 65.0