NOAA-Style Climate Reports: Lisbon, NH


Report for 2017 June
                  MONTHLY CLIMATOLOGICAL SUMMARY FOR 6/2017
                                        HEAT  COOL        
     MEAN                               DEG   DEG       WIND SPEED       DOM MEAN  MEAN
DAY  TEMP  HIGH   TIME     LOW   TIME   DAYS  DAYS RAIN AVG  HI  TIME    DIR BAROM HUM
---------------------------------------------------------------------------------------
1    57.9  68.6    15:03  47.4    23:57    8    1  0.00   1  14    12:07  SW 29.82   76
2    50.6  60.6    10:24  41.5     5:28   14    0  0.06   1  11     9:09  SW 29.87   80
3    50.2  54.2    17:43  46.0     1:11   15    0  0.04   0   7    11:55 ENE 29.88   92
4    56.3  69.8    13:54  45.3     5:19    9    1  0.00   0  14    17:02 ENE 29.89   82
5    54.4  59.0    15:54  50.5     4:40   10    0  0.03   1  20    19:04  SW 29.82   91
6    49.0  52.1     0:00  47.4    23:44   16    0  0.98   0   7    12:02  NE 29.87  100
7    58.1  73.6    17:28  45.6     3:57    9    2  0.00   1   8    11:18 ENE 29.94   79
8    62.5  81.0    13:37  45.1     5:32    7    4  0.00   0  11    16:59  SW 29.92   73
9    59.4  69.3    15:32  51.1     5:20    5    1  0.01   1  12    14:19  SW 29.66   84
10   62.8  78.1    14:30  46.8     5:38    6    4  0.00   0  14    12:38  SW 29.86   79
11   68.2  87.9    17:26  54.5     5:17    3    5  0.00   1  17    10:18 WSW 29.85   79
12   75.7  91.2    14:35  59.5     4:54    1   12  0.00   0  13    13:15  SW 29.84   70
13   70.3  85.4    13:54  56.6    23:58    1    6  0.00   0   8    12:03 ENE 29.82   76
14   59.6  70.5    14:23  46.9    23:57    6    1  0.00   1  16    13:25 ENE 29.99   62
15   60.3  74.5    13:58  39.3     5:11    8    3  0.00   1  16    22:25  SW 30.01   63
16   57.3  63.5     0:00  52.5     5:49    8    0  0.61   0  12     0:00  SW 29.97   94
17   66.9  78.7    16:10  56.3     3:49    3    5  0.01   1  12    16:38  SW 29.88   84
18   75.3  83.1    14:47  65.9     5:57    0   10  0.00   2  19    16:06 WSW 29.74   79
19
20   67.3  76.1    12:27  56.6    23:58    1    2  0.45   1  13    12:12  SW 29.74   84
21   63.3  73.6    11:06  53.4     5:32    4    2  0.00   1  16     9:22  SW 29.81   78
22   63.9  76.8    13:20  49.0     4:21    5    4  0.00   0  11    10:16  SW 29.88   75
23   67.2  80.2    15:23  56.7     0:00    3    5  0.43   0  16    13:38  SW 29.65   93
24   69.7  78.5    14:18  55.8    23:58    1    5  0.42   0  11    13:15 ENE 29.55   83
25   61.4  74.8    14:07  51.3     3:47    5    2  0.06   0  10    10:49  SW 29.85   82
26   59.5  68.1    15:19  51.9     4:58    6    1  0.05   0  11     8:25  SW 29.91   82
27   58.4  69.5    12:48  50.2     5:11    7    1  0.07   0  16    14:22  SW 29.91   85
28   58.4  69.5    13:33  50.2     5:41    7    0  0.05   1  14    14:54  SW 29.97   85
29   57.8  65.6    12:50  51.3     5:41    7    0  0.69   0   7     9:05  SW 30.02   97
30   68.5  79.2    13:52  58.1     0:00    2    5  0.71   1  14    12:44  SW 29.86   94
---------------------------------------------------------------------------------------
TOT  62.0  91.2  6/12/17  39.3  6/15/17  177   82  4.87   1  21  6/19/17  SW 29.85   82

HEAT BASE: 65.0
COOL BASE: 65.0