NOAA-Style Climate Reports: Lisbon, NH


Report for 2017 May
                  MONTHLY CLIMATOLOGICAL SUMMARY FOR 5/2017
                                        HEAT  COOL        
     MEAN                               DEG   DEG       WIND SPEED       DOM MEAN  MEAN
DAY  TEMP  HIGH   TIME     LOW   TIME   DAYS  DAYS RAIN AVG  HI  TIME    DIR BAROM HUM
---------------------------------------------------------------------------------------
1    47.9  54.3    16:00  42.5     0:48   14    0  0.54   1  14    22:51 WSW 29.87   86
2    48.5  55.6    15:25  43.1    23:59   17    0  0.45   1  11    17:32  SW 29.54  100
3    44.0  51.3    11:27  32.4    23:59   21    0  0.02   2  17    16:17  SW 29.79   83
4    47.3  63.5    14:52  27.8     5:35   18    0  0.01   1  13    20:44 ENE 30.16   58
5    47.2  52.2    12:25  44.4    17:40   18    0  0.32   1  24    10:38  SW 29.90   72
6    58.7  65.8    17:16  45.3     0:00    5    0  0.05   5  27    14:54 SSW 29.42   80
7    52.7  60.1    15:45  39.8    23:57    8    0  0.48   3  20    11:10   W 29.52   79
8    38.6  44.1    16:42  30.8    23:40   26    0  0.05   1  10    15:15 ENE 29.75   86
9    38.7  47.6    16:51  30.5     5:46   26    0  0.01   1   8    12:58 ENE 29.96   85
10   43.0  50.6    12:25  32.9     5:52   22    0  0.00   1  19     9:20 ENE 30.01   78
11   47.1  59.6    17:02  35.9     5:22   18    0  0.00   2  16    14:41 ENE 30.00   75
12   52.0  67.1    17:09  36.0     2:44   13    0  0.00   1  11    12:45 ENE 29.99   71
13   51.7  63.0    14:34  38.3     4:36   13    0  0.00   1  17    13:26  SW 29.91   72
14   43.0  49.1     0:00  39.2     7:05   22    0  0.79   1  10    11:02 ENE 29.69   96
15   46.3  56.4    18:27  41.6    23:00   19    0  0.31   1  17     9:23 ENE 29.59   92
16   55.5  71.0    14:42  38.9     5:13   11    1  0.00   1  14    11:35 ENE 29.86   72
17   65.5  87.3    15:00  43.5     5:32    7    8  0.00   1  14    14:04  SW 29.82   66
18   68.7  88.7    14:47  51.8     5:20    4    7  0.50   1  17    15:29 WSW 29.72   74
19   59.1  71.5     8:47  42.5    23:54    7    1  0.00   1  13     8:30 ENE 29.84   84
20   50.6  63.5    14:17  38.2     5:49   14    0  0.00   1  14    14:25 ENE 30.27   61
21   52.6  69.1    16:25  31.2     5:23   13    1  0.00   0   8    12:55  SW 30.29   61
22   49.1  54.6     0:00  46.3     7:15   16    0  0.43   1  12     9:43 WSW 30.05   93
23   56.3  68.6    17:38  47.8     0:00    9    1  0.00   1  10    11:54  SW 29.85   79
24   58.5  72.9    14:28  45.4     5:15    8    2  0.00   1  10    14:22  SW 29.77   76
25   53.7  65.3    12:30  46.5     5:26   11    0  0.05   1  14    11:10 WSW 29.78   90
26   50.0  51.8    20:17  48.2    23:56    7    0  0.77   0   7     6:06 ENE 29.60   99
27   56.2  67.6    17:15  46.0     5:12    9    0  0.00   0   8     8:32 ENE 29.83   80
28   60.9  75.6    13:32  45.7     6:33    7    3  0.00   1  13    19:21 ENE 29.88   72
29   52.7  59.6     9:03  46.8    23:48   12    0  0.07   1  19    10:29 WSW 29.96   92
30   52.5  58.9    11:42  46.8     0:00   12    0  0.20   1  16    11:03 WSW 30.07   92
31   57.9  69.6    14:40  52.1    23:46    8    1  0.19   1  18    15:44 WSW 29.93   92
---------------------------------------------------------------------------------------
TOT  51.7  88.7  5/18/17  27.8   5/4/17  414   23  5.25   1  27   5/6/17  SW 29.87   80

HEAT BASE: 65.0
COOL BASE: 65.0